{"id":727452,"date":"2025-08-27T20:22:27","date_gmt":"2025-08-27T17:22:27","guid":{"rendered":"https:\/\/roveyayinevi.com.tr\/index.php\/urun\/sanatta-post-nesne-ve-post-insan\/"},"modified":"2026-01-29T03:04:10","modified_gmt":"2026-01-29T00:04:10","slug":"sanatta-post-nesne-ve-post-insan","status":"publish","type":"product","link":"https:\/\/roveyayinevi.com.tr\/index.php\/urun\/sanatta-post-nesne-ve-post-insan\/","title":{"rendered":"Sanatta Post-Nesne Ve Post-\u0130nsan"},"content":{"rendered":"<p>Art\u0131k bir \u201cpost\u201dlar \u00e7a\u011f\u0131nda ya\u015f\u0131yoruz. Bu s\u00fcre\u00e7, ge\u00e7mi\u015fteki t\u00fcm kavram ve olgular\u0131n bo\u015fa \u00e7\u0131kt\u0131\u011f\u0131 ve yeniden anlamland\u0131r\u0131ld\u0131\u011f\u0131, yeni ili\u015fkiler ve varolu\u015f tarzlar\u0131n\u0131n bir arada g\u00f6r\u00fcn\u00fcrle\u015fti\u011fi, antagonist durumlar\u0131 \u00f6ne \u00e7\u0131kar\u0131yor. Sanatta, siyasette, ekonomide, cinsellikte, kent ve toplumsal yap\u0131larda, kimlik ve bedene ili\u015fkin yerle\u015fik tan\u0131m ve kodlamalar\u0131n yerinden edildi\u011fi s\u00fcrekli bir sonra hali bu\u2026 Kavramsal Sanat ile d\u00fc\u015f\u00fcnsel\/dilsel\/tan\u0131msal bir \u00f6nerme olarak nesnesizle\u015fme e\u011filimine giren i\u015flerden, g\u00fcn\u00fcm\u00fczde a\u011flar \u00fczerinde dola\u015f\u0131ma giren varl\u0131ks\u0131lara, ger\u00e7ek ve sanal aras\u0131nda sal\u0131nan yeni bedenlenmelerden, uzam ve zamanda artt\u0131r\u0131lm\u0131\u015f bir ger\u00e7ekli\u011fe do\u011fru evrilen yeni olu\u015f bi\u00e7imlerine kadar bir post-nesne (nesne-sonras\u0131) halinden s\u00f6z edilebilir. \u00d6te yandan bu \u00e7at\u0131\u015fk\u0131l\u0131 h\u00e2l, art\u0131k modernitenin insan-merkezci (anthropocentric) bak\u0131\u015f\u0131 yerine, yeni bir beden olgusunun, melezliklerin ve do\u011fal olarak da yeni olu\u015flar\u0131n (being) merkezsiz yay\u0131l\u0131m\u0131n\u0131 imliyen bir post-insan (insansonras\u0131) halini de g\u00f6r\u00fcn\u00fcr k\u0131l\u0131yor. Sanatta Post-Nesne ve Post-\u0130nsan adl\u0131 bu kitap, bir sonlar ve sonralar \u00e7a\u011f\u0131n\u0131n \u00f6n\u00fcm\u00fcze getirdi\u011fi bir y\u0131\u011f\u0131n problemle nas\u0131l y\u00fczle\u015filebilece\u011fi, sanat ortam\u0131nda h\u00fck\u00fcm s\u00fcren e\u011filim ve y\u00f6nelimlerin kuramsal a\u00e7\u0131dan nas\u0131l irdelenebilece\u011fi konusunda \u00e7ok y\u00f6nl\u00fc bir \u00e7aba olarak de\u011ferlendirilebilir. Bu kapsamda Michel Foucault, Gilles Deleuze ve Felix Guattari, Jacques Lacan, Niklas Luhmann, Pierre Bourdieu, Arthur Danto, Rosalind Krauss ve Brian Massumi gibi bir\u00e7ok \u00f6nemli yazar ve kuramc\u0131n\u0131n yakla\u015f\u0131mlar\u0131, bu \u00e7al\u0131\u015fman\u0131n \u00f6nemli ba\u015fvuru noktalar\u0131n\u0131 olu\u015fturuyor. <\/p>\n","protected":false},"excerpt":{"rendered":"<p>Art\u0131k bir \u201cpost\u201dlar \u00e7a\u011f\u0131nda ya\u015f\u0131yoruz. Bu s\u00fcre\u00e7, ge\u00e7mi\u015fteki t\u00fcm kavram ve olgular\u0131n bo\u015fa \u00e7\u0131kt\u0131\u011f\u0131 ve yeniden anlamland\u0131r\u0131ld\u0131\u011f\u0131, yeni ili\u015fkiler ve varolu\u015f tarzlar\u0131n\u0131n bir arada g\u00f6r\u00fcn\u00fcrle\u015fti\u011fi, antagonist<span class=\"excerpt-hellip\"> [\u2026]<\/span><\/p>\n","protected":false},"featured_media":0,"template":"","meta":{"_monsterinsights_skip_tracking":false,"_monsterinsights_sitenote_active":false,"_monsterinsights_sitenote_note":"","_monsterinsights_sitenote_category":0},"product_brand":[],"product_cat":[44608,12408],"product_tag":[],"class_list":{"0":"post-727452","1":"product","2":"type-product","3":"status-publish","5":"product_cat-diger-sanat","6":"product_cat-sanat","7":"pa_cilt-ciltsiz","8":"pa_tur-kitap","9":"pa_yayinevi-utopya-yayinevi","10":"pa_yazar-rifat-sahiner","12":"first","13":"instock","14":"sale","15":"shipping-taxable","16":"purchasable","17":"product-type-simple"},"_links":{"self":[{"href":"https:\/\/roveyayinevi.com.tr\/index.php\/wp-json\/wp\/v2\/product\/727452","targetHints":{"allow":["GET"]}}],"collection":[{"href":"https:\/\/roveyayinevi.com.tr\/index.php\/wp-json\/wp\/v2\/product"}],"about":[{"href":"https:\/\/roveyayinevi.com.tr\/index.php\/wp-json\/wp\/v2\/types\/product"}],"wp:attachment":[{"href":"https:\/\/roveyayinevi.com.tr\/index.php\/wp-json\/wp\/v2\/media?parent=727452"}],"wp:term":[{"taxonomy":"product_brand","embeddable":true,"href":"https:\/\/roveyayinevi.com.tr\/index.php\/wp-json\/wp\/v2\/product_brand?post=727452"},{"taxonomy":"product_cat","embeddable":true,"href":"https:\/\/roveyayinevi.com.tr\/index.php\/wp-json\/wp\/v2\/product_cat?post=727452"},{"taxonomy":"product_tag","embeddable":true,"href":"https:\/\/roveyayinevi.com.tr\/index.php\/wp-json\/wp\/v2\/product_tag?post=727452"}],"curies":[{"name":"wp","href":"https:\/\/api.w.org\/{rel}","templated":true}]}}