{"id":727436,"date":"2025-08-27T20:22:11","date_gmt":"2025-08-27T17:22:11","guid":{"rendered":"https:\/\/roveyayinevi.com.tr\/index.php\/urun\/karanligin-kalbi\/"},"modified":"2026-04-16T02:35:18","modified_gmt":"2026-04-15T23:35:18","slug":"karanligin-kalbi","status":"publish","type":"product","link":"https:\/\/roveyayinevi.com.tr\/index.php\/urun\/karanligin-kalbi\/","title":{"rendered":"Karanl\u0131\u011f\u0131n Kalbi"},"content":{"rendered":"<p>\u201cD\u00fcnya, d\u00fcnyal\u0131\u011f\u0131n\u0131 yitirmi\u015fti sanki. Zapt edilmi\u015f bir canavar\u0131n zincirli h\u00e2lini garipsemiyorduk art\u0131k fakat orada g\u00f6rd\u00fc\u011f\u00fcm\u00fcz \u015fey canavarca ve \u00f6zg\u00fcr bir \u015feydi. Bu d\u00fcnyadan de\u011fil gibiydi ve insanlar da\u2026 Hay\u0131r, insanl\u0131k d\u0131\u015f\u0131 de\u011fildiler. En k\u00f6t\u00fcs\u00fc de buydu, biliyor musunuz? \u0130nsanl\u0131k d\u0131\u015f\u0131 olmad\u0131klar\u0131 ku\u015fkusu\u2026 Yava\u015f yava\u015f anl\u0131yordunuz. \u00c7\u0131\u011fl\u0131k at\u0131yor, z\u0131pl\u0131yor, kendi etraf\u0131nda d\u00f6n\u00fcyor, korkun\u00e7 surat ifadeleri yap\u0131yorlard\u0131 ama sizi heyecanland\u0131ran, sizinki gibi insanl\u0131klar\u0131n\u0131, bu vah\u015fi ve \u00e7\u0131lg\u0131n karma\u015fayla olan uzak akrabal\u0131\u011f\u0131m\u0131z\u0131 d\u00fc\u015f\u00fcnmekti. \u00c7irkindi. Evet, \u00e7irkindi bu ama yeterince y\u00fcrekliyseniz, o sesin korkun\u00e7 samimiyetine kar\u015f\u0131 i\u00e7inizde k\u00fc\u00e7\u00fcc\u00fck de olsa bir tepki do\u011fdu\u011funu kabullenir, orada -ilk \u00e7a\u011flar\u0131n gecesinden bu kadar uzakta olan sizin- kavrayabilece\u011finiz bir anlam\u0131 oldu\u011fundan bir an olsun ku\u015fkulanabilirdiniz. Neden olmas\u0131n? \u0130nsan\u0131n akl\u0131 her \u015feye yeter \u00e7\u00fcnk\u00fc her \u015fey, gelecek kadar ge\u00e7mi\u015f de, akl\u0131n i\u00e7indedir.\u201d <\/p>\n","protected":false},"excerpt":{"rendered":"<p>\u201cD\u00fcnya, d\u00fcnyal\u0131\u011f\u0131n\u0131 yitirmi\u015fti sanki. Zapt edilmi\u015f bir canavar\u0131n zincirli h\u00e2lini garipsemiyorduk art\u0131k fakat orada g\u00f6rd\u00fc\u011f\u00fcm\u00fcz \u015fey canavarca ve \u00f6zg\u00fcr bir \u015feydi. Bu d\u00fcnyadan de\u011fil gibiydi ve<span class=\"excerpt-hellip\"> [\u2026]<\/span><\/p>\n","protected":false},"featured_media":0,"template":"","meta":{"_monsterinsights_skip_tracking":false,"_monsterinsights_sitenote_active":false,"_monsterinsights_sitenote_note":"","_monsterinsights_sitenote_category":0},"product_brand":[],"product_cat":[12291,12711],"product_tag":[],"class_list":{"0":"post-727436","1":"product","2":"type-product","3":"status-publish","5":"product_cat-edebiyat","6":"product_cat-roman-oyku","7":"pa_cilt-ciltsiz","8":"pa_tur-kitap","9":"pa_yayinevi-sms-yayinlari","10":"pa_yazar-joseph-conrad","12":"first","13":"instock","14":"sale","15":"shipping-taxable","16":"purchasable","17":"product-type-simple"},"_links":{"self":[{"href":"https:\/\/roveyayinevi.com.tr\/index.php\/wp-json\/wp\/v2\/product\/727436","targetHints":{"allow":["GET"]}}],"collection":[{"href":"https:\/\/roveyayinevi.com.tr\/index.php\/wp-json\/wp\/v2\/product"}],"about":[{"href":"https:\/\/roveyayinevi.com.tr\/index.php\/wp-json\/wp\/v2\/types\/product"}],"wp:attachment":[{"href":"https:\/\/roveyayinevi.com.tr\/index.php\/wp-json\/wp\/v2\/media?parent=727436"}],"wp:term":[{"taxonomy":"product_brand","embeddable":true,"href":"https:\/\/roveyayinevi.com.tr\/index.php\/wp-json\/wp\/v2\/product_brand?post=727436"},{"taxonomy":"product_cat","embeddable":true,"href":"https:\/\/roveyayinevi.com.tr\/index.php\/wp-json\/wp\/v2\/product_cat?post=727436"},{"taxonomy":"product_tag","embeddable":true,"href":"https:\/\/roveyayinevi.com.tr\/index.php\/wp-json\/wp\/v2\/product_tag?post=727436"}],"curies":[{"name":"wp","href":"https:\/\/api.w.org\/{rel}","templated":true}]}}