{"id":727422,"date":"2025-08-27T20:21:47","date_gmt":"2025-08-27T17:21:47","guid":{"rendered":"https:\/\/roveyayinevi.com.tr\/index.php\/urun\/dodo-maceralar-serisi-5-kitap-takim\/"},"modified":"2026-04-16T02:35:18","modified_gmt":"2026-04-15T23:35:18","slug":"dodo-maceralar-serisi-5-kitap-takim","status":"publish","type":"product","link":"https:\/\/roveyayinevi.com.tr\/index.php\/urun\/dodo-maceralar-serisi-5-kitap-takim\/","title":{"rendered":"Dodo Maceralar Serisi (5 Kitap Tak\u0131m)"},"content":{"rendered":"<p>Sence de hayatta herkesin bir rol\u00fc var m\u0131?Sence de as\u0131l \u00f6nemli olan rol\u00fcn\u00fc en iyi \u015fekilde oynamak m\u0131?\u00d6yleyse yeni arkada\u015f\u0131n Dodo\u2019nun maceralar\u0131n\u0131 hemen okumaya ba\u015fla!Hadi, pozitif ve duygusal kahraman\u0131m\u0131z Dodo ile tan\u0131\u015f!Setteki Kitaplar:Bay Po\u015fet (64 sayfa)Kalem Amca ve Silgirella (72 sayfa)Kral Koca G\u00f6bek (72 sayfa)Perde Ruhi (84 sayfa)Mang\u0131r ile \u015eang\u0131r (80 sayfa)<\/p>\n","protected":false},"excerpt":{"rendered":"<p>Sence de hayatta herkesin bir rol\u00fc var m\u0131?Sence de as\u0131l \u00f6nemli olan rol\u00fcn\u00fc en iyi \u015fekilde oynamak m\u0131?\u00d6yleyse yeni arkada\u015f\u0131n Dodo\u2019nun maceralar\u0131n\u0131 hemen okumaya ba\u015fla!Hadi, pozitif<span class=\"excerpt-hellip\"> [\u2026]<\/span><\/p>\n","protected":false},"featured_media":0,"template":"","meta":{"_monsterinsights_skip_tracking":false,"_monsterinsights_sitenote_active":false,"_monsterinsights_sitenote_note":"","_monsterinsights_sitenote_category":0},"product_brand":[],"product_cat":[12274,12284],"product_tag":[],"class_list":{"0":"post-727422","1":"product","2":"type-product","3":"status-publish","5":"product_cat-cocuk-ve-genclik-kitaplari","6":"product_cat-hikayeler","7":"pa_cilt-ciltsiz","8":"pa_tur-kitap","9":"pa_yayinevi-yade-yayinlari","10":"pa_yazar-guliz-sutcu","12":"first","13":"instock","14":"sale","15":"shipping-taxable","16":"purchasable","17":"product-type-simple"},"_links":{"self":[{"href":"https:\/\/roveyayinevi.com.tr\/index.php\/wp-json\/wp\/v2\/product\/727422","targetHints":{"allow":["GET"]}}],"collection":[{"href":"https:\/\/roveyayinevi.com.tr\/index.php\/wp-json\/wp\/v2\/product"}],"about":[{"href":"https:\/\/roveyayinevi.com.tr\/index.php\/wp-json\/wp\/v2\/types\/product"}],"wp:attachment":[{"href":"https:\/\/roveyayinevi.com.tr\/index.php\/wp-json\/wp\/v2\/media?parent=727422"}],"wp:term":[{"taxonomy":"product_brand","embeddable":true,"href":"https:\/\/roveyayinevi.com.tr\/index.php\/wp-json\/wp\/v2\/product_brand?post=727422"},{"taxonomy":"product_cat","embeddable":true,"href":"https:\/\/roveyayinevi.com.tr\/index.php\/wp-json\/wp\/v2\/product_cat?post=727422"},{"taxonomy":"product_tag","embeddable":true,"href":"https:\/\/roveyayinevi.com.tr\/index.php\/wp-json\/wp\/v2\/product_tag?post=727422"}],"curies":[{"name":"wp","href":"https:\/\/api.w.org\/{rel}","templated":true}]}}