{"id":727415,"date":"2025-08-27T20:21:42","date_gmt":"2025-08-27T17:21:42","guid":{"rendered":"https:\/\/roveyayinevi.com.tr\/index.php\/urun\/hukuk-sosyolojisi-3\/"},"modified":"2026-04-16T02:35:18","modified_gmt":"2026-04-15T23:35:18","slug":"hukuk-sosyolojisi-3","status":"publish","type":"product","link":"https:\/\/roveyayinevi.com.tr\/index.php\/urun\/hukuk-sosyolojisi-3\/","title":{"rendered":"Hukuk Sosyolojisi"},"content":{"rendered":"<p>\u201cBu kitap hukukun sosyolojik bak\u0131mdan \u00e7al\u0131\u015f\u0131lmas\u0131na genel bir giri\u015f olarak tasarland\u0131. Potansiyel alan\u0131 devasad\u0131r, bu y\u00fczden ama\u00e7lar\u0131 s\u0131k\u0131 bir \u015fekilde s\u0131n\u0131rlanm\u0131\u015ft\u0131r. Esas olarak konusunu, sadece g\u00fcn\u00fcm\u00fczde Bat\u0131 Avrupa ve Kuzey Amerika\u2019da bulunan sanayile\u015fmi\u015f toplumlardaki, yani klasik sosyal teorisyenlerin on dokuzuncu y\u00fczy\u0131l sonu ve yirminci y\u00fczy\u0131l ba\u015f\u0131nda \u2018modern toplum\u2019 diye adland\u0131rd\u0131klar\u0131n\u0131n ard\u0131l\u0131 olan toplumlardaki hukukla ilgili teori ve ampirik ara\u015ft\u0131rma olu\u015fturuyor\u201d. Roger Cotterrell\u2019in Hukuk Sosyolojisi: Giri\u015f ba\u015fl\u0131kl\u0131 bu kitab\u0131, Bat\u0131 toplumlar\u0131ndaki \u00e7a\u011fda\u015f hukuka farkl\u0131 bir bak\u0131\u015f a\u00e7\u0131s\u0131 sunarken, bu alanla ilgili literat\u00fcr\u00fcn incelenebilece\u011fi geni\u015f bir analitik \u00e7er\u00e7eve sa\u011fl\u0131yor. Cotterrell\u2019in \u00e7al\u0131\u015fmas\u0131, hukuk \u00fczerine ampirik \u00e7al\u0131\u015fmalar\u0131n yo\u011funla\u015fmaya ba\u015flad\u0131\u011f\u0131 yirminci y\u00fczy\u0131l\u0131n sonunda haz\u0131rlanmakla birlikte, hukuk sosyolojisi\u2019nin yirmibirinci y\u00fczy\u0131ldaki yol haritas\u0131na ili\u015fkin sa\u011flam bir temel sunuyor. Daha evvel Hukukbilimin Politikas\u0131: Hukuk Felsefesine Ele\u015ftirel Bir Giri\u015f kitab\u0131n\u0131 yay\u0131nlad\u0131\u011f\u0131m\u0131z \u00e7a\u011fda\u015f hukuk d\u00fc\u015f\u00fcn\u00fcr\u00fc Cotterrell\u2019in hukuk kuram\u0131 alan\u0131ndaki T\u00fcrk\u00e7e literat\u00fcr\u00fc zenginle\u015ftirmesini umuyoruz.<\/p>\n","protected":false},"excerpt":{"rendered":"<p>\u201cBu kitap hukukun sosyolojik bak\u0131mdan \u00e7al\u0131\u015f\u0131lmas\u0131na genel bir giri\u015f olarak tasarland\u0131. Potansiyel alan\u0131 devasad\u0131r, bu y\u00fczden ama\u00e7lar\u0131 s\u0131k\u0131 bir \u015fekilde s\u0131n\u0131rlanm\u0131\u015ft\u0131r. Esas olarak konusunu, sadece g\u00fcn\u00fcm\u00fczde<span class=\"excerpt-hellip\"> [\u2026]<\/span><\/p>\n","protected":false},"featured_media":0,"template":"","meta":{"_monsterinsights_skip_tracking":false,"_monsterinsights_sitenote_active":false,"_monsterinsights_sitenote_note":"","_monsterinsights_sitenote_category":0},"product_brand":[],"product_cat":[15350,17602],"product_tag":[],"class_list":{"0":"post-727415","1":"product","2":"type-product","3":"status-publish","5":"product_cat-hukuk","6":"product_cat-hukuk-uzerine","7":"pa_cilt-ciltsiz","8":"pa_tur-kitap","9":"pa_yayinevi-pinhan-yayincilik","10":"pa_yazar-roger-cotterrell","12":"first","13":"instock","14":"sale","15":"shipping-taxable","16":"purchasable","17":"product-type-simple"},"_links":{"self":[{"href":"https:\/\/roveyayinevi.com.tr\/index.php\/wp-json\/wp\/v2\/product\/727415","targetHints":{"allow":["GET"]}}],"collection":[{"href":"https:\/\/roveyayinevi.com.tr\/index.php\/wp-json\/wp\/v2\/product"}],"about":[{"href":"https:\/\/roveyayinevi.com.tr\/index.php\/wp-json\/wp\/v2\/types\/product"}],"wp:attachment":[{"href":"https:\/\/roveyayinevi.com.tr\/index.php\/wp-json\/wp\/v2\/media?parent=727415"}],"wp:term":[{"taxonomy":"product_brand","embeddable":true,"href":"https:\/\/roveyayinevi.com.tr\/index.php\/wp-json\/wp\/v2\/product_brand?post=727415"},{"taxonomy":"product_cat","embeddable":true,"href":"https:\/\/roveyayinevi.com.tr\/index.php\/wp-json\/wp\/v2\/product_cat?post=727415"},{"taxonomy":"product_tag","embeddable":true,"href":"https:\/\/roveyayinevi.com.tr\/index.php\/wp-json\/wp\/v2\/product_tag?post=727415"}],"curies":[{"name":"wp","href":"https:\/\/api.w.org\/{rel}","templated":true}]}}