{"id":727411,"date":"2025-08-27T20:21:39","date_gmt":"2025-08-27T17:21:39","guid":{"rendered":"https:\/\/roveyayinevi.com.tr\/index.php\/urun\/turk-muzik-ve-sahne-sanatlarinin-dogus-yillari-1924-1976\/"},"modified":"2026-04-16T02:35:18","modified_gmt":"2026-04-15T23:35:18","slug":"turk-muzik-ve-sahne-sanatlarinin-dogus-yillari-1924-1976","status":"publish","type":"product","link":"https:\/\/roveyayinevi.com.tr\/index.php\/urun\/turk-muzik-ve-sahne-sanatlarinin-dogus-yillari-1924-1976\/","title":{"rendered":"T\u00fcrk M\u00fczik ve Sahne Sanatlar\u0131n\u0131n Do\u011fu\u015f Y\u0131llar\u0131 1924 -1976"},"content":{"rendered":"<p>T\u00fcrk M\u00fczik ve Sahne Sanatlar\u0131n\u0131n Do\u011fu\u015f Y\u0131llar\u0131 (1924 &#8211; 1976 )Musiki Muallim Mektebi ve Devlet Konservatuvar\u0131 Tarih\u00e7esi<\/p>\n","protected":false},"excerpt":{"rendered":"<p>T\u00fcrk M\u00fczik ve Sahne Sanatlar\u0131n\u0131n Do\u011fu\u015f Y\u0131llar\u0131 (1924 &#8211; 1976 )Musiki Muallim Mektebi ve Devlet Konservatuvar\u0131 Tarih\u00e7esi<\/p>\n","protected":false},"featured_media":0,"template":"","meta":{"_monsterinsights_skip_tracking":false,"_monsterinsights_sitenote_active":false,"_monsterinsights_sitenote_note":"","_monsterinsights_sitenote_category":0},"product_brand":[],"product_cat":[14591,14556],"product_tag":[],"class_list":{"0":"post-727411","1":"product","2":"type-product","3":"status-publish","5":"product_cat-genel-kavramlar-kuram-ve-tarihce","6":"product_cat-muzik","7":"pa_cilt-ciltsiz","8":"pa_tur-kitap","9":"pa_yayinevi-sun-yayinevi","10":"pa_yazar-ersin-onay","12":"first","13":"instock","14":"sale","15":"shipping-taxable","16":"purchasable","17":"product-type-simple"},"_links":{"self":[{"href":"https:\/\/roveyayinevi.com.tr\/index.php\/wp-json\/wp\/v2\/product\/727411","targetHints":{"allow":["GET"]}}],"collection":[{"href":"https:\/\/roveyayinevi.com.tr\/index.php\/wp-json\/wp\/v2\/product"}],"about":[{"href":"https:\/\/roveyayinevi.com.tr\/index.php\/wp-json\/wp\/v2\/types\/product"}],"wp:attachment":[{"href":"https:\/\/roveyayinevi.com.tr\/index.php\/wp-json\/wp\/v2\/media?parent=727411"}],"wp:term":[{"taxonomy":"product_brand","embeddable":true,"href":"https:\/\/roveyayinevi.com.tr\/index.php\/wp-json\/wp\/v2\/product_brand?post=727411"},{"taxonomy":"product_cat","embeddable":true,"href":"https:\/\/roveyayinevi.com.tr\/index.php\/wp-json\/wp\/v2\/product_cat?post=727411"},{"taxonomy":"product_tag","embeddable":true,"href":"https:\/\/roveyayinevi.com.tr\/index.php\/wp-json\/wp\/v2\/product_tag?post=727411"}],"curies":[{"name":"wp","href":"https:\/\/api.w.org\/{rel}","templated":true}]}}