{"id":727404,"date":"2025-08-27T20:21:32","date_gmt":"2025-08-27T17:21:32","guid":{"rendered":"https:\/\/roveyayinevi.com.tr\/index.php\/urun\/milletlerarasi-ozel-hukuk\/"},"modified":"2026-04-16T02:35:17","modified_gmt":"2026-04-15T23:35:17","slug":"milletlerarasi-ozel-hukuk","status":"publish","type":"product","link":"https:\/\/roveyayinevi.com.tr\/index.php\/urun\/milletlerarasi-ozel-hukuk\/","title":{"rendered":"Milletleraras\u0131 \u00d6zel Hukuk"},"content":{"rendered":"<p>\u0130\u00e7indekiler Milletlerarasi \u00d6zel Hukuk Birinci B\u00f6l\u00fcm Birinci Kisim Giri\u015f \u0130kinci Kisim Milletlerarasi S\u00f6zle\u015fme H\u00fck\u00fcmlerine G\u00f6re T\u00fcrk Vatanda\u015fli\u011finin Kazanilmasi Ve Kaybi \u00dc\u00e7\u00fcnc\u00fc Kisijm T\u00fcrk Hukukunda T\u00fczel Ki\u015filerin Tabiiyeti \u0130kinci B\u00f6l\u00fcm Birinci Kisim Yabancilar Hukuku \u0130kinci Kisim T\u00fcrk Yabancilar Hukukunun Genel Esaslari \u00dc\u00e7\u00fcnc\u00fc Kisim D\u00f6rd\u00fcnc\u00fc Kisim Be\u015finci Kisim Su\u00e7lularin \u0130adesi \u00dc\u00e7\u00fcnc\u00fc B\u00f6l\u00fcm Kanunlar \u0130htilafi Hukuku (Ba\u011flama Kurallari) D\u00f6rd\u00fcnc\u00fc B\u00f6l\u00fcm Birinci Kisim Milletlerarasi Usul Hukuku \u0130kinci Kisim Milletlerarasi Usul Hukukunda Davada Taraflar \u00dc\u00e7\u00fcnc\u00fc Kisim Yabanci Mahkeme Kararlarinin Taninmasi Ve Tenfizi <\/p>\n","protected":false},"excerpt":{"rendered":"<p>\u0130\u00e7indekiler Milletlerarasi \u00d6zel Hukuk Birinci B\u00f6l\u00fcm Birinci Kisim Giri\u015f \u0130kinci Kisim Milletlerarasi S\u00f6zle\u015fme H\u00fck\u00fcmlerine G\u00f6re T\u00fcrk Vatanda\u015fli\u011finin Kazanilmasi Ve Kaybi \u00dc\u00e7\u00fcnc\u00fc Kisijm T\u00fcrk Hukukunda T\u00fczel Ki\u015filerin<span class=\"excerpt-hellip\"> [\u2026]<\/span><\/p>\n","protected":false},"featured_media":0,"template":"","meta":{"_monsterinsights_skip_tracking":false,"_monsterinsights_sitenote_active":false,"_monsterinsights_sitenote_note":"","_monsterinsights_sitenote_category":0},"product_brand":[],"product_cat":[15350,17602],"product_tag":[],"class_list":{"0":"post-727404","1":"product","2":"type-product","3":"status-publish","5":"product_cat-hukuk","6":"product_cat-hukuk-uzerine","7":"pa_cilt-ciltsiz","8":"pa_tur-kitap","9":"pa_yayinevi-gazi-kitabevi-sinav-kitaplari","10":"pa_yazar-gazi-kitabevi-sinav-kitaplari-kolektif","12":"first","13":"instock","14":"sale","15":"shipping-taxable","16":"purchasable","17":"product-type-simple"},"_links":{"self":[{"href":"https:\/\/roveyayinevi.com.tr\/index.php\/wp-json\/wp\/v2\/product\/727404","targetHints":{"allow":["GET"]}}],"collection":[{"href":"https:\/\/roveyayinevi.com.tr\/index.php\/wp-json\/wp\/v2\/product"}],"about":[{"href":"https:\/\/roveyayinevi.com.tr\/index.php\/wp-json\/wp\/v2\/types\/product"}],"wp:attachment":[{"href":"https:\/\/roveyayinevi.com.tr\/index.php\/wp-json\/wp\/v2\/media?parent=727404"}],"wp:term":[{"taxonomy":"product_brand","embeddable":true,"href":"https:\/\/roveyayinevi.com.tr\/index.php\/wp-json\/wp\/v2\/product_brand?post=727404"},{"taxonomy":"product_cat","embeddable":true,"href":"https:\/\/roveyayinevi.com.tr\/index.php\/wp-json\/wp\/v2\/product_cat?post=727404"},{"taxonomy":"product_tag","embeddable":true,"href":"https:\/\/roveyayinevi.com.tr\/index.php\/wp-json\/wp\/v2\/product_tag?post=727404"}],"curies":[{"name":"wp","href":"https:\/\/api.w.org\/{rel}","templated":true}]}}