{"id":727385,"date":"2025-08-27T20:21:17","date_gmt":"2025-08-27T17:21:17","guid":{"rendered":"https:\/\/roveyayinevi.com.tr\/index.php\/urun\/eda-yemek-oyunu-oynuyor-kucuk-hanimlar-ciltli\/"},"modified":"2026-04-16T02:35:17","modified_gmt":"2026-04-15T23:35:17","slug":"eda-yemek-oyunu-oynuyor-kucuk-hanimlar-ciltli","status":"publish","type":"product","link":"https:\/\/roveyayinevi.com.tr\/index.php\/urun\/eda-yemek-oyunu-oynuyor-kucuk-hanimlar-ciltli\/","title":{"rendered":"Eda Yemek Oyunu Oynuyor &#8211; K\u00fc\u00e7\u00fck Han\u0131mlar (Ciltli)"},"content":{"rendered":"<p>Arkada\u015flar\u0131yla oyun oynamaya bay\u0131lan k\u00fc\u00e7\u00fck k\u0131zlara harika bir \u00f6nerimiz var! \u0130rem\u2019le \u00f6\u011fretmencilik, Mine\u2019yle doktorculuk, Nida\u2019yla sekretercilik oynamaya ne dersin? Onlar da senin gibi arkada\u015flar\u0131yla oyun oymaya bay\u0131l\u0131yor. Haydi kitab\u0131n kapa\u011f\u0131n\u0131 kald\u0131r, e\u011flenceye kat\u0131l!<\/p>\n","protected":false},"excerpt":{"rendered":"<p>Arkada\u015flar\u0131yla oyun oynamaya bay\u0131lan k\u00fc\u00e7\u00fck k\u0131zlara harika bir \u00f6nerimiz var! \u0130rem\u2019le \u00f6\u011fretmencilik, Mine\u2019yle doktorculuk, Nida\u2019yla sekretercilik oynamaya ne dersin? Onlar da senin gibi arkada\u015flar\u0131yla oyun oymaya<span class=\"excerpt-hellip\"> [\u2026]<\/span><\/p>\n","protected":false},"featured_media":0,"template":"","meta":{"_monsterinsights_skip_tracking":false,"_monsterinsights_sitenote_active":false,"_monsterinsights_sitenote_note":"","_monsterinsights_sitenote_category":0},"product_brand":[],"product_cat":[12274,12284],"product_tag":[],"class_list":{"0":"post-727385","1":"product","2":"type-product","3":"status-publish","5":"product_cat-cocuk-ve-genclik-kitaplari","6":"product_cat-hikayeler","7":"pa_cilt-ciltli","8":"pa_tur-kitap","9":"pa_yayinevi-bicirik-yayinlari","10":"pa_yazar-emilie-beaumont","12":"first","13":"instock","14":"sale","15":"shipping-taxable","16":"purchasable","17":"product-type-simple"},"_links":{"self":[{"href":"https:\/\/roveyayinevi.com.tr\/index.php\/wp-json\/wp\/v2\/product\/727385","targetHints":{"allow":["GET"]}}],"collection":[{"href":"https:\/\/roveyayinevi.com.tr\/index.php\/wp-json\/wp\/v2\/product"}],"about":[{"href":"https:\/\/roveyayinevi.com.tr\/index.php\/wp-json\/wp\/v2\/types\/product"}],"wp:attachment":[{"href":"https:\/\/roveyayinevi.com.tr\/index.php\/wp-json\/wp\/v2\/media?parent=727385"}],"wp:term":[{"taxonomy":"product_brand","embeddable":true,"href":"https:\/\/roveyayinevi.com.tr\/index.php\/wp-json\/wp\/v2\/product_brand?post=727385"},{"taxonomy":"product_cat","embeddable":true,"href":"https:\/\/roveyayinevi.com.tr\/index.php\/wp-json\/wp\/v2\/product_cat?post=727385"},{"taxonomy":"product_tag","embeddable":true,"href":"https:\/\/roveyayinevi.com.tr\/index.php\/wp-json\/wp\/v2\/product_tag?post=727385"}],"curies":[{"name":"wp","href":"https:\/\/api.w.org\/{rel}","templated":true}]}}