{"id":727379,"date":"2025-08-27T20:21:12","date_gmt":"2025-08-27T17:21:12","guid":{"rendered":"https:\/\/roveyayinevi.com.tr\/index.php\/urun\/epistemoloji\/"},"modified":"2026-04-16T02:35:17","modified_gmt":"2026-04-15T23:35:17","slug":"epistemoloji","status":"publish","type":"product","link":"https:\/\/roveyayinevi.com.tr\/index.php\/urun\/epistemoloji\/","title":{"rendered":"Epistemoloji"},"content":{"rendered":"<p>Felsefe, kendini tan\u0131ma ve tan\u0131mlama imk\u00e2n\u0131 sunmas\u0131 bak\u0131m\u0131ndan, insanl\u0131\u011f\u0131n en \u00f6nemli kazan\u0131mlar\u0131ndand\u0131r. Gerek tarihsel gerekse d\u00fc\u015f\u00fcnsel anlamda felsefenin en \u00f6nemli par\u00e7alar\u0131ndan olan epistemoloji de, felsefenin tarihi kadar kadim bir tarihe sahiptir. Bu kitap insan\u0131n bilgi aray\u0131\u015f\u0131n\u0131n tarihine bir yolculuk k\u0131lavuzudur. Platon, Aristoteles ve Antik Ku\u015fkuculuk ilk duraklar\u0131m\u0131zken, Orta\u00e7a\u011f Epistemolojisi ve Descartes dinlence yerleri olacakt\u0131r. \u015e\u00fcphesiz rotam\u0131z\u0131 \u00e7izenler, Locke, Berkeley, Hume ve Kant\u2019t\u0131r. Dewey ve Wittgenstein u\u011fraklar\u0131n\u0131n ard\u0131ndan bu epistemik yolculuk, Quine, Goldman ve elbette Gettier\u2019le son bulacakt\u0131r. Bu de\u011ferli \u00e7al\u0131\u015fmay\u0131 Stephen Hetherington\u2019\u0131n T\u00fcrk\u00e7e bask\u0131ya \u00f6zel \u00d6ns\u00f6z\u00fc ile sunuyoruz.<\/p>\n","protected":false},"excerpt":{"rendered":"<p>Felsefe, kendini tan\u0131ma ve tan\u0131mlama imk\u00e2n\u0131 sunmas\u0131 bak\u0131m\u0131ndan, insanl\u0131\u011f\u0131n en \u00f6nemli kazan\u0131mlar\u0131ndand\u0131r. Gerek tarihsel gerekse d\u00fc\u015f\u00fcnsel anlamda felsefenin en \u00f6nemli par\u00e7alar\u0131ndan olan epistemoloji de, felsefenin tarihi<span class=\"excerpt-hellip\"> [\u2026]<\/span><\/p>\n","protected":false},"featured_media":0,"template":"","meta":{"_monsterinsights_skip_tracking":false,"_monsterinsights_sitenote_active":false,"_monsterinsights_sitenote_note":"","_monsterinsights_sitenote_category":0},"product_brand":[],"product_cat":[12389,12388],"product_tag":[],"class_list":{"0":"post-727379","1":"product","2":"type-product","3":"status-publish","5":"product_cat-diger-felsefe","6":"product_cat-felsefe","7":"pa_cilt-ciltsiz","8":"pa_tur-kitap","9":"pa_yayinevi-fol-kitap","10":"pa_yazar-fol-kitap-kolektif","12":"first","13":"instock","14":"sale","15":"shipping-taxable","16":"purchasable","17":"product-type-simple"},"_links":{"self":[{"href":"https:\/\/roveyayinevi.com.tr\/index.php\/wp-json\/wp\/v2\/product\/727379","targetHints":{"allow":["GET"]}}],"collection":[{"href":"https:\/\/roveyayinevi.com.tr\/index.php\/wp-json\/wp\/v2\/product"}],"about":[{"href":"https:\/\/roveyayinevi.com.tr\/index.php\/wp-json\/wp\/v2\/types\/product"}],"wp:attachment":[{"href":"https:\/\/roveyayinevi.com.tr\/index.php\/wp-json\/wp\/v2\/media?parent=727379"}],"wp:term":[{"taxonomy":"product_brand","embeddable":true,"href":"https:\/\/roveyayinevi.com.tr\/index.php\/wp-json\/wp\/v2\/product_brand?post=727379"},{"taxonomy":"product_cat","embeddable":true,"href":"https:\/\/roveyayinevi.com.tr\/index.php\/wp-json\/wp\/v2\/product_cat?post=727379"},{"taxonomy":"product_tag","embeddable":true,"href":"https:\/\/roveyayinevi.com.tr\/index.php\/wp-json\/wp\/v2\/product_tag?post=727379"}],"curies":[{"name":"wp","href":"https:\/\/api.w.org\/{rel}","templated":true}]}}