{"id":727365,"date":"2025-08-27T20:20:59","date_gmt":"2025-08-27T17:20:59","guid":{"rendered":"https:\/\/roveyayinevi.com.tr\/index.php\/urun\/liselilerin-sportif-serbest-zaman-ilgilenimi-dijital-oyun-bagimliligi-ve-yasam-kaliteleri\/"},"modified":"2026-04-16T02:35:16","modified_gmt":"2026-04-15T23:35:16","slug":"liselilerin-sportif-serbest-zaman-ilgilenimi-dijital-oyun-bagimliligi-ve-yasam-kaliteleri","status":"publish","type":"product","link":"https:\/\/roveyayinevi.com.tr\/index.php\/urun\/liselilerin-sportif-serbest-zaman-ilgilenimi-dijital-oyun-bagimliligi-ve-yasam-kaliteleri\/","title":{"rendered":"Liselilerin Sportif Serbest Zaman \u0130lgilenimi Dijital Oyun Ba\u011f\u0131ml\u0131l\u0131\u011f\u0131 Ve Ya\u015fam Kaliteleri"},"content":{"rendered":"<p>Bilim ve teknoloji kullan\u0131m\u0131 bilin\u00e7li ve do\u011fru kullan\u0131lmad\u0131\u011f\u0131nda beraberinde \u00f6nemli sorunlar da getirmektedir. Olumsuzluk dijital oyunlara k\u00fc\u00e7\u00fck ya\u015flarda \u00e7ok fazla zaman ayr\u0131ld\u0131\u011f\u0131nda ba\u011f\u0131ml\u0131l\u0131k olu\u015fturmas\u0131d\u0131r. Bir serbest zaman aktivitesi olarak e\u011flenme dinlenme ama\u00e7l\u0131 oynanan bu oyunlar d\u00fcnyada \u00e7ok \u00f6nemli bir sekt\u00f6r oldu\u011fundan tehlikelerine bak\u0131lmaks\u0131z\u0131n ba\u011f\u0131ml\u0131l\u0131k yapan oyunlara her g\u00fcn yenileri eklenmektedir. Bu olumsuz etkileri yan\u0131nda, teknik olarak serbest zaman s\u00fcresini olumlu etkilemi\u015f ve bireylerin serbest zaman etkinliklerine ilgisini artt\u0131rm\u0131\u015ft\u0131r. Temelde, serbest zamanlar\u0131 de\u011ferlendirmebir dizi aktiviteleri anlatmaktad\u0131r. Bunlar mental, fiziksel, toplumsal ve sosyal aktivitelerdir. Serbest zamanlar ve serbest zaman etkinlikleri, bireylerin kendilerini ifade ettikleri, e\u011flendikleri, rahatlad\u0131klar\u0131, dinlendikleri, \u00e7ok y\u00f6nl\u00fc olarak kendilerini geli\u015ftirdikleri ve toplumsal olarak uyum kabiliyetlerini artt\u0131rd\u0131klar\u0131 zamanlard\u0131r. E\u011fitimin en bilinen tan\u0131m\u0131, bireylerde belirli bir hedefe y\u00f6nelik ya\u015fant\u0131lar yoluyla kal\u0131c\u0131 davran\u0131\u015f de\u011fi\u015fikliklerine yol a\u00e7makt\u0131r.G\u00fcn\u00fcm\u00fcz ko\u015fullar\u0131nda, e\u011fitimin formel yap\u0131s\u0131 i\u00e7erisinde ve d\u0131\u015f\u0131nda bu de\u011fi\u015fikliklere destek verecek en \u00f6nemli alan, serbest zamanlar\u0131n kontrol\u00fc ve dizayn edilmesidir. Serbest zaman\u0131n en temel fonksiyonu zaman\u0131 verimli, etkili ve kontroll\u00fc kullanmakt\u0131r. Aksi takdirde geleneksel oyunlar\u0131n yerini bo\u015flu\u011funu dolduran dijital oyunlar istenmeyen sonu\u00e7lar do\u011furmakta ve do\u011furacakt\u0131r. Bu anlamda, serbest zaman e\u011fitiminin ne derece \u00f6nemli oldu\u011funu yinelemek gerekmektedir.<\/p>\n","protected":false},"excerpt":{"rendered":"<p>Bilim ve teknoloji kullan\u0131m\u0131 bilin\u00e7li ve do\u011fru kullan\u0131lmad\u0131\u011f\u0131nda beraberinde \u00f6nemli sorunlar da getirmektedir. Olumsuzluk dijital oyunlara k\u00fc\u00e7\u00fck ya\u015flarda \u00e7ok fazla zaman ayr\u0131ld\u0131\u011f\u0131nda ba\u011f\u0131ml\u0131l\u0131k olu\u015fturmas\u0131d\u0131r. Bir serbest<span class=\"excerpt-hellip\"> [\u2026]<\/span><\/p>\n","protected":false},"featured_media":0,"template":"","meta":{"_monsterinsights_skip_tracking":false,"_monsterinsights_sitenote_active":false,"_monsterinsights_sitenote_note":"","_monsterinsights_sitenote_category":0},"product_brand":[],"product_cat":[12835,12324],"product_tag":[],"class_list":{"0":"post-727365","1":"product","2":"type-product","3":"status-publish","5":"product_cat-genel-sosyoloji","6":"product_cat-sosyoloji","7":"pa_cilt-ciltsiz","8":"pa_tur-kitap","9":"pa_yayinevi-astana-yayinlari","10":"pa_yazar-fehmi-calik-engin-yonet","12":"first","13":"instock","14":"sale","15":"shipping-taxable","16":"purchasable","17":"product-type-simple"},"_links":{"self":[{"href":"https:\/\/roveyayinevi.com.tr\/index.php\/wp-json\/wp\/v2\/product\/727365","targetHints":{"allow":["GET"]}}],"collection":[{"href":"https:\/\/roveyayinevi.com.tr\/index.php\/wp-json\/wp\/v2\/product"}],"about":[{"href":"https:\/\/roveyayinevi.com.tr\/index.php\/wp-json\/wp\/v2\/types\/product"}],"wp:attachment":[{"href":"https:\/\/roveyayinevi.com.tr\/index.php\/wp-json\/wp\/v2\/media?parent=727365"}],"wp:term":[{"taxonomy":"product_brand","embeddable":true,"href":"https:\/\/roveyayinevi.com.tr\/index.php\/wp-json\/wp\/v2\/product_brand?post=727365"},{"taxonomy":"product_cat","embeddable":true,"href":"https:\/\/roveyayinevi.com.tr\/index.php\/wp-json\/wp\/v2\/product_cat?post=727365"},{"taxonomy":"product_tag","embeddable":true,"href":"https:\/\/roveyayinevi.com.tr\/index.php\/wp-json\/wp\/v2\/product_tag?post=727365"}],"curies":[{"name":"wp","href":"https:\/\/api.w.org\/{rel}","templated":true}]}}