{"id":727355,"date":"2025-08-27T20:20:51","date_gmt":"2025-08-27T17:20:51","guid":{"rendered":"https:\/\/roveyayinevi.com.tr\/index.php\/urun\/bazi-kuslar-uctu\/"},"modified":"2026-04-16T02:35:16","modified_gmt":"2026-04-15T23:35:16","slug":"bazi-kuslar-uctu","status":"publish","type":"product","link":"https:\/\/roveyayinevi.com.tr\/index.php\/urun\/bazi-kuslar-uctu\/","title":{"rendered":"Baz\u0131 Ku\u015flar U\u00e7tu"},"content":{"rendered":"<p>Ru\u0308zg\u00e2r esti.Ya\u011fmur dindi.Baz\u0131 ku\u015flar u\u00e7tu.Bulutlar\u0131n aras\u0131nda Ekin\u2019in daha \u00f6nce g\u00f6ky\u00fcz\u00fcnde hi\u00e7 g\u00f6rmedi\u011fi bir resim olu\u015ftu.Esra Ercan Bilgi\u00e7 ve Merve Erbilgi\u00e7\u2019ten bir \u00e7ocu\u011fun bak\u0131\u015f a\u00e7\u0131s\u0131yla g\u00f6ky\u00fcz\u00fcn\u00fc anlatan, yarat\u0131c\u0131l\u0131\u011f\u0131n g\u00fcc\u00fcn\u00fc hat\u0131rlatan \u015fiirsel bir kitap.<\/p>\n","protected":false},"excerpt":{"rendered":"<p>Ru\u0308zg\u00e2r esti.Ya\u011fmur dindi.Baz\u0131 ku\u015flar u\u00e7tu.Bulutlar\u0131n aras\u0131nda Ekin\u2019in daha \u00f6nce g\u00f6ky\u00fcz\u00fcnde hi\u00e7 g\u00f6rmedi\u011fi bir resim olu\u015ftu.Esra Ercan Bilgi\u00e7 ve Merve Erbilgi\u00e7\u2019ten bir \u00e7ocu\u011fun bak\u0131\u015f a\u00e7\u0131s\u0131yla g\u00f6ky\u00fcz\u00fcn\u00fc anlatan,<span class=\"excerpt-hellip\"> [\u2026]<\/span><\/p>\n","protected":false},"featured_media":0,"template":"","meta":{"_monsterinsights_skip_tracking":false,"_monsterinsights_sitenote_active":false,"_monsterinsights_sitenote_note":"","_monsterinsights_sitenote_category":0},"product_brand":[],"product_cat":[12274,12284],"product_tag":[],"class_list":{"0":"post-727355","1":"product","2":"type-product","3":"status-publish","5":"product_cat-cocuk-ve-genclik-kitaplari","6":"product_cat-hikayeler","7":"pa_cilt-ciltsiz","8":"pa_tur-kitap","9":"pa_yayinevi-cinar-yayinlari","10":"pa_yazar-esra-ercan-bilgic","12":"first","13":"instock","14":"sale","15":"shipping-taxable","16":"purchasable","17":"product-type-simple"},"_links":{"self":[{"href":"https:\/\/roveyayinevi.com.tr\/index.php\/wp-json\/wp\/v2\/product\/727355","targetHints":{"allow":["GET"]}}],"collection":[{"href":"https:\/\/roveyayinevi.com.tr\/index.php\/wp-json\/wp\/v2\/product"}],"about":[{"href":"https:\/\/roveyayinevi.com.tr\/index.php\/wp-json\/wp\/v2\/types\/product"}],"wp:attachment":[{"href":"https:\/\/roveyayinevi.com.tr\/index.php\/wp-json\/wp\/v2\/media?parent=727355"}],"wp:term":[{"taxonomy":"product_brand","embeddable":true,"href":"https:\/\/roveyayinevi.com.tr\/index.php\/wp-json\/wp\/v2\/product_brand?post=727355"},{"taxonomy":"product_cat","embeddable":true,"href":"https:\/\/roveyayinevi.com.tr\/index.php\/wp-json\/wp\/v2\/product_cat?post=727355"},{"taxonomy":"product_tag","embeddable":true,"href":"https:\/\/roveyayinevi.com.tr\/index.php\/wp-json\/wp\/v2\/product_tag?post=727355"}],"curies":[{"name":"wp","href":"https:\/\/api.w.org\/{rel}","templated":true}]}}