{"id":727346,"date":"2025-08-27T20:20:42","date_gmt":"2025-08-27T17:20:42","guid":{"rendered":"https:\/\/roveyayinevi.com.tr\/index.php\/urun\/babamin-cocuklari\/"},"modified":"2026-04-16T02:35:16","modified_gmt":"2026-04-15T23:35:16","slug":"babamin-cocuklari","status":"publish","type":"product","link":"https:\/\/roveyayinevi.com.tr\/index.php\/urun\/babamin-cocuklari\/","title":{"rendered":"Babam\u0131n \u00c7ocuklar\u0131"},"content":{"rendered":"<p>Yazar Sel\u00e7uk \u00d6zyurt, Babam\u0131n \u00c7ocuklar\u0131 roman\u0131nda s\u0131ra d\u0131\u015f\u0131 bir \u015fimdiki zaman \u00f6yk\u00fcs\u00fc anlat\u0131yor\u2026Kuma\u015f t\u00fcccar\u0131 H\u00fcsamettin Bey\u2019in o\u011flu G\u00fcven, babas\u0131n\u0131n \u00f6l\u00fcm\u00fcnden sonra onun s\u0131rlar\u0131yla y\u00fczle\u015fir.Babas\u0131n\u0131n annesinden ba\u015fka iki e\u015fi daha oldu\u011funu \u00f6\u011frenir.Babas\u0131n\u0131n e\u015flerini ve \u00e7ocuklar\u0131n\u0131 \u00f6\u011frenmek, G\u00fcven\u2019in hayat\u0131n\u0131 alt \u00fcst eder. G\u00fcven\u2019in eski e\u015fi Leyla ile yeniden birlikte olmas\u0131 bile bunal\u0131m\u0131n\u0131 \u00f6nleyemez.\u00c7ift beyinli bir insan haline gelen G\u00fcven, babas\u0131n\u0131n ya\u015fam\u0131n\u0131 da i\u00e7ten i\u00e7e ya\u015famaktad\u0131r. Bak\u0131rk\u00f6y Ak\u0131l Hastanesi\u2019ne yat\u0131r\u0131l\u0131r. Doktorlar G\u00fcven\u2019in cep telefonuna el koyarlar.\u201cDoktorlar telefonuma el koyduklar\u0131 gibi, ke\u015fke beynime de el koyabilseler.Kafam\u0131 ikiye ay\u0131rsalar.Benim beynimi bana, babam\u0131n beynini ona verseler.\u201d<\/p>\n","protected":false},"excerpt":{"rendered":"<p>Yazar Sel\u00e7uk \u00d6zyurt, Babam\u0131n \u00c7ocuklar\u0131 roman\u0131nda s\u0131ra d\u0131\u015f\u0131 bir \u015fimdiki zaman \u00f6yk\u00fcs\u00fc anlat\u0131yor\u2026Kuma\u015f t\u00fcccar\u0131 H\u00fcsamettin Bey\u2019in o\u011flu G\u00fcven, babas\u0131n\u0131n \u00f6l\u00fcm\u00fcnden sonra onun s\u0131rlar\u0131yla y\u00fczle\u015fir.Babas\u0131n\u0131n annesinden ba\u015fka<span class=\"excerpt-hellip\"> [\u2026]<\/span><\/p>\n","protected":false},"featured_media":0,"template":"","meta":{"_monsterinsights_skip_tracking":false,"_monsterinsights_sitenote_active":false,"_monsterinsights_sitenote_note":"","_monsterinsights_sitenote_category":0},"product_brand":[],"product_cat":[12291,12711],"product_tag":[],"class_list":{"0":"post-727346","1":"product","2":"type-product","3":"status-publish","5":"product_cat-edebiyat","6":"product_cat-roman-oyku","7":"pa_cilt-ciltsiz","8":"pa_tur-kitap","9":"pa_yayinevi-biyografi-net-yayincilik","10":"pa_yazar-selcuk-ozyurt","12":"first","13":"instock","14":"sale","15":"shipping-taxable","16":"purchasable","17":"product-type-simple"},"_links":{"self":[{"href":"https:\/\/roveyayinevi.com.tr\/index.php\/wp-json\/wp\/v2\/product\/727346","targetHints":{"allow":["GET"]}}],"collection":[{"href":"https:\/\/roveyayinevi.com.tr\/index.php\/wp-json\/wp\/v2\/product"}],"about":[{"href":"https:\/\/roveyayinevi.com.tr\/index.php\/wp-json\/wp\/v2\/types\/product"}],"wp:attachment":[{"href":"https:\/\/roveyayinevi.com.tr\/index.php\/wp-json\/wp\/v2\/media?parent=727346"}],"wp:term":[{"taxonomy":"product_brand","embeddable":true,"href":"https:\/\/roveyayinevi.com.tr\/index.php\/wp-json\/wp\/v2\/product_brand?post=727346"},{"taxonomy":"product_cat","embeddable":true,"href":"https:\/\/roveyayinevi.com.tr\/index.php\/wp-json\/wp\/v2\/product_cat?post=727346"},{"taxonomy":"product_tag","embeddable":true,"href":"https:\/\/roveyayinevi.com.tr\/index.php\/wp-json\/wp\/v2\/product_tag?post=727346"}],"curies":[{"name":"wp","href":"https:\/\/api.w.org\/{rel}","templated":true}]}}