{"id":727342,"date":"2025-08-27T20:20:38","date_gmt":"2025-08-27T17:20:38","guid":{"rendered":"https:\/\/roveyayinevi.com.tr\/index.php\/urun\/pervin-teyze-nasil-basket-oynar\/"},"modified":"2026-04-16T02:35:16","modified_gmt":"2026-04-15T23:35:16","slug":"pervin-teyze-nasil-basket-oynar","status":"publish","type":"product","link":"https:\/\/roveyayinevi.com.tr\/index.php\/urun\/pervin-teyze-nasil-basket-oynar\/","title":{"rendered":"Pervin Teyze Nas\u0131l Basket Oynar?"},"content":{"rendered":"<p>S\u0131n\u0131rs\u0131z bir d\u00fc\u015f\u00fcnme d\u00fcnyas\u0131na e\u011flenceli, ilham veren bir yolculuk&#8230; Felsefe k\u00f6kenli yazar Serhan Kansu, \u00e7ocuklar i\u00e7in kaleme ald\u0131\u011f\u0131 felsefe kitab\u0131 \u201cPervin Teyze Nas\u0131l Basket Oynar?\u201d ile okurlar\u0131yla bulu\u015fuyor. B\u00fcy\u00fck k\u00fc\u00e7\u00fck herkese hitap eden kitap, e\u011flenceli diliyle felsefenin ne oldu\u011funa dair bilgi verirken bolca d\u00fc\u015f\u00fcnd\u00fcr\u00fcyor, yeni pencerelerden bakt\u0131r\u0131yor, merakl\u0131 sorular\u0131 pe\u015f pe\u015fe ak\u0131llara sal\u0131yor. Reng\u00e2renk bir d\u00fcnya sunan kitab\u0131n ba\u015far\u0131l\u0131 resimleri ise Ahmet Demirta\u015f\u2019a ait. ***Hepimiz ilk ma\u00e7\u0131m\u0131zda \u201chatal\u0131 y\u00fcr\u00fcme\u201d yapt\u0131k. Kimimizin \u00fc\u00e7l\u00fckleri potaya yeti\u015femedi, kimimize \u201cKarpuzlama at, karpuzlama\u201d diye \u00f6\u011f\u00fct verildi. Ama \u015fimdi o g\u00fcn geldi. T\u00fcm \u015futlar\u0131m\u0131z say\u0131 olmasa da daha iyi \u015futlar ataca\u011f\u0131m\u0131z g\u00fcn bug\u00fcn. Bug\u00fcn ak\u0131l sahas\u0131n\u0131 didik didik edecek o d\u00fc\u015f\u00fcnce ma\u00e7\u0131na \u00e7ok daha g\u00fc\u00e7l\u00fc \u00e7\u0131kaca\u011f\u0131z. \u00c7\u00fcnk\u00fc felsefe yapaca\u011f\u0131z. Sorular soraca\u011f\u0131z, d\u00fc\u015f\u00fcnece\u011fiz, felsefe hakk\u0131nda bilgi edinece\u011fiz ve en \u00f6nemlisi, akl\u0131m\u0131zda yepyeni kap\u0131lar a\u00e7\u0131l\u0131rken ufkumuzu geni\u015fletecek, farkl\u0131 bak\u0131\u015f a\u00e7\u0131lar\u0131 edinece\u011fiz. Pervin Teyze de bug\u00fcn elindeki bulmacas\u0131n\u0131 sehpaya b\u0131rak\u0131p e\u015fofmanlar\u0131n\u0131 giyecek ve o sahaya inecek. E\u011fer siz de haz\u0131rsan\u0131z haydi ma\u00e7 ba\u015flas\u0131n.<\/p>\n","protected":false},"excerpt":{"rendered":"<p>S\u0131n\u0131rs\u0131z bir d\u00fc\u015f\u00fcnme d\u00fcnyas\u0131na e\u011flenceli, ilham veren bir yolculuk&#8230; Felsefe k\u00f6kenli yazar Serhan Kansu, \u00e7ocuklar i\u00e7in kaleme ald\u0131\u011f\u0131 felsefe kitab\u0131 \u201cPervin Teyze Nas\u0131l Basket Oynar?\u201d ile<span class=\"excerpt-hellip\"> [\u2026]<\/span><\/p>\n","protected":false},"featured_media":0,"template":"","meta":{"_monsterinsights_skip_tracking":false,"_monsterinsights_sitenote_active":false,"_monsterinsights_sitenote_note":"","_monsterinsights_sitenote_category":0},"product_brand":[],"product_cat":[12275,12274],"product_tag":[],"class_list":{"0":"post-727342","1":"product","2":"type-product","3":"status-publish","5":"product_cat-6-12-yas-kitaplari","6":"product_cat-cocuk-ve-genclik-kitaplari","7":"pa_cilt-ciltsiz","8":"pa_tur-kitap","9":"pa_yayinevi-elma-cocuk","10":"pa_yazar-serhan-kansu","12":"first","13":"instock","14":"sale","15":"shipping-taxable","16":"purchasable","17":"product-type-simple"},"_links":{"self":[{"href":"https:\/\/roveyayinevi.com.tr\/index.php\/wp-json\/wp\/v2\/product\/727342","targetHints":{"allow":["GET"]}}],"collection":[{"href":"https:\/\/roveyayinevi.com.tr\/index.php\/wp-json\/wp\/v2\/product"}],"about":[{"href":"https:\/\/roveyayinevi.com.tr\/index.php\/wp-json\/wp\/v2\/types\/product"}],"wp:attachment":[{"href":"https:\/\/roveyayinevi.com.tr\/index.php\/wp-json\/wp\/v2\/media?parent=727342"}],"wp:term":[{"taxonomy":"product_brand","embeddable":true,"href":"https:\/\/roveyayinevi.com.tr\/index.php\/wp-json\/wp\/v2\/product_brand?post=727342"},{"taxonomy":"product_cat","embeddable":true,"href":"https:\/\/roveyayinevi.com.tr\/index.php\/wp-json\/wp\/v2\/product_cat?post=727342"},{"taxonomy":"product_tag","embeddable":true,"href":"https:\/\/roveyayinevi.com.tr\/index.php\/wp-json\/wp\/v2\/product_tag?post=727342"}],"curies":[{"name":"wp","href":"https:\/\/api.w.org\/{rel}","templated":true}]}}