{"id":727334,"date":"2025-08-27T20:20:31","date_gmt":"2025-08-27T17:20:31","guid":{"rendered":"https:\/\/roveyayinevi.com.tr\/index.php\/urun\/68-yilinda-ondokuz-yasindaysan-hep-ondokuz-yasindasin\/"},"modified":"2026-04-16T02:35:16","modified_gmt":"2026-04-15T23:35:16","slug":"68-yilinda-ondokuz-yasindaysan-hep-ondokuz-yasindasin","status":"publish","type":"product","link":"https:\/\/roveyayinevi.com.tr\/index.php\/urun\/68-yilinda-ondokuz-yasindaysan-hep-ondokuz-yasindasin\/","title":{"rendered":"68 Y\u0131l\u0131nda Ondokuz Ya\u015f\u0131ndaysan Hep Ondokuz Ya\u015f\u0131ndas\u0131n"},"content":{"rendered":"<p>\u201cNedir bu bendeki heyecan, yerinde duramama hali?Evet 1 May\u0131s\u2019ta gene Taksim\u2019deyim ve hayat\u0131m bir film \u015feridi gibi g\u00f6zlerimin \u00f6n\u00fcnden ak\u0131p ge\u00e7iyor.Ve ben kendi kendime m\u0131r\u0131ldan\u0131yorum: Kendi gen\u00e7li\u011fime ihanet edemem.Bunca y\u0131ld\u0131r g\u00f6rd\u00fcklerime, duyduklar\u0131ma ve inand\u0131klar\u0131ma ihanet edemem.Ben gencecik bir devrimciyken, grevdeki GAMAK i\u015f\u00e7isi \u015eerif Ayg\u00fcn hemen yan\u0131ba\u015f\u0131mda polis kur\u015funuyla \u00f6ld\u00fc. O g\u00fcn\u00fcn an\u0131s\u0131na ve \u015eerif Ayg\u00fcn\u2019e ihanet edemem.12 Mart askeri darbesi sonras\u0131 bu \u00fclkenin en g\u00fczel insanlar\u0131 polis kur\u015funuyla, idam edilerek \u00f6ld\u00fcr\u00fcld\u00fc. Onlara ve an\u0131lar\u0131na ihanet edemem.\u00d6l\u00fcm orucunda \u00f6len Sevgi Erdo\u011fan\u2019\u0131n \u00f6l\u00fcme bir kala g\u00f6zlerinde g\u00f6rd\u00fc\u011f\u00fcm umut \u0131\u015f\u0131lt\u0131s\u0131na ihanet edemem.Diyarbak\u0131r\u2019da film at\u00f6lyesi yapt\u0131\u011f\u0131mda, gecenin anlam\u0131n\u0131 \u2018korku\u2019 olarak tan\u0131mlayan ve kur\u015fun seslerini duymamak i\u00e7in s\u00fcrekli \u015fark\u0131 s\u00f6yleyen \u00f6\u011frencimin o \u015fark\u0131s\u0131na ihanet edemem.5 ya\u015f\u0131nda, elinde \u00e7i\u00e7eklerle tutuklu babas\u0131n\u0131 Davutpa\u015fa K\u0131\u015flas\u0131\u2019nda g\u00f6rmeye giden, k\u0131z\u0131ma ihanet edemem. Y\u0131llard\u0131r kay\u0131p \u00e7ocuklar\u0131n\u0131 bekleyen Cumartesi Anneleri\u2019ne, Berfo Ana\u2019ya ihanet edemem.Bu \u00fclkenin da\u011flar\u0131na, denizlerine, ovalar\u0131na, akarsular\u0131na ihanet edemem. Bu kitap ya\u015fad\u0131klar\u0131ma ortakl\u0131k eden t\u00fcm dostlar\u0131ma, karde\u015flerime adanm\u0131\u015ft\u0131r.\u201d<\/p>\n","protected":false},"excerpt":{"rendered":"<p>\u201cNedir bu bendeki heyecan, yerinde duramama hali?Evet 1 May\u0131s\u2019ta gene Taksim\u2019deyim ve hayat\u0131m bir film \u015feridi gibi g\u00f6zlerimin \u00f6n\u00fcnden ak\u0131p ge\u00e7iyor.Ve ben kendi kendime m\u0131r\u0131ldan\u0131yorum: Kendi<span class=\"excerpt-hellip\"> [\u2026]<\/span><\/p>\n","protected":false},"featured_media":0,"template":"","meta":{"_monsterinsights_skip_tracking":false,"_monsterinsights_sitenote_active":false,"_monsterinsights_sitenote_note":"","_monsterinsights_sitenote_category":0},"product_brand":[],"product_cat":[13701,12291],"product_tag":[],"class_list":{"0":"post-727334","1":"product","2":"type-product","3":"status-publish","5":"product_cat-ani-mektup-gunluk","6":"product_cat-edebiyat","7":"pa_cilt-ciltsiz","8":"pa_tur-kitap","9":"pa_yayinevi-cumhuriyet-kitaplari","10":"pa_yazar-isil-ozgenturk","12":"first","13":"instock","14":"sale","15":"shipping-taxable","16":"purchasable","17":"product-type-simple"},"_links":{"self":[{"href":"https:\/\/roveyayinevi.com.tr\/index.php\/wp-json\/wp\/v2\/product\/727334","targetHints":{"allow":["GET"]}}],"collection":[{"href":"https:\/\/roveyayinevi.com.tr\/index.php\/wp-json\/wp\/v2\/product"}],"about":[{"href":"https:\/\/roveyayinevi.com.tr\/index.php\/wp-json\/wp\/v2\/types\/product"}],"wp:attachment":[{"href":"https:\/\/roveyayinevi.com.tr\/index.php\/wp-json\/wp\/v2\/media?parent=727334"}],"wp:term":[{"taxonomy":"product_brand","embeddable":true,"href":"https:\/\/roveyayinevi.com.tr\/index.php\/wp-json\/wp\/v2\/product_brand?post=727334"},{"taxonomy":"product_cat","embeddable":true,"href":"https:\/\/roveyayinevi.com.tr\/index.php\/wp-json\/wp\/v2\/product_cat?post=727334"},{"taxonomy":"product_tag","embeddable":true,"href":"https:\/\/roveyayinevi.com.tr\/index.php\/wp-json\/wp\/v2\/product_tag?post=727334"}],"curies":[{"name":"wp","href":"https:\/\/api.w.org\/{rel}","templated":true}]}}