{"id":727313,"date":"2025-08-27T20:20:12","date_gmt":"2025-08-27T17:20:12","guid":{"rendered":"https:\/\/roveyayinevi.com.tr\/index.php\/urun\/ahtapotun-ruhu\/"},"modified":"2025-10-14T06:15:18","modified_gmt":"2025-10-14T03:15:18","slug":"ahtapotun-ruhu","status":"publish","type":"product","link":"https:\/\/roveyayinevi.com.tr\/index.php\/urun\/ahtapotun-ruhu\/","title":{"rendered":"Ahtapotun Ruhu"},"content":{"rendered":"<p>Ahtapotlar se\u00e7imlerini hangi g\u00fcd\u00fcyle yaparlar? Neden \u015fu rotay\u0131, \u015fu kavgay\u0131, \u015fu yuvay\u0131 de\u011fil de di\u011ferini tercih ederler? Davran\u0131\u015flar\u0131 geli\u015fig\u00fczel midir yoksa tecr\u00fcbeyle mi edinilmi\u015ftir? \u00d6zg\u00fcr iradeleri var m\u0131d\u0131r? Dahas\u0131 bir ahtapot gibi olmak nas\u0131ld\u0131r?Ahtapotlar\u0131n d\u00fc\u015f\u00fcnceleri, duygular\u0131 ve bir ki\u015filikleri vard\u0131r. Onlar de\u011fi\u015fim \u00fcstatlar\u0131d\u0131r. Bir ahtapot, i\u00e7inde bulundu\u011fu durum i\u00e7in gerekli g\u00f6r\u00fcnt\u00fcy\u00fc se\u00e7mek, se\u00e7imine uygun \u015fekilde de\u011fi\u015fmek, en sonunda sonu\u00e7lar\u0131 g\u00f6zlemlemek ve gerekirse tekrar de\u011fi\u015fmek zorundad\u0131r. Kendinden farkl\u0131 bir yarat\u0131\u011f\u0131n zihninde neler oldu\u011funu tahmin edebilen b\u00fct\u00fcn yarat\u0131klar\u0131n en ba\u015far\u0131l\u0131s\u0131, ahtapottur. \u00c7\u00fcnk\u00fc ahtapot, kendini korumak i\u00e7in yapt\u0131\u011f\u0131 say\u0131s\u0131z aldatmacay\u0131 bu yetenek olmadan yapamaz. Pop\u00fcler do\u011fabilimcisi Sy Montgomery, ara\u015ft\u0131rmac\u0131l\u0131\u011f\u0131n ger\u00e7ek derinli\u011fine iniyor. Bir yandan bu zeki ve b\u00fcy\u00fcleyici yumu\u015fak\u00e7alara kar\u015f\u0131 duydu\u011fu hayranl\u0131\u011f\u0131n kronolojik tarihini yaz\u0131yor, di\u011fer yandan e\u015fsiz bir a\u015fk hik\u00e2yesi anlat\u0131yor. Kimi zaman e\u011flenceli, kimi zamansa dokunakl\u0131 ve derinlikli olan AHTAPOTUN RUHU, Sibel Ala\u015f\u2019\u0131n kusursuz \u00e7evirisiyle ahtapotlar\u0131n zek\u00e2s\u0131na dair \u00f6\u011frenebileceklerimizi a\u00e7\u0131\u011fa \u00e7\u0131kar\u0131yor. Sonsuz ve ebedi bir okyanusu bir ahtapottan daha iyi kim bilebilir? Ve hayat\u0131 var eden su taraf\u0131ndan sarmalanm\u0131\u015f bir ahtapotun kollar\u0131nda dinlenmekten daha derin bir sakinlik nerede bulunabilir?   \u201cY\u0131l\u0131n en iyi bilim kitaplar\u0131ndan biri.\u201d \u2013 Science Friday   \u201cBir uzayl\u0131n\u0131n bilincine b\u00fcy\u00fcleyici bir bak\u0131\u015f.\u201d \u2013 Kirkus Rewievs<\/p>\n","protected":false},"excerpt":{"rendered":"<p>Ahtapotlar se\u00e7imlerini hangi g\u00fcd\u00fcyle yaparlar? Neden \u015fu rotay\u0131, \u015fu kavgay\u0131, \u015fu yuvay\u0131 de\u011fil de di\u011ferini tercih ederler? Davran\u0131\u015flar\u0131 geli\u015fig\u00fczel midir yoksa tecr\u00fcbeyle mi edinilmi\u015ftir? \u00d6zg\u00fcr iradeleri<span class=\"excerpt-hellip\"> [\u2026]<\/span><\/p>\n","protected":false},"featured_media":0,"template":"","meta":{"_monsterinsights_skip_tracking":false,"_monsterinsights_sitenote_active":false,"_monsterinsights_sitenote_note":"","_monsterinsights_sitenote_category":0},"product_brand":[],"product_cat":[13005,13010],"product_tag":[],"class_list":{"0":"post-727313","1":"product","2":"type-product","3":"status-publish","5":"product_cat-bilim-muhendislik","6":"product_cat-doga-bilimleri","7":"pa_cilt-ciltsiz","8":"pa_tur-kitap","9":"pa_yayinevi-beyaz-baykus-yayinlari","10":"pa_yazar-sy-montgomery","12":"first","13":"instock","14":"sale","15":"shipping-taxable","16":"purchasable","17":"product-type-simple"},"_links":{"self":[{"href":"https:\/\/roveyayinevi.com.tr\/index.php\/wp-json\/wp\/v2\/product\/727313","targetHints":{"allow":["GET"]}}],"collection":[{"href":"https:\/\/roveyayinevi.com.tr\/index.php\/wp-json\/wp\/v2\/product"}],"about":[{"href":"https:\/\/roveyayinevi.com.tr\/index.php\/wp-json\/wp\/v2\/types\/product"}],"wp:attachment":[{"href":"https:\/\/roveyayinevi.com.tr\/index.php\/wp-json\/wp\/v2\/media?parent=727313"}],"wp:term":[{"taxonomy":"product_brand","embeddable":true,"href":"https:\/\/roveyayinevi.com.tr\/index.php\/wp-json\/wp\/v2\/product_brand?post=727313"},{"taxonomy":"product_cat","embeddable":true,"href":"https:\/\/roveyayinevi.com.tr\/index.php\/wp-json\/wp\/v2\/product_cat?post=727313"},{"taxonomy":"product_tag","embeddable":true,"href":"https:\/\/roveyayinevi.com.tr\/index.php\/wp-json\/wp\/v2\/product_tag?post=727313"}],"curies":[{"name":"wp","href":"https:\/\/api.w.org\/{rel}","templated":true}]}}