{"id":727300,"date":"2025-08-27T20:19:59","date_gmt":"2025-08-27T17:19:59","guid":{"rendered":"https:\/\/roveyayinevi.com.tr\/index.php\/urun\/inci-dusum\/"},"modified":"2026-04-16T02:35:15","modified_gmt":"2026-04-15T23:35:15","slug":"inci-dusum","status":"publish","type":"product","link":"https:\/\/roveyayinevi.com.tr\/index.php\/urun\/inci-dusum\/","title":{"rendered":"\u0130nci D\u00fc\u015f\u00fcm"},"content":{"rendered":"<p>A\u015fk i\u00e7in neleri yapabilirsin? Sevdi\u011fin i\u00e7in b\u00fct\u00fcn hayat\u0131n\u0131 de\u011fi\u015ftirebilir misin? Yoluna \u00e7\u0131kan ta\u015flar ondan vazge\u00e7meni sa\u011flayabilir mi? Peki, bu ta\u015flar ailelerinizse ne yapabilirsin? Arda sevdi\u011fi kad\u0131n i\u00e7in, onun mutlulu\u011fu, huzuru i\u00e7in ondan uzak kalmay\u0131 g\u00f6ze alm\u0131\u015ft\u0131r. \u00dcstelik sevdi\u011fi kad\u0131n\u0131n, \u00e7ocukluk a\u015fk\u0131n\u0131n bu sevgiden haberi dahi yokken\u2026 Mesafelerin a\u015fka engel, unutmaya ise \u00e7are olamayaca\u011f\u0131n\u0131 anlayan Arda Alya\u2019n\u0131n kalbini kazanmak i\u00e7in \u00e7abalamaya karar vermi\u015ftir. Ancak b\u00fcy\u00fck bir sevgi ortam\u0131nda b\u00fcy\u00fcy\u00fcp, anne babas\u0131n\u0131n aras\u0131ndaki a\u015fka hayat\u0131 boyunca hayranl\u0131kla \u015fahit olan Alya\u2019n\u0131n beklentileriyle Arda\u2019n\u0131n verece\u011fi a\u015fk \u00f6rt\u00fc\u015fecek mi, Alya bu a\u015fka kar\u015f\u0131l\u0131k verecek mi dersiniz? Arda\u2019n\u0131n kalp titreten a\u015fk\u0131 ve Alya\u2019n\u0131n tatt\u0131\u011f\u0131 yepyeni duygularla \u015feker tad\u0131nda, kalplerinizi saracak, sevginin g\u00fcc\u00fcne inanc\u0131n\u0131z\u0131 tazeleyecek bir a\u015fk hik\u00e2yesi\u2026 <\/p>\n","protected":false},"excerpt":{"rendered":"<p>A\u015fk i\u00e7in neleri yapabilirsin? Sevdi\u011fin i\u00e7in b\u00fct\u00fcn hayat\u0131n\u0131 de\u011fi\u015ftirebilir misin? Yoluna \u00e7\u0131kan ta\u015flar ondan vazge\u00e7meni sa\u011flayabilir mi? Peki, bu ta\u015flar ailelerinizse ne yapabilirsin? Arda sevdi\u011fi kad\u0131n<span class=\"excerpt-hellip\"> [\u2026]<\/span><\/p>\n","protected":false},"featured_media":0,"template":"","meta":{"_monsterinsights_skip_tracking":false,"_monsterinsights_sitenote_active":false,"_monsterinsights_sitenote_note":"","_monsterinsights_sitenote_category":0},"product_brand":[],"product_cat":[14643,12291],"product_tag":[],"class_list":{"0":"post-727300","1":"product","2":"type-product","3":"status-publish","5":"product_cat-ask","6":"product_cat-edebiyat","7":"pa_cilt-ciltsiz","8":"pa_tur-kitap","9":"pa_yayinevi-muptela-yayinevi","10":"pa_yazar-emine-dogan","12":"first","13":"instock","14":"sale","15":"shipping-taxable","16":"purchasable","17":"product-type-simple"},"_links":{"self":[{"href":"https:\/\/roveyayinevi.com.tr\/index.php\/wp-json\/wp\/v2\/product\/727300","targetHints":{"allow":["GET"]}}],"collection":[{"href":"https:\/\/roveyayinevi.com.tr\/index.php\/wp-json\/wp\/v2\/product"}],"about":[{"href":"https:\/\/roveyayinevi.com.tr\/index.php\/wp-json\/wp\/v2\/types\/product"}],"wp:attachment":[{"href":"https:\/\/roveyayinevi.com.tr\/index.php\/wp-json\/wp\/v2\/media?parent=727300"}],"wp:term":[{"taxonomy":"product_brand","embeddable":true,"href":"https:\/\/roveyayinevi.com.tr\/index.php\/wp-json\/wp\/v2\/product_brand?post=727300"},{"taxonomy":"product_cat","embeddable":true,"href":"https:\/\/roveyayinevi.com.tr\/index.php\/wp-json\/wp\/v2\/product_cat?post=727300"},{"taxonomy":"product_tag","embeddable":true,"href":"https:\/\/roveyayinevi.com.tr\/index.php\/wp-json\/wp\/v2\/product_tag?post=727300"}],"curies":[{"name":"wp","href":"https:\/\/api.w.org\/{rel}","templated":true}]}}