{"id":727276,"date":"2025-08-27T20:19:37","date_gmt":"2025-08-27T17:19:37","guid":{"rendered":"https:\/\/roveyayinevi.com.tr\/index.php\/urun\/hedefteki-osmanli\/"},"modified":"2026-04-16T02:35:15","modified_gmt":"2026-04-15T23:35:15","slug":"hedefteki-osmanli","status":"publish","type":"product","link":"https:\/\/roveyayinevi.com.tr\/index.php\/urun\/hedefteki-osmanli\/","title":{"rendered":"Hedefteki Osmanl\u0131"},"content":{"rendered":"<p>Yanl\u0131\u015flar\u0131 tekrarlamamak, haks\u0131zl\u0131klar\u0131 unutmamak, bilmek ve ba\u015farmak i\u00e7in zaman, 100 y\u0131l \u00f6ncesini hat\u0131rlama zaman\u0131d\u0131r. Birinci D\u00fcnya Sava\u015f\u0131\u2019n\u0131 hat\u0131rlamam\u0131z gerekiyor. D\u00fcnyada hi\u00e7bir olay g\u00fcn\u00fcm\u00fcz\u00fc bu sava\u015f kadar belirlemedi. T\u00fcrkiye\u2019nin d\u00fcn\u00fc de, bug\u00fcn\u00fc de bu sava\u015fla ve sonu\u00e7lar\u0131yla ba\u011flant\u0131l\u0131d\u0131r.D\u00fcnyan\u0131n yeniden da\u011f\u0131ld\u0131\u011f\u0131 g\u00fcn\u00fcm\u00fczde Budape\u015fte-Basra ve Hazar-Trablusgarp aras\u0131ndaki her kilit geli\u015fme y\u00fcz y\u0131l \u00f6ncesine, Birinci D\u00fcnya Sava\u015f\u0131\u2019na uzan\u0131r. H\u00e2len da\u011f\u0131lmakta olan d\u00fcnyada T\u00fcrkiye\u2019nin g\u00fcndemi olan S\u0131n\u0131r G\u00fcvenli\u011fi, Akdeniz-Ege kara sular\u0131m\u0131z, Bo\u011fazlar, Mavi Vatan, Kafkasya ve K\u0131br\u0131s \u00f6nceliklerimizin k\u00f6k\u00fc, Birinci D\u00fcnya Sava\u015f\u0131 ve sonras\u0131na dayan\u0131r.Osmanl\u0131 \u0130mparatorlu\u011fu co\u011frafyas\u0131n\u0131n sorunlar\u0131, bug\u00fcn dalga dalga d\u00fcnyaya yay\u0131l\u0131p Birinci D\u00fcnya Sava\u015f\u0131\u2019n\u0131n galiplerini rahats\u0131z ediyor. Bu s\u00fcrecin tarihini bilmek zorunday\u0131z. \u00c7\u00fcnk\u00fc \u00fclkeler i\u00e7in haf\u0131zan\u0131n kaybedilmesi tehlikelidir. \u00c7\u00fcnk\u00fc unutu\u015f, ayn\u0131 zamanda kaybedi\u015ftir. Hedefteki Osmanl\u0131 bu konuda hem haf\u0131zam\u0131z\u0131 tazeliyor hem de T\u00fcrkiye\u2019nin g\u00fcn\u00fcm\u00fczdeki \u00f6nemini bir kere daha vurguluyor.<\/p>\n","protected":false},"excerpt":{"rendered":"<p>Yanl\u0131\u015flar\u0131 tekrarlamamak, haks\u0131zl\u0131klar\u0131 unutmamak, bilmek ve ba\u015farmak i\u00e7in zaman, 100 y\u0131l \u00f6ncesini hat\u0131rlama zaman\u0131d\u0131r. Birinci D\u00fcnya Sava\u015f\u0131\u2019n\u0131 hat\u0131rlamam\u0131z gerekiyor. D\u00fcnyada hi\u00e7bir olay g\u00fcn\u00fcm\u00fcz\u00fc bu sava\u015f kadar<span class=\"excerpt-hellip\"> [\u2026]<\/span><\/p>\n","protected":false},"featured_media":0,"template":"","meta":{"_monsterinsights_skip_tracking":false,"_monsterinsights_sitenote_active":false,"_monsterinsights_sitenote_note":"","_monsterinsights_sitenote_category":0},"product_brand":[],"product_cat":[13517,12304],"product_tag":[],"class_list":{"0":"post-727276","1":"product","2":"type-product","3":"status-publish","5":"product_cat-osmanli-tarihi","6":"product_cat-tarih","7":"pa_cilt-ciltsiz","8":"pa_tur-kitap","9":"pa_yayinevi-turkuvaz-kitap","10":"pa_yazar-selim-atalay","12":"first","13":"instock","14":"sale","15":"shipping-taxable","16":"purchasable","17":"product-type-simple"},"_links":{"self":[{"href":"https:\/\/roveyayinevi.com.tr\/index.php\/wp-json\/wp\/v2\/product\/727276","targetHints":{"allow":["GET"]}}],"collection":[{"href":"https:\/\/roveyayinevi.com.tr\/index.php\/wp-json\/wp\/v2\/product"}],"about":[{"href":"https:\/\/roveyayinevi.com.tr\/index.php\/wp-json\/wp\/v2\/types\/product"}],"wp:attachment":[{"href":"https:\/\/roveyayinevi.com.tr\/index.php\/wp-json\/wp\/v2\/media?parent=727276"}],"wp:term":[{"taxonomy":"product_brand","embeddable":true,"href":"https:\/\/roveyayinevi.com.tr\/index.php\/wp-json\/wp\/v2\/product_brand?post=727276"},{"taxonomy":"product_cat","embeddable":true,"href":"https:\/\/roveyayinevi.com.tr\/index.php\/wp-json\/wp\/v2\/product_cat?post=727276"},{"taxonomy":"product_tag","embeddable":true,"href":"https:\/\/roveyayinevi.com.tr\/index.php\/wp-json\/wp\/v2\/product_tag?post=727276"}],"curies":[{"name":"wp","href":"https:\/\/api.w.org\/{rel}","templated":true}]}}

Hedefteki Osmanlı

<p>Yanlışları tekrarlamamak, haksızlıkları unutmamak, bilmek ve başarmak için zaman, 100 yıl öncesini hatırlama zamanıdır. Birinci Dünya Savaşı’nı hatırlamamız gerekiyor. Dünyada hiçbir olay günümüzü bu savaş kadar belirlemedi. Türkiye’nin dünü de, bugünü de bu savaşla ve sonuçlarıyla bağlantılıdır.Dünyanın yeniden dağıldığı günümüzde Budapeşte-Basra ve Hazar-Trablusgarp arasındaki her kilit gelişme yüz yıl öncesine, Birinci Dünya Savaşı’na uzanır. Hâlen dağılmakta olan dünyada Türkiye’nin gündemi olan Sınır Güvenliği, Akdeniz-Ege kara sularımız, Boğazlar, Mavi Vatan, Kafkasya ve Kıbrıs önceliklerimizin kökü, Birinci Dünya Savaşı ve sonrasına dayanır.Osmanlı İmparatorluğu coğrafyasının sorunları, bugün dalga dalga dünyaya yayılıp Birinci Dünya Savaşı’nın galiplerini rahatsız ediyor. Bu sürecin tarihini bilmek zorundayız. Çünkü ülkeler için hafızanın kaybedilmesi tehlikelidir. Çünkü unutuş, aynı zamanda kaybediştir. Hedefteki Osmanlı bu konuda hem hafızamızı tazeliyor hem de Türkiye’nin günümüzdeki önemini bir kere daha vurguluyor.</p>

<p>Yanlışları tekrarlamamak, haksızlıkları unutmamak, bilmek ve başarmak için zaman, 100 yıl öncesini hatırlama zamanıdır. Birinci Dünya Savaşı’nı hatırlamamız gerekiyor. Dünyada hiçbir olay günümüzü bu savaş kadar<span class="excerpt-hellip"> […]</span></p>
