{"id":727258,"date":"2025-08-27T20:19:21","date_gmt":"2025-08-27T17:19:21","guid":{"rendered":"https:\/\/roveyayinevi.com.tr\/index.php\/urun\/kuantum-gorelilik-kutlecekimi\/"},"modified":"2026-04-16T02:35:14","modified_gmt":"2026-04-15T23:35:14","slug":"kuantum-gorelilik-kutlecekimi","status":"publish","type":"product","link":"https:\/\/roveyayinevi.com.tr\/index.php\/urun\/kuantum-gorelilik-kutlecekimi\/","title":{"rendered":"Kuantum Go\u0308relilik Ku\u0308tlec\u0327ekimi"},"content":{"rendered":"<p>Ku\u0308tle\u00e7ekim dalgalar\u0131n\u0131n uzayda \u0131\u015f\u0131k h\u0131z\u0131yla yol alan uzay-zaman deformasyonlar\u0131 oldu\u011funu biliyor muydunuz? Ya da kara deli\u011fin merkezinde uzay-zaman e\u011frili\u011finin sonsuz oldu\u011funu?Bunlar\u0131 \u015fimdiye dek hi\u00e7 duymam\u0131\u015f ya da \u00f6\u011frenme f\u0131rsat\u0131 bulamam\u0131\u015f olman\u0131z\u0131 hi\u00e7 dert etmeyin. Kuantum, G\u00f6relilik, Ku\u0308tle\u00e7ekimi yeni fizi\u011fin bu ve benzeri pu\u0308f noktalar\u0131n\u0131 bilmenize, \u00f6\u011frenmenize ve anlaman\u0131za yard\u0131mc\u0131 olmak i\u00e7in yaz\u0131ld\u0131. Evet, yalan yok, yeni fizik \u00e7ok zor, ama \u00e7ok \u015fu\u0308ku\u0308r Furkan Semih Du\u0308ndar gibi yazarlar var ve bu konular hakk\u0131nda fikir sahibi olman\u0131za yard\u0131m etmek i\u00e7in ellerinden geleni yap\u0131yorlar. F\u0131rsat\u0131 ka\u00e7\u0131rmay\u0131n!<\/p>\n","protected":false},"excerpt":{"rendered":"<p>Ku\u0308tle\u00e7ekim dalgalar\u0131n\u0131n uzayda \u0131\u015f\u0131k h\u0131z\u0131yla yol alan uzay-zaman deformasyonlar\u0131 oldu\u011funu biliyor muydunuz? Ya da kara deli\u011fin merkezinde uzay-zaman e\u011frili\u011finin sonsuz oldu\u011funu?Bunlar\u0131 \u015fimdiye dek hi\u00e7 duymam\u0131\u015f ya<span class=\"excerpt-hellip\"> [\u2026]<\/span><\/p>\n","protected":false},"featured_media":0,"template":"","meta":{"_monsterinsights_skip_tracking":false,"_monsterinsights_sitenote_active":false,"_monsterinsights_sitenote_note":"","_monsterinsights_sitenote_category":0},"product_brand":[],"product_cat":[13005,13006],"product_tag":[],"class_list":{"0":"post-727258","1":"product","2":"type-product","3":"status-publish","5":"product_cat-bilim-muhendislik","6":"product_cat-populer-bilim","7":"pa_cilt-ciltsiz","8":"pa_tur-kitap","9":"pa_yayinevi-say-yayinlari","10":"pa_yazar-furkan-semih-dundar","12":"first","13":"instock","14":"sale","15":"shipping-taxable","16":"purchasable","17":"product-type-simple"},"_links":{"self":[{"href":"https:\/\/roveyayinevi.com.tr\/index.php\/wp-json\/wp\/v2\/product\/727258","targetHints":{"allow":["GET"]}}],"collection":[{"href":"https:\/\/roveyayinevi.com.tr\/index.php\/wp-json\/wp\/v2\/product"}],"about":[{"href":"https:\/\/roveyayinevi.com.tr\/index.php\/wp-json\/wp\/v2\/types\/product"}],"wp:attachment":[{"href":"https:\/\/roveyayinevi.com.tr\/index.php\/wp-json\/wp\/v2\/media?parent=727258"}],"wp:term":[{"taxonomy":"product_brand","embeddable":true,"href":"https:\/\/roveyayinevi.com.tr\/index.php\/wp-json\/wp\/v2\/product_brand?post=727258"},{"taxonomy":"product_cat","embeddable":true,"href":"https:\/\/roveyayinevi.com.tr\/index.php\/wp-json\/wp\/v2\/product_cat?post=727258"},{"taxonomy":"product_tag","embeddable":true,"href":"https:\/\/roveyayinevi.com.tr\/index.php\/wp-json\/wp\/v2\/product_tag?post=727258"}],"curies":[{"name":"wp","href":"https:\/\/api.w.org\/{rel}","templated":true}]}}