{"id":727253,"date":"2025-08-27T20:19:16","date_gmt":"2025-08-27T17:19:16","guid":{"rendered":"https:\/\/roveyayinevi.com.tr\/index.php\/urun\/gencler-icin-nutuk-4\/"},"modified":"2026-04-16T02:35:14","modified_gmt":"2026-04-15T23:35:14","slug":"gencler-icin-nutuk-4","status":"publish","type":"product","link":"https:\/\/roveyayinevi.com.tr\/index.php\/urun\/gencler-icin-nutuk-4\/","title":{"rendered":"Gen\u00e7ler \u0130\u00e7in Nutuk"},"content":{"rendered":"<p>Ey B\u00fcy\u00fck Ata, Varl\u0131\u011f\u0131m\u0131z\u0131n en kutsal temeli olan, T\u00fcrk \u0130stikl\u00e2l ve Cumhuriyetinin sonsuz bek\u00e7isiyiz. Bu karar, de\u011fi\u015fmez irademizin ilk ve son anlat\u0131m\u0131d\u0131r. \u0130stikb\u00e2lde, hi\u00e7bir kuvvet bizi yolumuzdan d\u00f6nd\u00fcrmeyecektir. Bizler, b\u00fct\u00fcn h\u0131z\u0131m\u0131z\u0131 senden, ulusal tarihimizden ve ruhumuzdaki s\u00f6nmez inan\u00e7 ate\u015finden al\u0131yoruz. Senin kurdu\u011fun g\u00fc\u00e7l\u00fc temeller \u00fczerinde att\u0131\u011f\u0131m\u0131z her ad\u0131m sa\u011flam, yapt\u0131\u011f\u0131m\u0131z her at\u0131l\u0131m bilin\u00e7lidir. En k\u0131ymetli emanetimiz olan, T\u00fcrk \u0130stikl\u00e2l ve Cumhuriyeti, varl\u0131\u011f\u0131m\u0131z\u0131n esas\u0131 olarak, e\u011filmez ba\u015flar\u0131n, b\u00fck\u00fclmez kollar\u0131n, yenilmez T\u00fcrk evlatlar\u0131n\u0131n elinde sonsuza dek ya\u015fayacak ve nesillerden nesillere devredilecektir. \u0130stikl\u00e2l ve Cumhuriyetimize kastedecek d\u00fc\u015fmanlar, en modern silahlarla donanm\u0131\u015f olarak, en kuvvetli ordularla \u00fczerimize sald\u0131rsalar dahi, ulusal birli\u011fimizi ve yenilmez T\u00fcrk g\u00fcc\u00fcn\u00fcn zerresini bile sarsamayacakt\u0131r. \u00c7\u00fcnk\u00fc, bu aziz vatan\u0131n topraklar\u0131 \u00fczerinde yeti\u015fen azimli ve inan\u00e7l\u0131 T\u00fcrk gen\u00e7li\u011fi, d\u00f6k\u00fclen temiz kanlar\u0131n ve Cumhuriyet devrimlerimizin ayd\u0131n \u00fcr\u00fcnleridir. Vatan\u0131n ve milletin selameti i\u00e7in her zorlu\u011fa iman dolu g\u00f6\u011fs\u00fcm\u00fcz\u00fc germek, ger\u00e7ek amac\u0131m\u0131z olacakt\u0131r. Ey T\u00fcrk\u2019\u00fcn b\u00fcy\u00fck Ata\u2019s\u0131! \u0130stikl\u00e2l ve Cumhuriyetimizi korumak gerekti\u011fi zaman, i\u00e7inde bulunaca\u011f\u0131m\u0131z durumlar ve \u015fartlar ne olursa olsun, kudret ve cesaretimizi damarlar\u0131m\u0131zdaki asil kandan alarak, b\u00fct\u00fcn engelleri a\u015f\u0131p her g\u00fc\u00e7l\u00fc\u011f\u00fc yenmek azmindeyiz. T\u00fcrk gen\u00e7li\u011fi olarak \u00f6zg\u00fcrl\u00fc\u011f\u00fcn, ba\u011f\u0131ms\u0131zl\u0131\u011f\u0131n, egemenli\u011fin, cumhuriyet ve devrimlerin y\u0131lmaz bek\u00e7ileriyiz. Her zaman, her yerde ve her durumda Atat\u00fcrk ilkelerinden ayr\u0131lmayaca\u011f\u0131m\u0131za, \u00e7a\u011fda\u015f uygarl\u0131\u011fa ge\u00e7mek i\u00e7in b\u00fct\u00fcn zorluklar\u0131 yenece\u011fimize, namus ve \u015feref s\u00f6z\u00fc verir, kendimizi b\u00fcy\u00fck T\u00fcrk ulusuna adar\u0131z. T\u00fcrk Gen\u00e7li\u011fi <\/p>\n","protected":false},"excerpt":{"rendered":"<p>Ey B\u00fcy\u00fck Ata, Varl\u0131\u011f\u0131m\u0131z\u0131n en kutsal temeli olan, T\u00fcrk \u0130stikl\u00e2l ve Cumhuriyetinin sonsuz bek\u00e7isiyiz. Bu karar, de\u011fi\u015fmez irademizin ilk ve son anlat\u0131m\u0131d\u0131r. \u0130stikb\u00e2lde, hi\u00e7bir kuvvet bizi<span class=\"excerpt-hellip\"> [\u2026]<\/span><\/p>\n","protected":false},"featured_media":0,"template":"","meta":{"_monsterinsights_skip_tracking":false,"_monsterinsights_sitenote_active":false,"_monsterinsights_sitenote_note":"","_monsterinsights_sitenote_category":0},"product_brand":[],"product_cat":[14009,12291],"product_tag":[],"class_list":{"0":"post-727253","1":"product","2":"type-product","3":"status-publish","5":"product_cat-biyografi-otobiyografi-edebiyat","6":"product_cat-edebiyat","7":"pa_cilt-ciltsiz","8":"pa_tur-kitap","9":"pa_yayinevi-dokuz-yayinlari","10":"pa_yazar-mustafa-kemal-ataturk","12":"first","13":"instock","14":"sale","15":"shipping-taxable","16":"purchasable","17":"product-type-simple"},"_links":{"self":[{"href":"https:\/\/roveyayinevi.com.tr\/index.php\/wp-json\/wp\/v2\/product\/727253","targetHints":{"allow":["GET"]}}],"collection":[{"href":"https:\/\/roveyayinevi.com.tr\/index.php\/wp-json\/wp\/v2\/product"}],"about":[{"href":"https:\/\/roveyayinevi.com.tr\/index.php\/wp-json\/wp\/v2\/types\/product"}],"wp:attachment":[{"href":"https:\/\/roveyayinevi.com.tr\/index.php\/wp-json\/wp\/v2\/media?parent=727253"}],"wp:term":[{"taxonomy":"product_brand","embeddable":true,"href":"https:\/\/roveyayinevi.com.tr\/index.php\/wp-json\/wp\/v2\/product_brand?post=727253"},{"taxonomy":"product_cat","embeddable":true,"href":"https:\/\/roveyayinevi.com.tr\/index.php\/wp-json\/wp\/v2\/product_cat?post=727253"},{"taxonomy":"product_tag","embeddable":true,"href":"https:\/\/roveyayinevi.com.tr\/index.php\/wp-json\/wp\/v2\/product_tag?post=727253"}],"curies":[{"name":"wp","href":"https:\/\/api.w.org\/{rel}","templated":true}]}}