{"id":727251,"date":"2025-08-27T20:19:14","date_gmt":"2025-08-27T17:19:14","guid":{"rendered":"https:\/\/roveyayinevi.com.tr\/index.php\/urun\/anilar\/"},"modified":"2026-04-16T02:35:14","modified_gmt":"2026-04-15T23:35:14","slug":"anilar","status":"publish","type":"product","link":"https:\/\/roveyayinevi.com.tr\/index.php\/urun\/anilar\/","title":{"rendered":"An\u0131lar"},"content":{"rendered":"<p>\u201cO, Samsun\u2019a \u00e7\u0131kt\u0131\u011f\u0131 zaman, \u00fcst\u00fc ba\u015f\u0131 y\u0131rt\u0131k, postallar\u0131 patlam\u0131\u015f, silahs\u0131z bir er g\u00f6rd\u00fc. Y\u00fcz\u00fcn\u00fcn rengi bak\u0131ra d\u00f6nm\u00fc\u015f, bir deri bir kemik kalm\u0131\u015f bu T\u00fcrk askeri a\u011fl\u0131yordu. Ona sordu: \u2018Asker a\u011flamaz arkada\u015f, sen niye a\u011fl\u0131yorsun?\u2019 Er irkildi, ba\u015f\u0131n\u0131 kald\u0131rd\u0131. Bu sesi tan\u0131yordu ve bu y\u00fcz ona yabanc\u0131 de\u011fildi. Hemen do\u011fruldu ve Anafartalar\u2019daki komutan\u0131n\u0131 \u00e7elik yay gibi selamlad\u0131.\u2018S\u00f6yle ni\u00e7in a\u011fl\u0131yorsun?\u2019 \u0130\u00e7 Anadolu\u2019nun yan\u0131k y\u00fcrekli \u00e7ocu\u011fu i\u00e7ini \u00e7ekti: \u2018D\u00fc\u015fman memleketi bast\u0131, h\u00fck\u00fcmet beni terhis etti. Silah\u0131m\u0131z\u0131 elimizden ald\u0131. Topra\u011f\u0131ma giren d\u00fc\u015fman\u0131 ne ile \u00f6ld\u00fcrece\u011fim?\u2019 Mustafa Kemal Pa\u015fa, askerin omzuna elini koydu: \u2018\u00dcz\u00fclme \u00e7ocu\u011fum, gel benimle.\u2019 Ve Samsun deposunda giydirilip, silahland\u0131rarak yan\u0131na ald\u0131\u011f\u0131 ilk er bu Mehmet\u00e7ik oldu.\u201d D\u00fc\u015fman i\u015fgalindeki bir \u00fclkenin d\u00f6rt bir yan\u0131n\u0131 gezerek \u00e7\u00f6z\u00fcmler bulmaya, \u00fclkeye g\u00fc\u00e7 verip aya\u011fa kald\u0131racak bir dayanak olmaya \u00e7al\u0131\u015fan Mustafa Kemal Atat\u00fcrk\u2019\u00fcn ad\u0131m ad\u0131m yaratt\u0131\u011f\u0131 bu \u00fclkeye, ailesi, aile dostlar\u0131 ve silah arkada\u015flar\u0131n\u0131n an\u0131lar\u0131 arac\u0131l\u0131\u011f\u0131yla \u015fahit olaca\u011f\u0131z. Cumhuriyetin ilan\u0131yla, ge\u00e7mi\u015ften g\u00fcn\u00fcm\u00fcze de\u011fi\u015fim g\u00f6steren T\u00fcrkiye\u2019nin kaydetti\u011fi a\u015famalar\u0131 okuyacak, Mustafa Kemal Atat\u00fcrk\u2019\u00fcn hayat\u0131n\u0131 daha yak\u0131ndan tan\u0131yaca\u011f\u0131z.<\/p>\n","protected":false},"excerpt":{"rendered":"<p>\u201cO, Samsun\u2019a \u00e7\u0131kt\u0131\u011f\u0131 zaman, \u00fcst\u00fc ba\u015f\u0131 y\u0131rt\u0131k, postallar\u0131 patlam\u0131\u015f, silahs\u0131z bir er g\u00f6rd\u00fc. Y\u00fcz\u00fcn\u00fcn rengi bak\u0131ra d\u00f6nm\u00fc\u015f, bir deri bir kemik kalm\u0131\u015f bu T\u00fcrk askeri a\u011fl\u0131yordu.<span class=\"excerpt-hellip\"> [\u2026]<\/span><\/p>\n","protected":false},"featured_media":0,"template":"","meta":{"_monsterinsights_skip_tracking":false,"_monsterinsights_sitenote_active":false,"_monsterinsights_sitenote_note":"","_monsterinsights_sitenote_category":0},"product_brand":[],"product_cat":[13701,12291],"product_tag":[],"class_list":{"0":"post-727251","1":"product","2":"type-product","3":"status-publish","5":"product_cat-ani-mektup-gunluk","6":"product_cat-edebiyat","7":"pa_cilt-ciltsiz","8":"pa_tur-kitap","9":"pa_yayinevi-dokuz-yayinlari","10":"pa_yazar-mustafa-kemal-ataturk","12":"first","13":"instock","14":"sale","15":"shipping-taxable","16":"purchasable","17":"product-type-simple"},"_links":{"self":[{"href":"https:\/\/roveyayinevi.com.tr\/index.php\/wp-json\/wp\/v2\/product\/727251","targetHints":{"allow":["GET"]}}],"collection":[{"href":"https:\/\/roveyayinevi.com.tr\/index.php\/wp-json\/wp\/v2\/product"}],"about":[{"href":"https:\/\/roveyayinevi.com.tr\/index.php\/wp-json\/wp\/v2\/types\/product"}],"wp:attachment":[{"href":"https:\/\/roveyayinevi.com.tr\/index.php\/wp-json\/wp\/v2\/media?parent=727251"}],"wp:term":[{"taxonomy":"product_brand","embeddable":true,"href":"https:\/\/roveyayinevi.com.tr\/index.php\/wp-json\/wp\/v2\/product_brand?post=727251"},{"taxonomy":"product_cat","embeddable":true,"href":"https:\/\/roveyayinevi.com.tr\/index.php\/wp-json\/wp\/v2\/product_cat?post=727251"},{"taxonomy":"product_tag","embeddable":true,"href":"https:\/\/roveyayinevi.com.tr\/index.php\/wp-json\/wp\/v2\/product_tag?post=727251"}],"curies":[{"name":"wp","href":"https:\/\/api.w.org\/{rel}","templated":true}]}}

Anılar

<p>“O, Samsun’a çıktığı zaman, üstü başı yırtık, postalları patlamış, silahsız bir er gördü. Yüzünün rengi bakıra dönmüş, bir deri bir kemik kalmış bu Türk askeri ağlıyordu. Ona sordu: ‘Asker ağlamaz arkadaş, sen niye ağlıyorsun?’ Er irkildi, başını kaldırdı. Bu sesi tanıyordu ve bu yüz ona yabancı değildi. Hemen doğruldu ve Anafartalar’daki komutanını çelik yay gibi selamladı.‘Söyle niçin ağlıyorsun?’ İç Anadolu’nun yanık yürekli çocuğu içini çekti: ‘Düşman memleketi bastı, hükümet beni terhis etti. Silahımızı elimizden aldı. Toprağıma giren düşmanı ne ile öldüreceğim?’ Mustafa Kemal Paşa, askerin omzuna elini koydu: ‘Üzülme çocuğum, gel benimle.’ Ve Samsun deposunda giydirilip, silahlandırarak yanına aldığı ilk er bu Mehmetçik oldu.” Düşman işgalindeki bir ülkenin dört bir yanını gezerek çözümler bulmaya, ülkeye güç verip ayağa kaldıracak bir dayanak olmaya çalışan Mustafa Kemal Atatürk’ün adım adım yarattığı bu ülkeye, ailesi, aile dostları ve silah arkadaşlarının anıları aracılığıyla şahit olacağız. Cumhuriyetin ilanıyla, geçmişten günümüze değişim gösteren Türkiye’nin kaydettiği aşamaları okuyacak, Mustafa Kemal Atatürk’ün hayatını daha yakından tanıyacağız.</p>

<p>“O, Samsun’a çıktığı zaman, üstü başı yırtık, postalları patlamış, silahsız bir er gördü. Yüzünün rengi bakıra dönmüş, bir deri bir kemik kalmış bu Türk askeri ağlıyordu.<span class="excerpt-hellip"> […]</span></p>
