{"id":727247,"date":"2025-08-27T20:19:10","date_gmt":"2025-08-27T17:19:10","guid":{"rendered":"https:\/\/roveyayinevi.com.tr\/index.php\/urun\/mutlu-yarinlar\/"},"modified":"2026-03-02T02:51:07","modified_gmt":"2026-03-01T23:51:07","slug":"mutlu-yarinlar","status":"publish","type":"product","link":"https:\/\/roveyayinevi.com.tr\/index.php\/urun\/mutlu-yarinlar\/","title":{"rendered":"Mutlu Yar\u0131nlar"},"content":{"rendered":"<p>\u015eifa kimi zaman farkl\u0131 \u015fekillerde gelir. En iyile\u015fmez sand\u0131\u011f\u0131m\u0131z yaran\u0131n ard\u0131nda gizlenir ve hi\u00e7 ummad\u0131\u011f\u0131m\u0131z bir anda bizi ge\u00e7mi\u015fin kederinden \u00f6zg\u00fcrle\u015ftirir. G\u00fcl Liman\u0131 Oteli\u2019nin sahibi Jo Marie e\u015finin \u00f6l\u00fcm\u00fcnden sonra Mark\u2019la yeniden hayata d\u00f6nm\u00fc\u015ft\u00fc. Ne var ki Mark onu hi\u00e7 ummad\u0131\u011f\u0131 bir anda b\u0131rak\u0131p gitti. Bu gidi\u015fle bir kez daha derinden sars\u0131lan Jo Marie ge\u00e7irdi\u011fi zor g\u00fcnlerin ard\u0131ndan hayata kald\u0131\u011f\u0131 yerden devam etmeye kararl\u0131&#8230; Anaokulu \u00f6\u011fretmeni Emily ikinci ni\u015fanl\u0131s\u0131ndan da ac\u0131 verici bir \u015fekilde ayr\u0131l\u0131nca yepyeni bir ba\u015flang\u0131\u00e7 yapmak istedi ve bunun i\u00e7in Sedir Koyu\u2019nu se\u00e7ti. Bu muhte\u015fem koydan hayallerindeki gibi bir ev sat\u0131n al\u0131ncaya kadar birka\u00e7 ay G\u00fcl Liman\u0131 Oteli\u2019nde kalacak. S\u00fcrprizlerle dolu G\u00fcl Liman\u0131 Oteli bug\u00fcne kadar pek \u00e7ok ki\u015fi i\u00e7in \u00f6zel bir iyile\u015fme yeri oldu. Misafirlerin her biri burada ya\u015fad\u0131klar\u0131 mucizevi d\u00f6n\u00fc\u015f\u00fcmlerle en derin yaralar\u0131n\u0131 sard\u0131lar. Peki ya b\u00fcy\u00fck y\u0131k\u0131mlar ya\u015fam\u0131\u015f Jo Marie ve bir yuva kurup \u00e7ocuk sahibi olma umudunu \u00e7oktan yitirmi\u015f Emily? Onlar i\u00e7in de umut var m\u0131 dersiniz? <\/p>\n","protected":false},"excerpt":{"rendered":"<p>\u015eifa kimi zaman farkl\u0131 \u015fekillerde gelir. En iyile\u015fmez sand\u0131\u011f\u0131m\u0131z yaran\u0131n ard\u0131nda gizlenir ve hi\u00e7 ummad\u0131\u011f\u0131m\u0131z bir anda bizi ge\u00e7mi\u015fin kederinden \u00f6zg\u00fcrle\u015ftirir. G\u00fcl Liman\u0131 Oteli\u2019nin sahibi Jo<span class=\"excerpt-hellip\"> [\u2026]<\/span><\/p>\n","protected":false},"featured_media":0,"template":"","meta":{"_monsterinsights_skip_tracking":false,"_monsterinsights_sitenote_active":false,"_monsterinsights_sitenote_note":"","_monsterinsights_sitenote_category":0},"product_brand":[],"product_cat":[12291,50487],"product_tag":[],"class_list":{"0":"post-727247","1":"product","2":"type-product","3":"status-publish","5":"product_cat-edebiyat","6":"product_cat-kurgu","7":"pa_cilt-ciltsiz","8":"pa_tur-kitap","9":"pa_yayinevi-epsilon-yayinlari","10":"pa_yazar-debbie-macomber","12":"first","13":"instock","14":"sale","15":"shipping-taxable","16":"purchasable","17":"product-type-simple"},"_links":{"self":[{"href":"https:\/\/roveyayinevi.com.tr\/index.php\/wp-json\/wp\/v2\/product\/727247","targetHints":{"allow":["GET"]}}],"collection":[{"href":"https:\/\/roveyayinevi.com.tr\/index.php\/wp-json\/wp\/v2\/product"}],"about":[{"href":"https:\/\/roveyayinevi.com.tr\/index.php\/wp-json\/wp\/v2\/types\/product"}],"wp:attachment":[{"href":"https:\/\/roveyayinevi.com.tr\/index.php\/wp-json\/wp\/v2\/media?parent=727247"}],"wp:term":[{"taxonomy":"product_brand","embeddable":true,"href":"https:\/\/roveyayinevi.com.tr\/index.php\/wp-json\/wp\/v2\/product_brand?post=727247"},{"taxonomy":"product_cat","embeddable":true,"href":"https:\/\/roveyayinevi.com.tr\/index.php\/wp-json\/wp\/v2\/product_cat?post=727247"},{"taxonomy":"product_tag","embeddable":true,"href":"https:\/\/roveyayinevi.com.tr\/index.php\/wp-json\/wp\/v2\/product_tag?post=727247"}],"curies":[{"name":"wp","href":"https:\/\/api.w.org\/{rel}","templated":true}]}}