{"id":727213,"date":"2025-08-27T20:18:32","date_gmt":"2025-08-27T17:18:32","guid":{"rendered":"https:\/\/roveyayinevi.com.tr\/index.php\/urun\/itirazlara-cevaben-evlilik-uzerine-muhtelif-gozlemler\/"},"modified":"2026-04-16T02:34:55","modified_gmt":"2026-04-15T23:34:55","slug":"itirazlara-cevaben-evlilik-uzerine-muhtelif-gozlemler","status":"publish","type":"product","link":"https:\/\/roveyayinevi.com.tr\/index.php\/urun\/itirazlara-cevaben-evlilik-uzerine-muhtelif-gozlemler\/","title":{"rendered":"\u0130tirazlara Cevaben Evlilik \u00dczerine Muhtelif G\u00f6zlemler"},"content":{"rendered":"<p>Bu metin, yazar\u0131n 1845 y\u0131l\u0131nda yay\u0131mlanm\u0131\u015f olan Stadier paa Livets Vej (Hayat Yolundaki Merhaleler) adl\u0131 eserinin ikinci b\u00f6l\u00fcm\u00fcn\u00fc olu\u015fturuyor. Bu eserin ilk b\u00f6l\u00fcm\u00fc olan In Vino Veritas ba\u015fl\u0131kl\u0131 metinde  Kierkegaard, Platon\u2019un Symposion eserindeki kurgudan esinlenerek kendi Symposion\u2019unu yarat\u0131r. Bu ayn\u0131 zamanda o eserin mizahi bir uyarlamas\u0131d\u0131r. Mek\u00e2n bir i\u00e7ki sofras\u0131d\u0131r, ve kat\u0131l\u0131mc\u0131lar kad\u0131na ve evlili\u011fe ili\u015fkin sert kanaatler sergilerler. Kitab\u0131n ikinci b\u00f6l\u00fcm\u00fcnde, \u201cyarg\u0131\u00e7 Vilhelm\u201d bunlara tek tek de\u011finerek \u00e7\u00fcr\u00fctmeyi ve kendi h\u00fckm\u00fcn\u00fc vermeyi ama\u00e7lar.<\/p>\n","protected":false},"excerpt":{"rendered":"<p>Bu metin, yazar\u0131n 1845 y\u0131l\u0131nda yay\u0131mlanm\u0131\u015f olan Stadier paa Livets Vej (Hayat Yolundaki Merhaleler) adl\u0131 eserinin ikinci b\u00f6l\u00fcm\u00fcn\u00fc olu\u015fturuyor. Bu eserin ilk b\u00f6l\u00fcm\u00fc olan In Vino<span class=\"excerpt-hellip\"> [\u2026]<\/span><\/p>\n","protected":false},"featured_media":0,"template":"","meta":{"_monsterinsights_skip_tracking":false,"_monsterinsights_sitenote_active":false,"_monsterinsights_sitenote_note":"","_monsterinsights_sitenote_category":0},"product_brand":[],"product_cat":[16038,12388],"product_tag":[],"class_list":{"0":"post-727213","1":"product","2":"type-product","3":"status-publish","5":"product_cat-arastirma-inceleme-referans-felsefe","6":"product_cat-felsefe","7":"pa_cilt-ciltsiz","8":"pa_tur-kitap","9":"pa_yayinevi-pinhan-yayincilik","10":"pa_yazar-soren-kierkegaard","12":"first","13":"instock","14":"sale","15":"shipping-taxable","16":"purchasable","17":"product-type-simple"},"_links":{"self":[{"href":"https:\/\/roveyayinevi.com.tr\/index.php\/wp-json\/wp\/v2\/product\/727213","targetHints":{"allow":["GET"]}}],"collection":[{"href":"https:\/\/roveyayinevi.com.tr\/index.php\/wp-json\/wp\/v2\/product"}],"about":[{"href":"https:\/\/roveyayinevi.com.tr\/index.php\/wp-json\/wp\/v2\/types\/product"}],"wp:attachment":[{"href":"https:\/\/roveyayinevi.com.tr\/index.php\/wp-json\/wp\/v2\/media?parent=727213"}],"wp:term":[{"taxonomy":"product_brand","embeddable":true,"href":"https:\/\/roveyayinevi.com.tr\/index.php\/wp-json\/wp\/v2\/product_brand?post=727213"},{"taxonomy":"product_cat","embeddable":true,"href":"https:\/\/roveyayinevi.com.tr\/index.php\/wp-json\/wp\/v2\/product_cat?post=727213"},{"taxonomy":"product_tag","embeddable":true,"href":"https:\/\/roveyayinevi.com.tr\/index.php\/wp-json\/wp\/v2\/product_tag?post=727213"}],"curies":[{"name":"wp","href":"https:\/\/api.w.org\/{rel}","templated":true}]}}