{"id":727207,"date":"2025-08-27T20:18:27","date_gmt":"2025-08-27T17:18:27","guid":{"rendered":"https:\/\/roveyayinevi.com.tr\/index.php\/urun\/turkiyenin-soguk-savas-duzeni\/"},"modified":"2026-04-16T02:34:55","modified_gmt":"2026-04-15T23:34:55","slug":"turkiyenin-soguk-savas-duzeni","status":"publish","type":"product","link":"https:\/\/roveyayinevi.com.tr\/index.php\/urun\/turkiyenin-soguk-savas-duzeni\/","title":{"rendered":"T\u00fcrkiye&#8217;nin So\u011fuk Sava\u015f D\u00fczeni"},"content":{"rendered":"<p>T\u00fcrkiye\u2019de \u0130slamizasyon s\u0131kl\u0131kla iddia edildi\u011fi gibi, \u201ca\u015fa\u011f\u0131dan yukar\u0131ya\u201d uzanan kitlesel taleplerle ger\u00e7ekle\u015fmedi. Tam da bunun aksine ordu, sermaye ve ABD\u2019nin ba\u015f\u0131n\u0131 \u00e7ekti\u011fi ittifaklar eliyle \u201cyukar\u0131dan a\u015fa\u011f\u0131ya\u201d \u00f6rg\u00fctlenerek, kitlelere solun panzehri olarak zerk edildi. Bu \u00e7al\u0131\u015fma 90 y\u0131ll\u0131k Cumhuriyet d\u00f6nemini kesintisiz Kemalist-\u0130slamc\u0131 kar\u015f\u0131tl\u0131\u011f\u0131 \u00fczerinden okuyan ve \u0130slamc\u0131l\u0131\u011f\u0131 merkeze kar\u015f\u0131 \u00e7evreyi, devlete kar\u015f\u0131 sivil toplumu temsil eden bir siyasi akt\u00f6r olarak nitelendiren paradigmaya kar\u015f\u0131 \u00e7\u0131kmaktad\u0131r.   T\u00fcrkiye\u2019de \u0130slamc\u0131l\u0131k, So\u011fuk Sava\u015f s\u00fcrecinde merkez taraf\u0131ndan ezilen, ma\u011fdur edilen ve bask\u0131 g\u00f6ren \u00e7evrenin temsilcisi bir siyasal ak\u0131m de\u011fil, 1960\u2019lardan itibaren s\u0131n\u0131f siyaseti \u00fczerinden y\u00fckselen i\u015f\u00e7i ve \u00f6\u011frenci hareketlerine kar\u015f\u0131 merkezin, b\u00fcy\u00fck sermayenin ve ordunun arka \u00e7\u0131kt\u0131\u011f\u0131 bir dinamiktir. <\/p>\n","protected":false},"excerpt":{"rendered":"<p>T\u00fcrkiye\u2019de \u0130slamizasyon s\u0131kl\u0131kla iddia edildi\u011fi gibi, \u201ca\u015fa\u011f\u0131dan yukar\u0131ya\u201d uzanan kitlesel taleplerle ger\u00e7ekle\u015fmedi. Tam da bunun aksine ordu, sermaye ve ABD\u2019nin ba\u015f\u0131n\u0131 \u00e7ekti\u011fi ittifaklar eliyle \u201cyukar\u0131dan a\u015fa\u011f\u0131ya\u201d<span class=\"excerpt-hellip\"> [\u2026]<\/span><\/p>\n","protected":false},"featured_media":0,"template":"","meta":{"_monsterinsights_skip_tracking":false,"_monsterinsights_sitenote_active":false,"_monsterinsights_sitenote_note":"","_monsterinsights_sitenote_category":0},"product_brand":[],"product_cat":[13590,12337],"product_tag":[],"class_list":{"0":"post-727207","1":"product","2":"type-product","3":"status-publish","5":"product_cat-arastirma-inceleme-politika-siyaset","6":"product_cat-politika-siyaset","7":"pa_cilt-ciltsiz","8":"pa_tur-kitap","9":"pa_yayinevi-tekin-yayinevi","10":"pa_yazar-behlul-ozkan-tolga-gurakar","12":"first","13":"instock","14":"sale","15":"shipping-taxable","16":"purchasable","17":"product-type-simple"},"_links":{"self":[{"href":"https:\/\/roveyayinevi.com.tr\/index.php\/wp-json\/wp\/v2\/product\/727207","targetHints":{"allow":["GET"]}}],"collection":[{"href":"https:\/\/roveyayinevi.com.tr\/index.php\/wp-json\/wp\/v2\/product"}],"about":[{"href":"https:\/\/roveyayinevi.com.tr\/index.php\/wp-json\/wp\/v2\/types\/product"}],"wp:attachment":[{"href":"https:\/\/roveyayinevi.com.tr\/index.php\/wp-json\/wp\/v2\/media?parent=727207"}],"wp:term":[{"taxonomy":"product_brand","embeddable":true,"href":"https:\/\/roveyayinevi.com.tr\/index.php\/wp-json\/wp\/v2\/product_brand?post=727207"},{"taxonomy":"product_cat","embeddable":true,"href":"https:\/\/roveyayinevi.com.tr\/index.php\/wp-json\/wp\/v2\/product_cat?post=727207"},{"taxonomy":"product_tag","embeddable":true,"href":"https:\/\/roveyayinevi.com.tr\/index.php\/wp-json\/wp\/v2\/product_tag?post=727207"}],"curies":[{"name":"wp","href":"https:\/\/api.w.org\/{rel}","templated":true}]}}