{"id":727182,"date":"2025-08-27T20:18:09","date_gmt":"2025-08-27T17:18:09","guid":{"rendered":"https:\/\/roveyayinevi.com.tr\/index.php\/urun\/sanat-dunyamiz-179-kasim-aralik-2020\/"},"modified":"2026-04-16T02:34:54","modified_gmt":"2026-04-15T23:34:54","slug":"sanat-dunyamiz-179-kasim-aralik-2020","status":"publish","type":"product","link":"https:\/\/roveyayinevi.com.tr\/index.php\/urun\/sanat-dunyamiz-179-kasim-aralik-2020\/","title":{"rendered":"Sanat D\u00fcnyam\u0131z 179  Kas\u0131m &#8211; Aral\u0131k 2020"},"content":{"rendered":"<p>Sanat D\u00fcnyam\u0131z dergisinin 179. say\u0131s\u0131 \u00e7\u0131kt\u0131. Derginin bu say\u0131s\u0131n\u0131n kapa\u011f\u0131nda Evin Sanat Galerisi\u2019nde \u201cSaydam \u015eehrin \u0130\u00e7inden\u201d adl\u0131 sergisi 28 Kas\u0131m\u2019a dek g\u00f6r\u00fclebilecek olan sanat\u00e7\u0131 Setenay Alpsoy yer al\u0131yor. Dergide Uras K\u0131z\u0131l imzal\u0131 bir yaz\u0131da, sanat\u00e7\u0131n\u0131n prati\u011fi ve sergisi \u00e7ok y\u00f6nl\u00fc olarak inceleniyor. Dirimart\u2019taki ki\u015fisel sergisi 8 Kas\u0131m\u2019a dek devam eden g\u00fcncel sanat\u0131n en \u00f6nemli isimlerinden Sarkis, geni\u015f bir s\u00f6yle\u015fide son d\u00f6nem \u00e7al\u0131\u015fmalar\u0131n\u0131 ve sergisini \u00d6zlem Altunok\u2019a anlat\u0131yor. Ayr\u0131ca Arter\u2019de devam eden \u201cDinleyen G\u00f6zler \u0130\u00e7in\u201d, \u201cG\u00f6kcisimleri \u00dczerine\u201d ve Alev Eb\u00fczziya\u2019n\u0131n ki\u015fisel sergisi \u201cTekerr\u00fcr\u201d, SALT\u2019ta devam eden \u201c\u0130mparatorluklar Aras\u0131nda, S\u0131n\u0131rlar \u00d6tesinde\u201d sergisi \u00fczerine birer inceleme yaz\u0131s\u0131 okurlar\u0131 bekliyor. Kunsthaus Hamburg\u2019da devam eden \u201cThe Futureless Memory\u201d sergisi \u00fczerine bir ele\u015ftiri yaz\u0131s\u0131 da derginin ba\u015fl\u0131klar\u0131 aras\u0131nda. Amsterdam merkezli sanat mek\u00e2n\u0131 Framer Framed\u2019de s\u00fcren ve Bosna Katliam\u0131 \u00fczerinden \u015fiddetin temsiline odaklanan sergisi vesilesiyle k\u00fcrat\u00f6r Natasha Marie Llorens\u2019i ise Nesli G\u00fcl Durukan bir s\u00f6yle\u015fide konuk ediyor. \u201cEle\u015ftiri Dizisi\u201dnde Semih F\u0131r\u0131nc\u0131o\u011flu sanatta yeni kavram\u0131n\u0131n i\u015fleyi\u015fini konu ediniyor. \u201cA\u00e7\u0131klaya A\u00e7\u0131klaya Sanat\u201d dizisinin d\u00f6rd\u00fcnc\u00fc yaz\u0131s\u0131nda ise S\u00fcreyyya Evren nas\u0131l bir \u00e7evrimi\u00e7i sanat ve ele\u015ftiri istedi\u011fimizi ara\u015ft\u0131r\u0131yor. Bu yaz\u0131ya ele\u015ftirmen Elisabeth Lebovici ile profes\u00f6r Patricia Falgui\u00e8res\u2019in sanat ele\u015ftirisi \u00fczerine bir yaz\u0131s\u0131 da e\u015flik ediyor. Dergide Sanat K\u00fct\u00fcphaneleri s\u00f6yle\u015fi serisi, Bilkent \u00dcniversitesi K\u00fct\u00fcphanesi- Sanat Koleksiyonu ile, Sanat \u0130nisiyatifleri S\u00f6yle\u015fi serisi ise, Ortaformat ile s\u00fcr\u00fcyor. Dergide ayr\u0131ca tiyatro merakl\u0131lar\u0131n\u0131 da tiyatro festivali direkt\u00f6r\u00fc Leman Y\u0131lmaz\u2019\u0131n s\u00f6yle\u015fisi bekliyor. 24. \u0130stanbul Tiyatro Festivali \u00fczerine olan s\u00f6yle\u015fide Y\u0131lmaz, festival program\u0131n\u0131 ve festivalin son d\u00f6nem tiyatrolardaki geli\u015fmelere bak\u0131\u015f\u0131n\u0131 detayl\u0131 olarak a\u00e7\u0131kl\u0131yor. <\/p>\n","protected":false},"excerpt":{"rendered":"<p>Sanat D\u00fcnyam\u0131z dergisinin 179. say\u0131s\u0131 \u00e7\u0131kt\u0131. Derginin bu say\u0131s\u0131n\u0131n kapa\u011f\u0131nda Evin Sanat Galerisi\u2019nde \u201cSaydam \u015eehrin \u0130\u00e7inden\u201d adl\u0131 sergisi 28 Kas\u0131m\u2019a dek g\u00f6r\u00fclebilecek olan sanat\u00e7\u0131 Setenay Alpsoy<span class=\"excerpt-hellip\"> [\u2026]<\/span><\/p>\n","protected":false},"featured_media":0,"template":"","meta":{"_monsterinsights_skip_tracking":false,"_monsterinsights_sitenote_active":false,"_monsterinsights_sitenote_note":"","_monsterinsights_sitenote_category":0},"product_brand":[],"product_cat":[13527],"product_tag":[],"class_list":{"0":"post-727182","1":"product","2":"type-product","3":"status-publish","5":"product_cat-sureli-yayinlar","6":"pa_cilt-ciltsiz","7":"pa_tur-dergi","8":"pa_yayinevi-yapi-kredi-yayinlari-dergi","9":"pa_yazar-yapi-kredi-yayinlari-dergi-kolektif","11":"first","12":"instock","13":"sale","14":"shipping-taxable","15":"purchasable","16":"product-type-simple"},"_links":{"self":[{"href":"https:\/\/roveyayinevi.com.tr\/index.php\/wp-json\/wp\/v2\/product\/727182","targetHints":{"allow":["GET"]}}],"collection":[{"href":"https:\/\/roveyayinevi.com.tr\/index.php\/wp-json\/wp\/v2\/product"}],"about":[{"href":"https:\/\/roveyayinevi.com.tr\/index.php\/wp-json\/wp\/v2\/types\/product"}],"wp:attachment":[{"href":"https:\/\/roveyayinevi.com.tr\/index.php\/wp-json\/wp\/v2\/media?parent=727182"}],"wp:term":[{"taxonomy":"product_brand","embeddable":true,"href":"https:\/\/roveyayinevi.com.tr\/index.php\/wp-json\/wp\/v2\/product_brand?post=727182"},{"taxonomy":"product_cat","embeddable":true,"href":"https:\/\/roveyayinevi.com.tr\/index.php\/wp-json\/wp\/v2\/product_cat?post=727182"},{"taxonomy":"product_tag","embeddable":true,"href":"https:\/\/roveyayinevi.com.tr\/index.php\/wp-json\/wp\/v2\/product_tag?post=727182"}],"curies":[{"name":"wp","href":"https:\/\/api.w.org\/{rel}","templated":true}]}}

Sanat Dünyamız 179  Kasım &#8211; Aralık 2020

<p>Sanat Dünyamız dergisinin 179. sayısı çıktı. Derginin bu sayısının kapağında Evin Sanat Galerisi’nde “Saydam Şehrin İçinden” adlı sergisi 28 Kasım’a dek görülebilecek olan sanatçı Setenay Alpsoy yer alıyor. Dergide Uras Kızıl imzalı bir yazıda, sanatçının pratiği ve sergisi çok yönlü olarak inceleniyor. Dirimart’taki kişisel sergisi 8 Kasım’a dek devam eden güncel sanatın en önemli isimlerinden Sarkis, geniş bir söyleşide son dönem çalışmalarını ve sergisini Özlem Altunok’a anlatıyor. Ayrıca Arter’de devam eden “Dinleyen Gözler İçin”, “Gökcisimleri Üzerine” ve Alev Ebüzziya’nın kişisel sergisi “Tekerrür”, SALT’ta devam eden “İmparatorluklar Arasında, Sınırlar Ötesinde” sergisi üzerine birer inceleme yazısı okurları bekliyor. Kunsthaus Hamburg’da devam eden “The Futureless Memory” sergisi üzerine bir eleştiri yazısı da derginin başlıkları arasında. Amsterdam merkezli sanat mekânı Framer Framed’de süren ve Bosna Katliamı üzerinden şiddetin temsiline odaklanan sergisi vesilesiyle küratör Natasha Marie Llorens’i ise Nesli Gül Durukan bir söyleşide konuk ediyor. “Eleştiri Dizisi”nde Semih Fırıncıoğlu sanatta yeni kavramının işleyişini konu ediniyor. “Açıklaya Açıklaya Sanat” dizisinin dördüncü yazısında ise Süreyyya Evren nasıl bir çevrimiçi sanat ve eleştiri istediğimizi araştırıyor. Bu yazıya eleştirmen Elisabeth Lebovici ile profesör Patricia Falguières’in sanat eleştirisi üzerine bir yazısı da eşlik ediyor. Dergide Sanat Kütüphaneleri söyleşi serisi, Bilkent Üniversitesi Kütüphanesi- Sanat Koleksiyonu ile, Sanat İnisiyatifleri Söyleşi serisi ise, Ortaformat ile sürüyor. Dergide ayrıca tiyatro meraklılarını da tiyatro festivali direktörü Leman Yılmaz’ın söyleşisi bekliyor. 24. İstanbul Tiyatro Festivali üzerine olan söyleşide Yılmaz, festival programını ve festivalin son dönem tiyatrolardaki gelişmelere bakışını detaylı olarak açıklıyor. </p>

<p>Sanat Dünyamız dergisinin 179. sayısı çıktı. Derginin bu sayısının kapağında Evin Sanat Galerisi’nde “Saydam Şehrin İçinden” adlı sergisi 28 Kasım’a dek görülebilecek olan sanatçı Setenay Alpsoy<span class="excerpt-hellip"> […]</span></p>
