{"id":727177,"date":"2025-08-27T20:18:05","date_gmt":"2025-08-27T17:18:05","guid":{"rendered":"https:\/\/roveyayinevi.com.tr\/index.php\/urun\/canin-sikintisi\/"},"modified":"2026-04-12T02:41:40","modified_gmt":"2026-04-11T23:41:40","slug":"canin-sikintisi","status":"publish","type":"product","link":"https:\/\/roveyayinevi.com.tr\/index.php\/urun\/canin-sikintisi\/","title":{"rendered":"Can&#8217;\u0131n S\u0131k\u0131nt\u0131s\u0131"},"content":{"rendered":"<p>Can, can\u0131n\u0131n s\u0131k\u0131lmas\u0131ndan \u00e7ok korkard\u0131 ve can s\u0131k\u0131nt\u0131s\u0131n\u0131n bir numaral\u0131 d\u00fc\u015fman\u0131, i\u00e7inde tabletiyle kulakl\u0131\u011f\u0131n\u0131n oldu\u011fu \u201cs\u0131k\u0131nt\u0131kovar\u201d \u00e7antas\u0131yd\u0131. D\u0131\u015far\u0131 \u00e7\u0131kacaklar\u0131 zaman annesi ilk i\u015f, bu \u00e7antay\u0131 kap\u0131n\u0131n yan\u0131nda haz\u0131r ederdi. Bir g\u00fcn doktor randevusuna giden Can ve annesi, muayenehaneye vard\u0131klar\u0131nda \u201cs\u0131k\u0131nt\u0131kovar\u201d \u00e7antas\u0131n\u0131 evde unuttuklar\u0131n\u0131 fark ettiler. Bu, Can i\u00e7in korkun\u00e7 bir \u015feydi! Annesi doktorun yan\u0131ndayken, tableti ve kulakl\u0131\u011f\u0131 olmadan Can ne yapacakt\u0131? Kesin can\u0131 \u00e7ok ama \u00e7ok s\u0131k\u0131lacakt\u0131! En az\u0131ndan Can \u00f6yle san\u0131yordu&#8230;   Sevilen yazar\u0131m\u0131z Dicle Keskino\u011flu\u2019ndan tablete ya da telefona d\u00fc\u015fk\u00fcn \u00e7ocuklar i\u00e7in anlaml\u0131 ve etkileyici bir hik\u00e2ye&#8230; <\/p>\n","protected":false},"excerpt":{"rendered":"<p>Can, can\u0131n\u0131n s\u0131k\u0131lmas\u0131ndan \u00e7ok korkard\u0131 ve can s\u0131k\u0131nt\u0131s\u0131n\u0131n bir numaral\u0131 d\u00fc\u015fman\u0131, i\u00e7inde tabletiyle kulakl\u0131\u011f\u0131n\u0131n oldu\u011fu \u201cs\u0131k\u0131nt\u0131kovar\u201d \u00e7antas\u0131yd\u0131. D\u0131\u015far\u0131 \u00e7\u0131kacaklar\u0131 zaman annesi ilk i\u015f, bu \u00e7antay\u0131 kap\u0131n\u0131n<span class=\"excerpt-hellip\"> [\u2026]<\/span><\/p>\n","protected":false},"featured_media":0,"template":"","meta":{"_monsterinsights_skip_tracking":false,"_monsterinsights_sitenote_active":false,"_monsterinsights_sitenote_note":"","_monsterinsights_sitenote_category":0},"product_brand":[],"product_cat":[12274,12284],"product_tag":[],"class_list":{"0":"post-727177","1":"product","2":"type-product","3":"status-publish","5":"product_cat-cocuk-ve-genclik-kitaplari","6":"product_cat-hikayeler","7":"pa_cilt-ciltsiz","8":"pa_tur-kitap","9":"pa_yayinevi-ithaki-yayinlari","10":"pa_yazar-dicle-keskinoglu","12":"first","13":"instock","14":"sale","15":"shipping-taxable","16":"purchasable","17":"product-type-simple"},"_links":{"self":[{"href":"https:\/\/roveyayinevi.com.tr\/index.php\/wp-json\/wp\/v2\/product\/727177","targetHints":{"allow":["GET"]}}],"collection":[{"href":"https:\/\/roveyayinevi.com.tr\/index.php\/wp-json\/wp\/v2\/product"}],"about":[{"href":"https:\/\/roveyayinevi.com.tr\/index.php\/wp-json\/wp\/v2\/types\/product"}],"wp:attachment":[{"href":"https:\/\/roveyayinevi.com.tr\/index.php\/wp-json\/wp\/v2\/media?parent=727177"}],"wp:term":[{"taxonomy":"product_brand","embeddable":true,"href":"https:\/\/roveyayinevi.com.tr\/index.php\/wp-json\/wp\/v2\/product_brand?post=727177"},{"taxonomy":"product_cat","embeddable":true,"href":"https:\/\/roveyayinevi.com.tr\/index.php\/wp-json\/wp\/v2\/product_cat?post=727177"},{"taxonomy":"product_tag","embeddable":true,"href":"https:\/\/roveyayinevi.com.tr\/index.php\/wp-json\/wp\/v2\/product_tag?post=727177"}],"curies":[{"name":"wp","href":"https:\/\/api.w.org\/{rel}","templated":true}]}}