{"id":727170,"date":"2025-08-27T20:17:59","date_gmt":"2025-08-27T17:17:59","guid":{"rendered":"https:\/\/roveyayinevi.com.tr\/index.php\/urun\/suskun-kalpler\/"},"modified":"2026-04-16T02:34:54","modified_gmt":"2026-04-15T23:34:54","slug":"suskun-kalpler","status":"publish","type":"product","link":"https:\/\/roveyayinevi.com.tr\/index.php\/urun\/suskun-kalpler\/","title":{"rendered":"Suskun Kalpler"},"content":{"rendered":"<p>Dolu dolu, mutlu bir ya\u015fam\u0131 olmu\u015ftu ve hayat\u0131 boyunca \u00f6\u011frendi\u011fi bir \u015fey varsa o da pi\u015fmanl\u0131\u011f\u0131n anlams\u0131z oldu\u011fuydu. Tek istedi\u011fi bu b\u00fcy\u00fck yap\u0131y\u0131 saran granit duvarlar\u0131 a\u015fmak ve denize varana kadar y\u00fcr\u00fcmekti. Sonra bir kay\u0131\u011fa binmek istiyordu. Kay\u0131\u011f\u0131n nereye gitti\u011fi \u00f6nemsizdi. Sonra&#8230; Sonra belki ilerlemeye devam ederdi. Sonu\u00e7ta kalmas\u0131 i\u00e7in hi\u00e7bir sebep yoktu.  Fred, ge\u00e7mi\u015fte ya\u015fanmas\u0131na \u00f6n ayak oldu\u011funu d\u00fc\u015f\u00fcnd\u00fc\u011f\u00fc bir felaketi telafi etmek ister. Ancak bunu yaparken, birbirlerine kar\u015f\u0131 sevgi duyamayan aile \u00fcyelerinin bir sava\u015fa tutu\u015facaklar\u0131ndan habersizdir. Bu sava\u015f, yapayaln\u0131z gen\u00e7 bir kad\u0131n\u0131 kendi ayaklar\u0131n\u0131n \u00fczerinde durmas\u0131 i\u00e7in cesaretlendirecek ve var olma m\u00fccadelesi i\u00e7in ilham verecektir.  Sheila O\u2019Flanagan\u2019dan, birden bire \u2018evime d\u00f6nmeliyim\u2019 hissine kap\u0131lman\u0131z\u0131 sa\u011flayacak bir aile roman\u0131. T\u00fcm vaktini yazarl\u0131\u011fa adamadan \u00f6nce bankac\u0131l\u0131k ve finans alan\u0131nda ba\u015far\u0131l\u0131 bir kariyeri olan Sheila O\u2019Flanagan, 20\u2019den fazla kitab\u0131yla Avrupa ve Amerika\u2019da \u00e7ok satanlar aras\u0131nda yer ald\u0131. Bo\u015f zamanlar\u0131nda badminton oynamaktan ho\u015flanan yazar Dublin\u2019de e\u015fiyle birlikte ya\u015f\u0131yor. <\/p>\n","protected":false},"excerpt":{"rendered":"<p>Dolu dolu, mutlu bir ya\u015fam\u0131 olmu\u015ftu ve hayat\u0131 boyunca \u00f6\u011frendi\u011fi bir \u015fey varsa o da pi\u015fmanl\u0131\u011f\u0131n anlams\u0131z oldu\u011fuydu. Tek istedi\u011fi bu b\u00fcy\u00fck yap\u0131y\u0131 saran granit duvarlar\u0131<span class=\"excerpt-hellip\"> [\u2026]<\/span><\/p>\n","protected":false},"featured_media":0,"template":"","meta":{"_monsterinsights_skip_tracking":false,"_monsterinsights_sitenote_active":false,"_monsterinsights_sitenote_note":"","_monsterinsights_sitenote_category":0},"product_brand":[],"product_cat":[12291,50487],"product_tag":[],"class_list":{"0":"post-727170","1":"product","2":"type-product","3":"status-publish","5":"product_cat-edebiyat","6":"product_cat-kurgu","7":"pa_cilt-ciltsiz","8":"pa_tur-kitap","9":"pa_yayinevi-epsilon-yayinlari","10":"pa_yazar-sheila-oflanagan","12":"first","13":"instock","14":"sale","15":"shipping-taxable","16":"purchasable","17":"product-type-simple"},"_links":{"self":[{"href":"https:\/\/roveyayinevi.com.tr\/index.php\/wp-json\/wp\/v2\/product\/727170","targetHints":{"allow":["GET"]}}],"collection":[{"href":"https:\/\/roveyayinevi.com.tr\/index.php\/wp-json\/wp\/v2\/product"}],"about":[{"href":"https:\/\/roveyayinevi.com.tr\/index.php\/wp-json\/wp\/v2\/types\/product"}],"wp:attachment":[{"href":"https:\/\/roveyayinevi.com.tr\/index.php\/wp-json\/wp\/v2\/media?parent=727170"}],"wp:term":[{"taxonomy":"product_brand","embeddable":true,"href":"https:\/\/roveyayinevi.com.tr\/index.php\/wp-json\/wp\/v2\/product_brand?post=727170"},{"taxonomy":"product_cat","embeddable":true,"href":"https:\/\/roveyayinevi.com.tr\/index.php\/wp-json\/wp\/v2\/product_cat?post=727170"},{"taxonomy":"product_tag","embeddable":true,"href":"https:\/\/roveyayinevi.com.tr\/index.php\/wp-json\/wp\/v2\/product_tag?post=727170"}],"curies":[{"name":"wp","href":"https:\/\/api.w.org\/{rel}","templated":true}]}}