{"id":727138,"date":"2025-08-27T20:17:36","date_gmt":"2025-08-27T17:17:36","guid":{"rendered":"https:\/\/roveyayinevi.com.tr\/index.php\/urun\/sultanin-muhafizlari\/"},"modified":"2026-04-16T02:34:53","modified_gmt":"2026-04-15T23:34:53","slug":"sultanin-muhafizlari","status":"publish","type":"product","link":"https:\/\/roveyayinevi.com.tr\/index.php\/urun\/sultanin-muhafizlari\/","title":{"rendered":"Sultan&#8217;\u0131n Muhaf\u0131zlar\u0131"},"content":{"rendered":"<p>Sultan\u2019\u0131n Muhaf\u0131zlar\u0131, II. Abd\u00fclhamid\u2019in 33 y\u0131ll\u0131k iktidar\u0131 boyunca kendisinin ve Y\u0131ld\u0131z Saray\u0131\u2019n\u0131n nas\u0131l korundu\u011fu meselesini ele almaktad\u0131r. Sultan\u2019\u0131n \u00f6z hem\u015fehrilerim dedi\u011fi Karake\u00e7ili A\u015fireti\u2019ne mensup T\u00fcrklerden kurdu\u011fu S\u00fcvari Ertu\u011frul Alay\u0131, \u015eeyh \u015eamil\u2019in akrabas\u0131 Avar kabilesinden kurulan Da\u011f\u0131stan S\u00fcvari B\u00f6l\u00fc\u011f\u00fc, Sultan\u2019a besa yemini vererek ba\u011fl\u0131l\u0131\u011f\u0131n\u0131 bildiren Arnavutlardan kurulan Fesli Zuhaf Alay\u0131, g\u00fcneyden, kutsal beldelerden Sultan\u2019\u0131 korumak i\u00e7in gelen Sultan\u2019\u0131n Arap kullar\u0131ndan olu\u015fan Sar\u0131kl\u0131 Zuhaf Alay\u0131 ve t\u00fcm bunlar\u0131n yan\u0131nda Sultan\u2019\u0131n yak\u0131n korumas\u0131n\u0131 sa\u011flayan Maiyyet-i Seniyye T\u00fcfengi B\u00f6l\u00fc\u011f\u00fc t\u00fcm y\u00f6nleriyle ilk defa bu \u00e7al\u0131\u015fmada ele al\u0131nm\u0131\u015ft\u0131r. Bu birlikleri cuma sel\u00e2ml\u0131\u011f\u0131 ge\u00e7idinde g\u00f6rmek i\u00e7in \u0130stanbul\u2019a Avrupa\u2019dan ak\u0131n ak\u0131n gelen ziyaret\u00e7ilerin ilgileri, muhaf\u0131zlar\u0131n parlak ve g\u00f6steri\u015fli \u00fcniformalar\u0131, alay sancaklar\u0131, taltifleri, S\u00fcvari Ertu\u011frul Alay\u0131\u2019n\u0131n atlar\u0131 ve eyerleri kitapta \u00f6ne \u00e7\u0131kan di\u011fer ba\u015fl\u0131klard\u0131r. \u00d6te yandan \u0130stanbul\u2019a muhaf\u0131z olmak i\u00e7in gelip Sultan\u2019\u0131n Sert\u00fcfengi Arnavut Tahir Pa\u015fa\u2019n\u0131n himayesinde \u0130stanbul\u2019un sosyal ve karanl\u0131k hayat\u0131na uyum sa\u011flayan Arnavutlar \u00e7al\u0131\u015fman\u0131n ilgin\u00e7 y\u00f6nlerinden bir di\u011feridir. <\/p>\n","protected":false},"excerpt":{"rendered":"<p>Sultan\u2019\u0131n Muhaf\u0131zlar\u0131, II. Abd\u00fclhamid\u2019in 33 y\u0131ll\u0131k iktidar\u0131 boyunca kendisinin ve Y\u0131ld\u0131z Saray\u0131\u2019n\u0131n nas\u0131l korundu\u011fu meselesini ele almaktad\u0131r. Sultan\u2019\u0131n \u00f6z hem\u015fehrilerim dedi\u011fi Karake\u00e7ili A\u015fireti\u2019ne mensup T\u00fcrklerden kurdu\u011fu<span class=\"excerpt-hellip\"> [\u2026]<\/span><\/p>\n","protected":false},"featured_media":0,"template":"","meta":{"_monsterinsights_skip_tracking":false,"_monsterinsights_sitenote_active":false,"_monsterinsights_sitenote_note":"","_monsterinsights_sitenote_category":0},"product_brand":[],"product_cat":[13517,12304],"product_tag":[],"class_list":{"0":"post-727138","1":"product","2":"type-product","3":"status-publish","5":"product_cat-osmanli-tarihi","6":"product_cat-tarih","7":"pa_cilt-ciltsiz","8":"pa_tur-kitap","9":"pa_yayinevi-yeditepe-yayinevi","10":"pa_yazar-huru-saglam-tekir","12":"first","13":"instock","14":"sale","15":"shipping-taxable","16":"purchasable","17":"product-type-simple"},"_links":{"self":[{"href":"https:\/\/roveyayinevi.com.tr\/index.php\/wp-json\/wp\/v2\/product\/727138","targetHints":{"allow":["GET"]}}],"collection":[{"href":"https:\/\/roveyayinevi.com.tr\/index.php\/wp-json\/wp\/v2\/product"}],"about":[{"href":"https:\/\/roveyayinevi.com.tr\/index.php\/wp-json\/wp\/v2\/types\/product"}],"wp:attachment":[{"href":"https:\/\/roveyayinevi.com.tr\/index.php\/wp-json\/wp\/v2\/media?parent=727138"}],"wp:term":[{"taxonomy":"product_brand","embeddable":true,"href":"https:\/\/roveyayinevi.com.tr\/index.php\/wp-json\/wp\/v2\/product_brand?post=727138"},{"taxonomy":"product_cat","embeddable":true,"href":"https:\/\/roveyayinevi.com.tr\/index.php\/wp-json\/wp\/v2\/product_cat?post=727138"},{"taxonomy":"product_tag","embeddable":true,"href":"https:\/\/roveyayinevi.com.tr\/index.php\/wp-json\/wp\/v2\/product_tag?post=727138"}],"curies":[{"name":"wp","href":"https:\/\/api.w.org\/{rel}","templated":true}]}}