{"id":727132,"date":"2025-08-27T20:17:32","date_gmt":"2025-08-27T17:17:32","guid":{"rendered":"https:\/\/roveyayinevi.com.tr\/index.php\/urun\/mustafa-kemal-ataturk-basarida-gururu-felakette-umitsizligi-yenmeliyiz\/"},"modified":"2026-04-13T02:43:11","modified_gmt":"2026-04-12T23:43:11","slug":"mustafa-kemal-ataturk-basarida-gururu-felakette-umitsizligi-yenmeliyiz","status":"publish","type":"product","link":"https:\/\/roveyayinevi.com.tr\/index.php\/urun\/mustafa-kemal-ataturk-basarida-gururu-felakette-umitsizligi-yenmeliyiz\/","title":{"rendered":"Mustafa Kemal Atat\u00fcrk &#8211; Ba\u015far\u0131da Gururu, Felakette \u00dcmitsizli\u011fi Yenmeliyiz"},"content":{"rendered":"<p>&#8221;\u015eayet bir g\u00fcn \u00e7aresiz kal\u0131rsan\u0131z, bir kurtar\u0131c\u0131 beklemeyin. Kendiniz kurtar\u0131c\u0131 olun. E\u011fer \u00fclkenizi kurtaracak bir lider beklemekteyseniz, ben size hi\u00e7bir \u015fey \u00f6\u011fretememi\u015fim demektir.&#8221;   Gazi Mustafa Kemal\u2019e \u00f6l\u00fcm\u00fcnden d\u00f6rt y\u0131l \u00f6nce, \u00f6zel bir yasayla \u201cAtat\u00fcrk\u201d soyad\u0131 verilir. Bu haber Ankara Radyosu\u2019nda sevin\u00e7le duyurulurken, sunucu \u201cAtat\u00fcrk\u201d yerine \u201cAnat\u00fcrk\u201d der. Elbette bu bir dil s\u00fcr\u00e7mesidir nihayetinde. Ancak bilinir ki T\u00fcrkiye halk\u0131 Mustafa Kemal\u2019i, hem bir baba hem de bir anne kadar sevmektedir. Mustafa Kemal\u2019in ya\u015fam\u0131na dair hi\u00e7 duymad\u0131\u011f\u0131n\u0131z bilgileri, bilinmeyen y\u00f6nlerini ve derin ac\u0131lar\u0131na ra\u011fmen yarat\u0131c\u0131 yan\u0131n\u0131 nas\u0131l geli\u015ftirdi\u011fini \u00f6\u011frenmeye haz\u0131r olun. O sadece kurucu bir lider de\u011fil, bug\u00fcn dahi hayat\u0131m\u0131z\u0131 de\u011fi\u015ftirecek \u00f6l\u00e7\u00fcde etkili, t\u00fcm d\u00fcnyaya ilham vermi\u015f bir filozof devlet adam\u0131d\u0131r. <\/p>\n","protected":false},"excerpt":{"rendered":"<p>&#8221;\u015eayet bir g\u00fcn \u00e7aresiz kal\u0131rsan\u0131z, bir kurtar\u0131c\u0131 beklemeyin. Kendiniz kurtar\u0131c\u0131 olun. E\u011fer \u00fclkenizi kurtaracak bir lider beklemekteyseniz, ben size hi\u00e7bir \u015fey \u00f6\u011fretememi\u015fim demektir.&#8221; Gazi Mustafa Kemal\u2019e<span class=\"excerpt-hellip\"> [\u2026]<\/span><\/p>\n","protected":false},"featured_media":0,"template":"","meta":{"_monsterinsights_skip_tracking":false,"_monsterinsights_sitenote_active":false,"_monsterinsights_sitenote_note":"","_monsterinsights_sitenote_category":0},"product_brand":[],"product_cat":[12530,12304],"product_tag":[],"class_list":{"0":"post-727132","1":"product","2":"type-product","3":"status-publish","5":"product_cat-mustafa-kemal-ataturk","6":"product_cat-tarih","7":"pa_cilt-ciltsiz","8":"pa_tur-kitap","9":"pa_yayinevi-destek-yayinlari","10":"pa_yazar-ferhat-atik","12":"first","13":"instock","14":"sale","15":"shipping-taxable","16":"purchasable","17":"product-type-simple"},"_links":{"self":[{"href":"https:\/\/roveyayinevi.com.tr\/index.php\/wp-json\/wp\/v2\/product\/727132","targetHints":{"allow":["GET"]}}],"collection":[{"href":"https:\/\/roveyayinevi.com.tr\/index.php\/wp-json\/wp\/v2\/product"}],"about":[{"href":"https:\/\/roveyayinevi.com.tr\/index.php\/wp-json\/wp\/v2\/types\/product"}],"wp:attachment":[{"href":"https:\/\/roveyayinevi.com.tr\/index.php\/wp-json\/wp\/v2\/media?parent=727132"}],"wp:term":[{"taxonomy":"product_brand","embeddable":true,"href":"https:\/\/roveyayinevi.com.tr\/index.php\/wp-json\/wp\/v2\/product_brand?post=727132"},{"taxonomy":"product_cat","embeddable":true,"href":"https:\/\/roveyayinevi.com.tr\/index.php\/wp-json\/wp\/v2\/product_cat?post=727132"},{"taxonomy":"product_tag","embeddable":true,"href":"https:\/\/roveyayinevi.com.tr\/index.php\/wp-json\/wp\/v2\/product_tag?post=727132"}],"curies":[{"name":"wp","href":"https:\/\/api.w.org\/{rel}","templated":true}]}}