{"id":727129,"date":"2025-08-27T20:17:30","date_gmt":"2025-08-27T17:17:30","guid":{"rendered":"https:\/\/roveyayinevi.com.tr\/index.php\/urun\/cancanin-mavi-arabasi\/"},"modified":"2026-04-16T02:34:53","modified_gmt":"2026-04-15T23:34:53","slug":"cancanin-mavi-arabasi","status":"publish","type":"product","link":"https:\/\/roveyayinevi.com.tr\/index.php\/urun\/cancanin-mavi-arabasi\/","title":{"rendered":"Cancan&#8217;\u0131n Mavi Arabas\u0131"},"content":{"rendered":"<p>Cancan bu sabah erkenden heyecanl\u0131 ve mutlu bir \u015fekilde uyand\u0131. H\u0131zl\u0131ca yata\u011f\u0131ndan kalkarak perdesini a\u00e7t\u0131 ve d\u0131\u015far\u0131s\u0131 s\u0131cak m\u0131 diye bakt\u0131. Ya\u015fas\u0131n!G\u00fcne\u015fli bir g\u00fcn diyerek ko\u015farak i\u00e7eriye do\u011fru annesinin yan\u0131na gitti. Arkada\u015flar\u0131yla parka oynamak i\u00e7in g\u00fczel bir g\u00fcnd\u00fc.<\/p>\n","protected":false},"excerpt":{"rendered":"<p>Cancan bu sabah erkenden heyecanl\u0131 ve mutlu bir \u015fekilde uyand\u0131. H\u0131zl\u0131ca yata\u011f\u0131ndan kalkarak perdesini a\u00e7t\u0131 ve d\u0131\u015far\u0131s\u0131 s\u0131cak m\u0131 diye bakt\u0131. Ya\u015fas\u0131n!G\u00fcne\u015fli bir g\u00fcn diyerek ko\u015farak<span class=\"excerpt-hellip\"> [\u2026]<\/span><\/p>\n","protected":false},"featured_media":0,"template":"","meta":{"_monsterinsights_skip_tracking":false,"_monsterinsights_sitenote_active":false,"_monsterinsights_sitenote_note":"","_monsterinsights_sitenote_category":0},"product_brand":[],"product_cat":[12274,12523],"product_tag":[],"class_list":{"0":"post-727129","1":"product","2":"type-product","3":"status-publish","5":"product_cat-cocuk-ve-genclik-kitaplari","6":"product_cat-masallar","7":"pa_cilt-ciltsiz","8":"pa_tur-kitap","9":"pa_yayinevi-perseus","10":"pa_yazar-sezen-mehmetbeyoglu","12":"first","13":"instock","14":"sale","15":"shipping-taxable","16":"purchasable","17":"product-type-simple"},"_links":{"self":[{"href":"https:\/\/roveyayinevi.com.tr\/index.php\/wp-json\/wp\/v2\/product\/727129","targetHints":{"allow":["GET"]}}],"collection":[{"href":"https:\/\/roveyayinevi.com.tr\/index.php\/wp-json\/wp\/v2\/product"}],"about":[{"href":"https:\/\/roveyayinevi.com.tr\/index.php\/wp-json\/wp\/v2\/types\/product"}],"wp:attachment":[{"href":"https:\/\/roveyayinevi.com.tr\/index.php\/wp-json\/wp\/v2\/media?parent=727129"}],"wp:term":[{"taxonomy":"product_brand","embeddable":true,"href":"https:\/\/roveyayinevi.com.tr\/index.php\/wp-json\/wp\/v2\/product_brand?post=727129"},{"taxonomy":"product_cat","embeddable":true,"href":"https:\/\/roveyayinevi.com.tr\/index.php\/wp-json\/wp\/v2\/product_cat?post=727129"},{"taxonomy":"product_tag","embeddable":true,"href":"https:\/\/roveyayinevi.com.tr\/index.php\/wp-json\/wp\/v2\/product_tag?post=727129"}],"curies":[{"name":"wp","href":"https:\/\/api.w.org\/{rel}","templated":true}]}}