{"id":727110,"date":"2025-08-27T20:17:14","date_gmt":"2025-08-27T17:17:14","guid":{"rendered":"https:\/\/roveyayinevi.com.tr\/index.php\/urun\/sair-evlenmesi-5\/"},"modified":"2026-04-16T02:34:53","modified_gmt":"2026-04-15T23:34:53","slug":"sair-evlenmesi-5","status":"publish","type":"product","link":"https:\/\/roveyayinevi.com.tr\/index.php\/urun\/sair-evlenmesi-5\/","title":{"rendered":"\u015eair Evlenmesi"},"content":{"rendered":"<p>\u015eair Evlenmesi, T\u00fcrk edebiyat\u0131ndan Bat\u0131l\u0131 anlkamdaki ilk tiyatro eseridir. Eser, Terc\u00fcman-\u0131 Ahval gazetesinde yay\u0131mlanm\u0131\u015f ancak sahnelenmemi\u015ftir. Bir t\u00f6re komedisi \u00f6zelli\u011fi ta\u015f\u0131yan tiyatro, g\u00f6r\u00fcc\u00fc usul\u00fcyle evlili\u011fin sak\u0131ncalar\u0131n\u0131 konu almaktad\u0131r.M\u00fc\u015ftak Bet, alafranga davran\u0131\u015flar\u0131, k\u0131l\u0131k ve k\u0131yafetiyle pek sevilmeyen; \u015fairli\u011fe \u00f6zenen, fakir ama ileri g\u00f6r\u00fc\u015fl\u00fc bir gen\u00e7tir. \u0130ki karde\u015ften ya\u015f\u0131 k\u00fc\u00e7\u00fck ve g\u00fczel olan Kumru Han\u0131m&#8217;\u0131 severeken onun \u00e7irkin ve huysuz ablas\u0131 Sakine Han\u0131m&#8217;la evlendirilmeye \u00e7al\u0131\u015f\u0131l\u0131r ve bunun i\u00e7in kendisine bir oyun oyanan\u0131r. \u00dcstelik bu oyuna b\u00fct\u00fcn mahalle halk\u0131 dahildir. <\/p>\n","protected":false},"excerpt":{"rendered":"<p>\u015eair Evlenmesi, T\u00fcrk edebiyat\u0131ndan Bat\u0131l\u0131 anlkamdaki ilk tiyatro eseridir. Eser, Terc\u00fcman-\u0131 Ahval gazetesinde yay\u0131mlanm\u0131\u015f ancak sahnelenmemi\u015ftir. Bir t\u00f6re komedisi \u00f6zelli\u011fi ta\u015f\u0131yan tiyatro, g\u00f6r\u00fcc\u00fc usul\u00fcyle evlili\u011fin sak\u0131ncalar\u0131n\u0131<span class=\"excerpt-hellip\"> [\u2026]<\/span><\/p>\n","protected":false},"featured_media":0,"template":"","meta":{"_monsterinsights_skip_tracking":false,"_monsterinsights_sitenote_active":false,"_monsterinsights_sitenote_note":"","_monsterinsights_sitenote_category":0},"product_brand":[],"product_cat":[12291,14272],"product_tag":[],"class_list":{"0":"post-727110","1":"product","2":"type-product","3":"status-publish","5":"product_cat-edebiyat","6":"product_cat-tiyatro","7":"pa_cilt-ciltsiz","8":"pa_tur-kitap","9":"pa_yayinevi-fark-yayinlari","10":"pa_yazar-sinasi","12":"first","13":"instock","14":"sale","15":"shipping-taxable","16":"purchasable","17":"product-type-simple"},"_links":{"self":[{"href":"https:\/\/roveyayinevi.com.tr\/index.php\/wp-json\/wp\/v2\/product\/727110","targetHints":{"allow":["GET"]}}],"collection":[{"href":"https:\/\/roveyayinevi.com.tr\/index.php\/wp-json\/wp\/v2\/product"}],"about":[{"href":"https:\/\/roveyayinevi.com.tr\/index.php\/wp-json\/wp\/v2\/types\/product"}],"wp:attachment":[{"href":"https:\/\/roveyayinevi.com.tr\/index.php\/wp-json\/wp\/v2\/media?parent=727110"}],"wp:term":[{"taxonomy":"product_brand","embeddable":true,"href":"https:\/\/roveyayinevi.com.tr\/index.php\/wp-json\/wp\/v2\/product_brand?post=727110"},{"taxonomy":"product_cat","embeddable":true,"href":"https:\/\/roveyayinevi.com.tr\/index.php\/wp-json\/wp\/v2\/product_cat?post=727110"},{"taxonomy":"product_tag","embeddable":true,"href":"https:\/\/roveyayinevi.com.tr\/index.php\/wp-json\/wp\/v2\/product_tag?post=727110"}],"curies":[{"name":"wp","href":"https:\/\/api.w.org\/{rel}","templated":true}]}}