{"id":727101,"date":"2025-08-27T20:17:05","date_gmt":"2025-08-27T17:17:05","guid":{"rendered":"https:\/\/roveyayinevi.com.tr\/index.php\/urun\/karistirilan-ikiz-kelimeler-sozlugu\/"},"modified":"2026-04-16T02:34:52","modified_gmt":"2026-04-15T23:34:52","slug":"karistirilan-ikiz-kelimeler-sozlugu","status":"publish","type":"product","link":"https:\/\/roveyayinevi.com.tr\/index.php\/urun\/karistirilan-ikiz-kelimeler-sozlugu\/","title":{"rendered":"Kar\u0131\u015ft\u0131r\u0131lan \u0130kiz Kelimeler S\u00f6zl\u00fc\u011f\u00fc"},"content":{"rendered":"<p>Bu s\u00f6zl\u00fckte, genellikle g\u00fcn\u00fcm\u00fczde h\u00e2len \u00e7ok\u00e7a kullan\u0131lan g\u00fcncel kelimeler yan\u0131nda daha az kullan\u0131lan, eskimi\u015f, \u00f6zellikle Arap\u00e7a, Fars\u00e7a vb. do\u011fu dillerinden veya \u0130ngilizce, Frans\u0131zca, Almanca vb. bat\u0131 dillerinden dilimize ge\u00e7mi\u015f olan kelimelere ve bilim, sanat, edebiyat terimlerine de yeterince yer verilmi\u015ftir. Elinizdeki bu s\u00f6zl\u00fck, yaln\u0131zca birbiriyle en \u00e7ok kar\u0131\u015ft\u0131r\u0131lan ikili kelime gruplar\u0131ndan olu\u015fan bir s\u00f6zl\u00fck olmas\u0131ndan dolay\u0131 alan\u0131nda ilk ve tek olan \u00f6zg\u00fcn bir \u00e7al\u0131\u015fman\u0131n \u00fcr\u00fcn\u00fcd\u00fcr. \u00d6n-s\u00f6zde ve a\u00e7\u0131klamalar b\u00f6l\u00fcm\u00fcnde yazar taraf\u0131ndan \u201c B\u00f6yle bir \u00e7al\u0131\u015fmaya neden gerek duyuldu\u011fu, bu eserin kimlere, ne gibi yararlar\u0131 olaca\u011f\u0131 vb.\u201d hususlarda da \u00e7ok daha geni\u015f a\u00e7\u0131klamalar yap\u0131lm\u0131\u015ft\u0131r. <\/p>\n","protected":false},"excerpt":{"rendered":"<p>Bu s\u00f6zl\u00fckte, genellikle g\u00fcn\u00fcm\u00fczde h\u00e2len \u00e7ok\u00e7a kullan\u0131lan g\u00fcncel kelimeler yan\u0131nda daha az kullan\u0131lan, eskimi\u015f, \u00f6zellikle Arap\u00e7a, Fars\u00e7a vb. do\u011fu dillerinden veya \u0130ngilizce, Frans\u0131zca, Almanca vb. bat\u0131<span class=\"excerpt-hellip\"> [\u2026]<\/span><\/p>\n","protected":false},"featured_media":0,"template":"","meta":{"_monsterinsights_skip_tracking":false,"_monsterinsights_sitenote_active":false,"_monsterinsights_sitenote_note":"","_monsterinsights_sitenote_category":0},"product_brand":[],"product_cat":[12566,13611],"product_tag":[],"class_list":{"0":"post-727101","1":"product","2":"type-product","3":"status-publish","5":"product_cat-egitim","6":"product_cat-sozlukler-ve-konusma-kilavuzlari","7":"pa_cilt-ciltsiz","8":"pa_tur-kitap","9":"pa_yayinevi-gulnar-yayinlari","10":"pa_yazar-hamit-goksoy","12":"first","13":"instock","14":"sale","15":"shipping-taxable","16":"purchasable","17":"product-type-simple"},"_links":{"self":[{"href":"https:\/\/roveyayinevi.com.tr\/index.php\/wp-json\/wp\/v2\/product\/727101","targetHints":{"allow":["GET"]}}],"collection":[{"href":"https:\/\/roveyayinevi.com.tr\/index.php\/wp-json\/wp\/v2\/product"}],"about":[{"href":"https:\/\/roveyayinevi.com.tr\/index.php\/wp-json\/wp\/v2\/types\/product"}],"wp:attachment":[{"href":"https:\/\/roveyayinevi.com.tr\/index.php\/wp-json\/wp\/v2\/media?parent=727101"}],"wp:term":[{"taxonomy":"product_brand","embeddable":true,"href":"https:\/\/roveyayinevi.com.tr\/index.php\/wp-json\/wp\/v2\/product_brand?post=727101"},{"taxonomy":"product_cat","embeddable":true,"href":"https:\/\/roveyayinevi.com.tr\/index.php\/wp-json\/wp\/v2\/product_cat?post=727101"},{"taxonomy":"product_tag","embeddable":true,"href":"https:\/\/roveyayinevi.com.tr\/index.php\/wp-json\/wp\/v2\/product_tag?post=727101"}],"curies":[{"name":"wp","href":"https:\/\/api.w.org\/{rel}","templated":true}]}}