{"id":727079,"date":"2025-08-27T20:16:49","date_gmt":"2025-08-27T17:16:49","guid":{"rendered":"https:\/\/roveyayinevi.com.tr\/index.php\/urun\/cocuklar-icin-mehmet-akif-ersoy\/"},"modified":"2026-04-16T02:34:52","modified_gmt":"2026-04-15T23:34:52","slug":"cocuklar-icin-mehmet-akif-ersoy","status":"publish","type":"product","link":"https:\/\/roveyayinevi.com.tr\/index.php\/urun\/cocuklar-icin-mehmet-akif-ersoy\/","title":{"rendered":"\u00c7ocuklar \u0130\u00e7in Mehmet Akif Ersoy"},"content":{"rendered":"<p>Merhaba gen\u00e7 arkada\u015f\u0131m.Neredeyse her g\u00fcn defalarca duydu\u011fun, okudu\u011fun \u0130stiklal Mar\u015f\u0131\u2019m\u0131z\u0131n \u015fairi Mehmet Akif Ersoy\u2019u tan\u0131yor musun?Kimdir, nerelidir, ne i\u015f yapar ve neden \u0130stiklal Mar\u015f\u0131\u2019n\u0131 yazm\u0131\u015f hi\u00e7 merak ettin mi?\u0130\u015fte bu kitapla Mehmet Akif Ersoy\u2019u tan\u0131yacaks\u0131n. Ve hatta onu \u00e7ok seveceksin.Haydi, Mehmet Akif Ersoy ile tan\u0131\u015fman\u0131n tam da zaman\u0131.<\/p>\n","protected":false},"excerpt":{"rendered":"<p>Merhaba gen\u00e7 arkada\u015f\u0131m.Neredeyse her g\u00fcn defalarca duydu\u011fun, okudu\u011fun \u0130stiklal Mar\u015f\u0131\u2019m\u0131z\u0131n \u015fairi Mehmet Akif Ersoy\u2019u tan\u0131yor musun?Kimdir, nerelidir, ne i\u015f yapar ve neden \u0130stiklal Mar\u015f\u0131\u2019n\u0131 yazm\u0131\u015f hi\u00e7<span class=\"excerpt-hellip\"> [\u2026]<\/span><\/p>\n","protected":false},"featured_media":0,"template":"","meta":{"_monsterinsights_skip_tracking":false,"_monsterinsights_sitenote_active":false,"_monsterinsights_sitenote_note":"","_monsterinsights_sitenote_category":0},"product_brand":[],"product_cat":[12274,12284],"product_tag":[],"class_list":{"0":"post-727079","1":"product","2":"type-product","3":"status-publish","5":"product_cat-cocuk-ve-genclik-kitaplari","6":"product_cat-hikayeler","7":"pa_cilt-ciltsiz","8":"pa_tur-kitap","9":"pa_yayinevi-nesil-yayinlari","10":"pa_yazar-yilmaz-yenidinc","12":"first","13":"instock","14":"sale","15":"shipping-taxable","16":"purchasable","17":"product-type-simple"},"_links":{"self":[{"href":"https:\/\/roveyayinevi.com.tr\/index.php\/wp-json\/wp\/v2\/product\/727079","targetHints":{"allow":["GET"]}}],"collection":[{"href":"https:\/\/roveyayinevi.com.tr\/index.php\/wp-json\/wp\/v2\/product"}],"about":[{"href":"https:\/\/roveyayinevi.com.tr\/index.php\/wp-json\/wp\/v2\/types\/product"}],"wp:attachment":[{"href":"https:\/\/roveyayinevi.com.tr\/index.php\/wp-json\/wp\/v2\/media?parent=727079"}],"wp:term":[{"taxonomy":"product_brand","embeddable":true,"href":"https:\/\/roveyayinevi.com.tr\/index.php\/wp-json\/wp\/v2\/product_brand?post=727079"},{"taxonomy":"product_cat","embeddable":true,"href":"https:\/\/roveyayinevi.com.tr\/index.php\/wp-json\/wp\/v2\/product_cat?post=727079"},{"taxonomy":"product_tag","embeddable":true,"href":"https:\/\/roveyayinevi.com.tr\/index.php\/wp-json\/wp\/v2\/product_tag?post=727079"}],"curies":[{"name":"wp","href":"https:\/\/api.w.org\/{rel}","templated":true}]}}