{"id":727077,"date":"2025-08-27T20:16:47","date_gmt":"2025-08-27T17:16:47","guid":{"rendered":"https:\/\/roveyayinevi.com.tr\/index.php\/urun\/nakkasin-sirri\/"},"modified":"2026-04-16T02:34:52","modified_gmt":"2026-04-15T23:34:52","slug":"nakkasin-sirri","status":"publish","type":"product","link":"https:\/\/roveyayinevi.com.tr\/index.php\/urun\/nakkasin-sirri\/","title":{"rendered":"Nakka\u015f\u0131n S\u0131rr\u0131"},"content":{"rendered":"<p>Bir aya\u011f\u0131 ge\u00e7mi\u015fte, di\u011fer aya\u011f\u0131 bug\u00fcnde ilerleyen roman\u0131n hitap etti\u011fi kitle geni\u015ftir. Dostlu\u011fu, a\u015fk\u0131, sevgiyi, sadakati sorgulayan \u00c7i\u011fdem Aldatmaz, Nakka\u015f\u0131n S\u0131rr\u0131&#8217;nda aksiyonu y\u00fcksek bir \u00e7al\u0131\u015fmayla okurunun dikkatini da\u011f\u0131tmadan ama yo\u011fun bir anlat\u0131yla \u00e7\u0131k\u0131yor kar\u015f\u0131m\u0131za.<\/p>\n","protected":false},"excerpt":{"rendered":"<p>Bir aya\u011f\u0131 ge\u00e7mi\u015fte, di\u011fer aya\u011f\u0131 bug\u00fcnde ilerleyen roman\u0131n hitap etti\u011fi kitle geni\u015ftir. Dostlu\u011fu, a\u015fk\u0131, sevgiyi, sadakati sorgulayan \u00c7i\u011fdem Aldatmaz, Nakka\u015f\u0131n S\u0131rr\u0131&#8217;nda aksiyonu y\u00fcksek bir \u00e7al\u0131\u015fmayla okurunun<span class=\"excerpt-hellip\"> [\u2026]<\/span><\/p>\n","protected":false},"featured_media":0,"template":"","meta":{"_monsterinsights_skip_tracking":false,"_monsterinsights_sitenote_active":false,"_monsterinsights_sitenote_note":"","_monsterinsights_sitenote_category":0},"product_brand":[],"product_cat":[12291,12711],"product_tag":[],"class_list":{"0":"post-727077","1":"product","2":"type-product","3":"status-publish","5":"product_cat-edebiyat","6":"product_cat-roman-oyku","7":"pa_cilt-ciltsiz","8":"pa_tur-kitap","9":"pa_yayinevi-portakal-kitap","10":"pa_yazar-cigdem-aldatmaz","12":"first","13":"instock","14":"sale","15":"shipping-taxable","16":"purchasable","17":"product-type-simple"},"_links":{"self":[{"href":"https:\/\/roveyayinevi.com.tr\/index.php\/wp-json\/wp\/v2\/product\/727077","targetHints":{"allow":["GET"]}}],"collection":[{"href":"https:\/\/roveyayinevi.com.tr\/index.php\/wp-json\/wp\/v2\/product"}],"about":[{"href":"https:\/\/roveyayinevi.com.tr\/index.php\/wp-json\/wp\/v2\/types\/product"}],"wp:attachment":[{"href":"https:\/\/roveyayinevi.com.tr\/index.php\/wp-json\/wp\/v2\/media?parent=727077"}],"wp:term":[{"taxonomy":"product_brand","embeddable":true,"href":"https:\/\/roveyayinevi.com.tr\/index.php\/wp-json\/wp\/v2\/product_brand?post=727077"},{"taxonomy":"product_cat","embeddable":true,"href":"https:\/\/roveyayinevi.com.tr\/index.php\/wp-json\/wp\/v2\/product_cat?post=727077"},{"taxonomy":"product_tag","embeddable":true,"href":"https:\/\/roveyayinevi.com.tr\/index.php\/wp-json\/wp\/v2\/product_tag?post=727077"}],"curies":[{"name":"wp","href":"https:\/\/api.w.org\/{rel}","templated":true}]}}