{"id":727066,"date":"2025-08-27T20:16:39","date_gmt":"2025-08-27T17:16:39","guid":{"rendered":"https:\/\/roveyayinevi.com.tr\/index.php\/urun\/mulkiyet-hakki-cercevesinde-ciraqov-davasi\/"},"modified":"2026-04-16T02:34:52","modified_gmt":"2026-04-15T23:34:52","slug":"mulkiyet-hakki-cercevesinde-ciraqov-davasi","status":"publish","type":"product","link":"https:\/\/roveyayinevi.com.tr\/index.php\/urun\/mulkiyet-hakki-cercevesinde-ciraqov-davasi\/","title":{"rendered":"M\u00fclkiyet Hakk\u0131 \u00c7er\u00e7evesinde \u00c7\u0131raqov Davas\u0131"},"content":{"rendered":"<p>Bilindi\u011fi \u00fczere, Azerbaycan ve Ermenistan aras\u0131nda y\u00fczy\u0131llard\u0131r devam etmekte olan Yukar\u0131 Karaba\u011f sorunu neticesinde, Azerbaycan topraklar\u0131n\u0131n % 20\u2019si ilhak edilmi\u015f ve uluslararas\u0131 hukuk taraf\u0131ndan g\u00fcvence alt\u0131na al\u0131nan en temel insan haklar\u0131 ihl\u00e2l edilmi\u015ftir. Sorunun \u00e7\u00f6z\u00fcm\u00fc i\u00e7in sorunun taraflar\u0131 ve onlar\u0131n do\u011fal m\u00fcttefiklerinin yan\u0131nda, uluslararas\u0131 toplumun \u00f6nemli akt\u00f6rleri de devreye girmi\u015ftir. Yine uluslararas\u0131 \u00f6rg\u00fctler zemininde de sorunun \u00e7\u00f6z\u00fcm\u00fc i\u00e7in giri\u015fimler yap\u0131lm\u0131\u015f, Ermenistan\u2019\u0131n ilhak edilmi\u015f topraklardan geri \u00e7ekilmesi talep edilmi\u015f ancak bu giri\u015fimler, bir sonu\u00e7 getirmemi\u015ftir. Bug\u00fcn itibar\u0131yla bak\u0131ld\u0131\u011f\u0131nda, Yukar\u0131 Karaba\u011f\u2019da h\u00e2l\u00e2 insan haklar\u0131 ihlalleri ya\u015fanmaktad\u0131r.<\/p>\n","protected":false},"excerpt":{"rendered":"<p>Bilindi\u011fi \u00fczere, Azerbaycan ve Ermenistan aras\u0131nda y\u00fczy\u0131llard\u0131r devam etmekte olan Yukar\u0131 Karaba\u011f sorunu neticesinde, Azerbaycan topraklar\u0131n\u0131n % 20\u2019si ilhak edilmi\u015f ve uluslararas\u0131 hukuk taraf\u0131ndan g\u00fcvence alt\u0131na<span class=\"excerpt-hellip\"> [\u2026]<\/span><\/p>\n","protected":false},"featured_media":0,"template":"","meta":{"_monsterinsights_skip_tracking":false,"_monsterinsights_sitenote_active":false,"_monsterinsights_sitenote_note":"","_monsterinsights_sitenote_category":0},"product_brand":[],"product_cat":[12337,17225],"product_tag":[],"class_list":{"0":"post-727066","1":"product","2":"type-product","3":"status-publish","5":"product_cat-politika-siyaset","6":"product_cat-uluslararasi-iliskiler","7":"pa_cilt-ciltsiz","8":"pa_tur-kitap","9":"pa_yayinevi-astana-yayinlari","10":"pa_yazar-arzu-sadigzade","12":"first","13":"instock","14":"sale","15":"shipping-taxable","16":"purchasable","17":"product-type-simple"},"_links":{"self":[{"href":"https:\/\/roveyayinevi.com.tr\/index.php\/wp-json\/wp\/v2\/product\/727066","targetHints":{"allow":["GET"]}}],"collection":[{"href":"https:\/\/roveyayinevi.com.tr\/index.php\/wp-json\/wp\/v2\/product"}],"about":[{"href":"https:\/\/roveyayinevi.com.tr\/index.php\/wp-json\/wp\/v2\/types\/product"}],"wp:attachment":[{"href":"https:\/\/roveyayinevi.com.tr\/index.php\/wp-json\/wp\/v2\/media?parent=727066"}],"wp:term":[{"taxonomy":"product_brand","embeddable":true,"href":"https:\/\/roveyayinevi.com.tr\/index.php\/wp-json\/wp\/v2\/product_brand?post=727066"},{"taxonomy":"product_cat","embeddable":true,"href":"https:\/\/roveyayinevi.com.tr\/index.php\/wp-json\/wp\/v2\/product_cat?post=727066"},{"taxonomy":"product_tag","embeddable":true,"href":"https:\/\/roveyayinevi.com.tr\/index.php\/wp-json\/wp\/v2\/product_tag?post=727066"}],"curies":[{"name":"wp","href":"https:\/\/api.w.org\/{rel}","templated":true}]}}