{"id":727065,"date":"2025-08-27T20:16:38","date_gmt":"2025-08-27T17:16:38","guid":{"rendered":"https:\/\/roveyayinevi.com.tr\/index.php\/urun\/nazime\/"},"modified":"2026-04-16T02:34:52","modified_gmt":"2026-04-15T23:34:52","slug":"nazime","status":"publish","type":"product","link":"https:\/\/roveyayinevi.com.tr\/index.php\/urun\/nazime\/","title":{"rendered":"Nazime"},"content":{"rendered":"<p>Bu kitap, Osmanl\u0131 Devleti&#8217;nin son y\u0131llar\u0131nda Osmanl\u0131 hanedan\u0131n\u0131n kad\u0131n \u00fcyelerinden biri olan Nazime Sultan&#8217;\u0131n hayat\u0131 ve yazd\u0131klar\u0131 \u00e7er\u00e7evesinde: d\u00f6nemi, hanedan \u00fcyeleri aras\u0131ndaki ili\u015fkileri ve onlar\u0131n g\u00fcndelik ya\u015famlar\u0131n\u0131, hanedan \u00fcyelerinin toplumsal olaylara bak\u0131\u015f\u0131n\u0131 ve toplumla ili\u015fkilerini ortaya koyarken ilk defa g\u00fcn y\u00fcz\u00fcne \u00e7\u0131kar\u0131lan belgelerden yararlanmaktad\u0131r. Bu kitap, g\u00fcn\u00fcm\u00fcz insan\u0131n\u0131n zihnindeki &#8216;hanedan \u00fcyesi kad\u0131n imaj\u0131n\u0131&#8221; ters y\u00fcz edecektir.<\/p>\n","protected":false},"excerpt":{"rendered":"<p>Bu kitap, Osmanl\u0131 Devleti&#8217;nin son y\u0131llar\u0131nda Osmanl\u0131 hanedan\u0131n\u0131n kad\u0131n \u00fcyelerinden biri olan Nazime Sultan&#8217;\u0131n hayat\u0131 ve yazd\u0131klar\u0131 \u00e7er\u00e7evesinde: d\u00f6nemi, hanedan \u00fcyeleri aras\u0131ndaki ili\u015fkileri ve onlar\u0131n g\u00fcndelik<span class=\"excerpt-hellip\"> [\u2026]<\/span><\/p>\n","protected":false},"featured_media":0,"template":"","meta":{"_monsterinsights_skip_tracking":false,"_monsterinsights_sitenote_active":false,"_monsterinsights_sitenote_note":"","_monsterinsights_sitenote_category":0},"product_brand":[],"product_cat":[12370,12304],"product_tag":[],"class_list":{"0":"post-727065","1":"product","2":"type-product","3":"status-publish","5":"product_cat-arastirma-inceleme","6":"product_cat-tarih","7":"pa_cilt-ciltsiz","8":"pa_tur-kitap","9":"pa_yayinevi-timas-yayinlari","10":"pa_yazar-ali-akyildiz","12":"first","13":"instock","14":"sale","15":"shipping-taxable","16":"purchasable","17":"product-type-simple"},"_links":{"self":[{"href":"https:\/\/roveyayinevi.com.tr\/index.php\/wp-json\/wp\/v2\/product\/727065","targetHints":{"allow":["GET"]}}],"collection":[{"href":"https:\/\/roveyayinevi.com.tr\/index.php\/wp-json\/wp\/v2\/product"}],"about":[{"href":"https:\/\/roveyayinevi.com.tr\/index.php\/wp-json\/wp\/v2\/types\/product"}],"wp:attachment":[{"href":"https:\/\/roveyayinevi.com.tr\/index.php\/wp-json\/wp\/v2\/media?parent=727065"}],"wp:term":[{"taxonomy":"product_brand","embeddable":true,"href":"https:\/\/roveyayinevi.com.tr\/index.php\/wp-json\/wp\/v2\/product_brand?post=727065"},{"taxonomy":"product_cat","embeddable":true,"href":"https:\/\/roveyayinevi.com.tr\/index.php\/wp-json\/wp\/v2\/product_cat?post=727065"},{"taxonomy":"product_tag","embeddable":true,"href":"https:\/\/roveyayinevi.com.tr\/index.php\/wp-json\/wp\/v2\/product_tag?post=727065"}],"curies":[{"name":"wp","href":"https:\/\/api.w.org\/{rel}","templated":true}]}}