{"id":727061,"date":"2025-08-27T20:16:36","date_gmt":"2025-08-27T17:16:36","guid":{"rendered":"https:\/\/roveyayinevi.com.tr\/index.php\/urun\/21-yuzyilda-islamin-dirilisi\/"},"modified":"2026-04-16T02:34:52","modified_gmt":"2026-04-15T23:34:52","slug":"21-yuzyilda-islamin-dirilisi","status":"publish","type":"product","link":"https:\/\/roveyayinevi.com.tr\/index.php\/urun\/21-yuzyilda-islamin-dirilisi\/","title":{"rendered":"21. Y\u00fczy\u0131lda \u0130slam&#8217;\u0131n Dirili\u015fi"},"content":{"rendered":"<p>Garaudy, bu eserinde okuruna \u015f\u00f6yle sesleniyor: Sosyalizmin iflas etti\u011fi, kaptalizmin de \u00e7\u00f6kt\u00fc\u011f\u00fc bu y\u00fczy\u0131l\u0131m\u0131zda, insanl\u0131\u011f\u0131 u\u00e7uruma yuvarlanmaktan kurtaracak tek \u00e7are, ilk insandan g\u00fcn\u00fcm\u00fcze kadar gelen tek ve yegane temel ilahi din olan islam&#8217;\u0131 yeniden \u015fahland\u0131rmakt\u0131r.<\/p>\n","protected":false},"excerpt":{"rendered":"<p>Garaudy, bu eserinde okuruna \u015f\u00f6yle sesleniyor: Sosyalizmin iflas etti\u011fi, kaptalizmin de \u00e7\u00f6kt\u00fc\u011f\u00fc bu y\u00fczy\u0131l\u0131m\u0131zda, insanl\u0131\u011f\u0131 u\u00e7uruma yuvarlanmaktan kurtaracak tek \u00e7are, ilk insandan g\u00fcn\u00fcm\u00fcze kadar gelen tek<span class=\"excerpt-hellip\"> [\u2026]<\/span><\/p>\n","protected":false},"featured_media":0,"template":"","meta":{"_monsterinsights_skip_tracking":false,"_monsterinsights_sitenote_active":false,"_monsterinsights_sitenote_note":"","_monsterinsights_sitenote_category":0},"product_brand":[],"product_cat":[12718,12719,18109],"product_tag":[],"class_list":{"0":"post-727061","1":"product","2":"type-product","3":"status-publish","5":"product_cat-din","6":"product_cat-islam","7":"product_cat-islam-tarihi","8":"pa_cilt-ciltsiz","9":"pa_tur-kitap","10":"pa_yayinevi-timas-yayinlari","11":"pa_yazar-roger-garaudy","13":"first","14":"instock","15":"sale","16":"shipping-taxable","17":"purchasable","18":"product-type-simple"},"_links":{"self":[{"href":"https:\/\/roveyayinevi.com.tr\/index.php\/wp-json\/wp\/v2\/product\/727061","targetHints":{"allow":["GET"]}}],"collection":[{"href":"https:\/\/roveyayinevi.com.tr\/index.php\/wp-json\/wp\/v2\/product"}],"about":[{"href":"https:\/\/roveyayinevi.com.tr\/index.php\/wp-json\/wp\/v2\/types\/product"}],"wp:attachment":[{"href":"https:\/\/roveyayinevi.com.tr\/index.php\/wp-json\/wp\/v2\/media?parent=727061"}],"wp:term":[{"taxonomy":"product_brand","embeddable":true,"href":"https:\/\/roveyayinevi.com.tr\/index.php\/wp-json\/wp\/v2\/product_brand?post=727061"},{"taxonomy":"product_cat","embeddable":true,"href":"https:\/\/roveyayinevi.com.tr\/index.php\/wp-json\/wp\/v2\/product_cat?post=727061"},{"taxonomy":"product_tag","embeddable":true,"href":"https:\/\/roveyayinevi.com.tr\/index.php\/wp-json\/wp\/v2\/product_tag?post=727061"}],"curies":[{"name":"wp","href":"https:\/\/api.w.org\/{rel}","templated":true}]}}