{"id":727053,"date":"2025-08-27T20:16:30","date_gmt":"2025-08-27T17:16:30","guid":{"rendered":"https:\/\/roveyayinevi.com.tr\/index.php\/urun\/soylem-etigi\/"},"modified":"2026-04-16T02:34:51","modified_gmt":"2026-04-15T23:34:51","slug":"soylem-etigi","status":"publish","type":"product","link":"https:\/\/roveyayinevi.com.tr\/index.php\/urun\/soylem-etigi\/","title":{"rendered":"S\u00f6ylem Eti\u011fi"},"content":{"rendered":"<p>\u00c7a\u011f\u0131m\u0131z\u0131n en \u00f6nemli d\u00fc\u015f\u00fcn\u00fcrlerinden J\u00fcrgen Habermas, K. O. Apel ile birlikte, Kant\u00e7\u0131 ahlak teorisini ileti\u015fimsel-kuramsal ara\u00e7larla yeniden form\u00fcle etmeyi deneyerek \u2018s\u00f6ylem eti\u011fi\u2019 kuram\u0131n\u0131 geli\u015ftirirler. S\u00f6ylem eti\u011fi, bir konu\u015fmada taraflar\u0131n ge\u00e7erlilik iddialar\u0131 ortaya koyduklar\u0131 ve makul gerek\u00e7elerle uzla\u015f\u0131ma varmaya \u00e7al\u0131\u015ft\u0131klar\u0131, s\u00f6ylem merkezli etik kuramd\u0131r. S\u00f6yleme kat\u0131lmakla, s\u00f6ylemin kurallar\u0131 kabul edilmi\u015ftir. S\u00f6ylem eti\u011finde, uzla\u015f\u0131 \u015fart de\u011filse de, evrensel bir norm olacak bi\u00e7imde bir anla\u015fmaya varmak as\u0131l ama\u00e7t\u0131r. Habermas\u2019a g\u00f6re, evrensel ahlak ilkelerini pratik ve ortak bir yarar sa\u011flamak amac\u0131yla ger\u00e7ekle\u015ftirilen ussal tart\u0131\u015fmalar temelinde ele almak m\u00fcmk\u00fcnd\u00fcr. Ancak tart\u0131\u015fman\u0131n tarafs\u0131z bir bi\u00e7imde s\u00fcrd\u00fcr\u00fclmesi ve bir ussall\u0131k temelinde ilerlemesi gerekir. Elinizdeki eserde Habermas, s\u00f6ylem eti\u011finin Kant eti\u011fiyle benzerliklerini ve farkl\u0131l\u0131klar\u0131n\u0131, Hegel&#8217;in bu eti\u011fe ele\u015ftirileri \u00e7er\u00e7evesinde ortaya koymakla beraber, Bernard Williams, MacIntyre, Charles Taylor ve Rawls gibi \u00e7a\u011fda\u015f filozoflarla eti\u011fin temel sorunlar\u0131 \u00fczerine bir tart\u0131\u015fmaya giri\u015fmektedir. Bu de\u011ferli \u00e7al\u0131\u015fmay\u0131 Erdal Cengiz\u2019in Sunu\u015fu ve Seyit Co\u015fkun\u2019un \u00e7evirisi ile okurlar\u0131m\u0131za sunuyoruz.<\/p>\n","protected":false},"excerpt":{"rendered":"<p>\u00c7a\u011f\u0131m\u0131z\u0131n en \u00f6nemli d\u00fc\u015f\u00fcn\u00fcrlerinden J\u00fcrgen Habermas, K. O. Apel ile birlikte, Kant\u00e7\u0131 ahlak teorisini ileti\u015fimsel-kuramsal ara\u00e7larla yeniden form\u00fcle etmeyi deneyerek \u2018s\u00f6ylem eti\u011fi\u2019 kuram\u0131n\u0131 geli\u015ftirirler. S\u00f6ylem eti\u011fi,<span class=\"excerpt-hellip\"> [\u2026]<\/span><\/p>\n","protected":false},"featured_media":0,"template":"","meta":{"_monsterinsights_skip_tracking":false,"_monsterinsights_sitenote_active":false,"_monsterinsights_sitenote_note":"","_monsterinsights_sitenote_category":0},"product_brand":[],"product_cat":[15319,12388],"product_tag":[],"class_list":{"0":"post-727053","1":"product","2":"type-product","3":"status-publish","5":"product_cat-etik","6":"product_cat-felsefe","7":"pa_cilt-ciltsiz","8":"pa_tur-kitap","9":"pa_yayinevi-fol-kitap","10":"pa_yazar-jurgen-habermas","12":"first","13":"instock","14":"sale","15":"shipping-taxable","16":"purchasable","17":"product-type-simple"},"_links":{"self":[{"href":"https:\/\/roveyayinevi.com.tr\/index.php\/wp-json\/wp\/v2\/product\/727053","targetHints":{"allow":["GET"]}}],"collection":[{"href":"https:\/\/roveyayinevi.com.tr\/index.php\/wp-json\/wp\/v2\/product"}],"about":[{"href":"https:\/\/roveyayinevi.com.tr\/index.php\/wp-json\/wp\/v2\/types\/product"}],"wp:attachment":[{"href":"https:\/\/roveyayinevi.com.tr\/index.php\/wp-json\/wp\/v2\/media?parent=727053"}],"wp:term":[{"taxonomy":"product_brand","embeddable":true,"href":"https:\/\/roveyayinevi.com.tr\/index.php\/wp-json\/wp\/v2\/product_brand?post=727053"},{"taxonomy":"product_cat","embeddable":true,"href":"https:\/\/roveyayinevi.com.tr\/index.php\/wp-json\/wp\/v2\/product_cat?post=727053"},{"taxonomy":"product_tag","embeddable":true,"href":"https:\/\/roveyayinevi.com.tr\/index.php\/wp-json\/wp\/v2\/product_tag?post=727053"}],"curies":[{"name":"wp","href":"https:\/\/api.w.org\/{rel}","templated":true}]}}