{"id":727045,"date":"2025-08-27T20:16:23","date_gmt":"2025-08-27T17:16:23","guid":{"rendered":"https:\/\/roveyayinevi.com.tr\/index.php\/urun\/tavsancigin-yarasini-sarar-misin\/"},"modified":"2026-04-16T02:34:51","modified_gmt":"2026-04-15T23:34:51","slug":"tavsancigin-yarasini-sarar-misin","status":"publish","type":"product","link":"https:\/\/roveyayinevi.com.tr\/index.php\/urun\/tavsancigin-yarasini-sarar-misin\/","title":{"rendered":"Tav\u015fanc\u0131\u011f\u0131n Yaras\u0131n\u0131 Sarar m\u0131s\u0131n?"},"content":{"rendered":"<p>Tav\u015fanc\u0131k d\u00fc\u015f\u00fcp kolunu yaralad\u0131. Ona yard\u0131m eder misin? Haydi, \u00fc\u00e7 kere \u00fcfle de ge\u00e7sin. Yara band\u0131n\u0131 da yap\u0131\u015ft\u0131r l\u00fctfen. Sihirli s\u00f6zc\u00fckleri s\u00f6ylemeyi unutma sak\u0131n!<\/p>\n","protected":false},"excerpt":{"rendered":"<p>Tav\u015fanc\u0131k d\u00fc\u015f\u00fcp kolunu yaralad\u0131. Ona yard\u0131m eder misin? Haydi, \u00fc\u00e7 kere \u00fcfle de ge\u00e7sin. Yara band\u0131n\u0131 da yap\u0131\u015ft\u0131r l\u00fctfen. Sihirli s\u00f6zc\u00fckleri s\u00f6ylemeyi unutma sak\u0131n!<\/p>\n","protected":false},"featured_media":0,"template":"","meta":{"_monsterinsights_skip_tracking":false,"_monsterinsights_sitenote_active":false,"_monsterinsights_sitenote_note":"","_monsterinsights_sitenote_category":0},"product_brand":[],"product_cat":[12274,12518],"product_tag":[],"class_list":{"0":"post-727045","1":"product","2":"type-product","3":"status-publish","5":"product_cat-cocuk-ve-genclik-kitaplari","6":"product_cat-okul-oncesi-kitaplar","7":"pa_cilt-ciltsiz","8":"pa_tur-kitap","9":"pa_yayinevi-beyaz-balina-yayinlari","10":"pa_yazar-jorg-muhle","12":"first","13":"instock","14":"sale","15":"shipping-taxable","16":"purchasable","17":"product-type-simple"},"_links":{"self":[{"href":"https:\/\/roveyayinevi.com.tr\/index.php\/wp-json\/wp\/v2\/product\/727045","targetHints":{"allow":["GET"]}}],"collection":[{"href":"https:\/\/roveyayinevi.com.tr\/index.php\/wp-json\/wp\/v2\/product"}],"about":[{"href":"https:\/\/roveyayinevi.com.tr\/index.php\/wp-json\/wp\/v2\/types\/product"}],"wp:attachment":[{"href":"https:\/\/roveyayinevi.com.tr\/index.php\/wp-json\/wp\/v2\/media?parent=727045"}],"wp:term":[{"taxonomy":"product_brand","embeddable":true,"href":"https:\/\/roveyayinevi.com.tr\/index.php\/wp-json\/wp\/v2\/product_brand?post=727045"},{"taxonomy":"product_cat","embeddable":true,"href":"https:\/\/roveyayinevi.com.tr\/index.php\/wp-json\/wp\/v2\/product_cat?post=727045"},{"taxonomy":"product_tag","embeddable":true,"href":"https:\/\/roveyayinevi.com.tr\/index.php\/wp-json\/wp\/v2\/product_tag?post=727045"}],"curies":[{"name":"wp","href":"https:\/\/api.w.org\/{rel}","templated":true}]}}