{"id":727038,"date":"2025-08-27T20:16:17","date_gmt":"2025-08-27T17:16:17","guid":{"rendered":"https:\/\/roveyayinevi.com.tr\/index.php\/urun\/buyuk-alaeddin-keykubad-ve-zamani-ciltli\/"},"modified":"2026-04-16T02:34:51","modified_gmt":"2026-04-15T23:34:51","slug":"buyuk-alaeddin-keykubad-ve-zamani-ciltli","status":"publish","type":"product","link":"https:\/\/roveyayinevi.com.tr\/index.php\/urun\/buyuk-alaeddin-keykubad-ve-zamani-ciltli\/","title":{"rendered":"B\u00fcy\u00fck Alaeddin Keykubad Ve Zaman\u0131 (Ciltli)"},"content":{"rendered":"<p>Anadolu, uzun tarihi boyunca hi\u00e7bir zaman tek bir devletin h\u00e2kimiyeti alt\u0131nda birle\u015ftirilememi\u015ftir. Bu hususta T\u00fcrkler bir istisna te\u015fkil etmi\u015flerdir. B\u00fct\u00fcnl\u00fc\u011f\u00fcn\u00fcn sa\u011flanmas\u0131 sayesinde Anadolu, tarihinde ilk defa t\u00fcm\u00fcyle istilaya u\u011framadan T\u00fcrklerin elinde kalm\u0131\u015ft\u0131r. Sel\u00e7uklular devrinde Anadolu\u2019nun tek h\u00e2kimiyet alt\u0131nda birle\u015ftirilmesi; T\u00fcrklerin Anadolu\u2019yu savunmas\u0131, burada parlak bir medeniyet kurmas\u0131 ve ekonomik geli\u015fmeyi sa\u011flamas\u0131 i\u00e7in son derece uygun bir zemin haz\u0131rlam\u0131\u015ft\u0131r. Al\u00e2edd\u00een Keykubad, Bat\u0131 R\u00f6nesans\u0131\u2019ndan \u00e7ok \u00f6nce ger\u00e7ekle\u015ftirilen bu T\u00fcrk-\u0130sl\u00e2m R\u00f6nesans\u0131\u2019n\u0131n ba\u015fl\u0131ca mimarlar\u0131ndan biridir. Sultan I. Al\u00e2edd\u00een Keykubad d\u00f6nemi; siyas\u00ee ili\u015fkilerden ticar\u00ee ve ekonomik canlanmaya, asker\u00ee yeniliklerden g\u00f6z al\u0131c\u0131 sanat eserlerine, fetih hareketlerinden g\u00fcvenlik politikalar\u0131 ve stratejilerine dek Anadolu Sel\u00e7uklular\u0131 tarihinin en hareketli ve dikkat \u00e7ekici devridir. Al\u00e2edd\u00een Keykubad liderli\u011finde Anadolu Sel\u00e7uklu Devleti alt\u0131n \u00e7a\u011f\u0131n\u0131 idrak etmi\u015ftir. T\u00fcm bu geli\u015fmeler, Ha\u00e7l\u0131 seferleri ve Mo\u011fol istilas\u0131 aras\u0131nda s\u0131k\u0131\u015f\u0131p kalm\u0131\u015f, tansiyonu olduk\u00e7a y\u00fcksek bir co\u011frafyada meydana gelmi\u015ftir. Sel\u00e7uklu tarihinin en \u00f6nde gelen isimlerinden Prof. Dr. Mehmet Altay K\u00f6ymen\u2019in \u201custal\u0131k eserim\u201d dedi\u011fi bu \u00e7al\u0131\u015fmas\u0131, \u201cak\u0131llara durgunluk veren\u201d bir medeniyeti ve refah\u0131 teferruat\u0131yla ortaya koymas\u0131yla alan\u0131n\u0131n en yetkin kitab\u0131 olma \u00f6zelli\u011fine sahiptir. Bu eserle birlikte d\u00f6nemin devlet otoritesi, devlet hayat\u0131nda rol oynayan unsurlar, saray te\u015fkil\u00e2t\u0131, h\u00fck\u00fbmet te\u015fkil\u00e2t\u0131, ordu, devlet idaresi ve h\u00fck\u00fcmdar\u0131n hayat\u0131 birincil kaynaklara dayanan bilgilerle ve benzersiz bir \u00fcslupla ortaya konmaktad\u0131r.B\u00fcy\u00fck Al\u00e2edd\u00een Keykubad ve Zaman\u0131, T\u00fcrk tarihinin hem en \u00f6nemli devirlerinden hem de en \u00f6nemli h\u00fck\u00fcmdarlar\u0131ndan birini t\u00fcm \u00e7arp\u0131c\u0131 y\u00f6nleriyle takdim eden e\u015fsiz bir kaynak\u2026<\/p>\n","protected":false},"excerpt":{"rendered":"<p>Anadolu, uzun tarihi boyunca hi\u00e7bir zaman tek bir devletin h\u00e2kimiyeti alt\u0131nda birle\u015ftirilememi\u015ftir. Bu hususta T\u00fcrkler bir istisna te\u015fkil etmi\u015flerdir. B\u00fct\u00fcnl\u00fc\u011f\u00fcn\u00fcn sa\u011flanmas\u0131 sayesinde Anadolu, tarihinde ilk defa<span class=\"excerpt-hellip\"> [\u2026]<\/span><\/p>\n","protected":false},"featured_media":0,"template":"","meta":{"_monsterinsights_skip_tracking":false,"_monsterinsights_sitenote_active":false,"_monsterinsights_sitenote_note":"","_monsterinsights_sitenote_category":0},"product_brand":[],"product_cat":[12312,12304],"product_tag":[],"class_list":{"0":"post-727038","1":"product","2":"type-product","3":"status-publish","5":"product_cat-diger","6":"product_cat-tarih","7":"pa_cilt-ciltli","8":"pa_tur-kitap","9":"pa_yayinevi-kronik-kitap","10":"pa_yazar-mehmet-altay-koymen","12":"first","13":"instock","14":"sale","15":"shipping-taxable","16":"purchasable","17":"product-type-simple"},"_links":{"self":[{"href":"https:\/\/roveyayinevi.com.tr\/index.php\/wp-json\/wp\/v2\/product\/727038","targetHints":{"allow":["GET"]}}],"collection":[{"href":"https:\/\/roveyayinevi.com.tr\/index.php\/wp-json\/wp\/v2\/product"}],"about":[{"href":"https:\/\/roveyayinevi.com.tr\/index.php\/wp-json\/wp\/v2\/types\/product"}],"wp:attachment":[{"href":"https:\/\/roveyayinevi.com.tr\/index.php\/wp-json\/wp\/v2\/media?parent=727038"}],"wp:term":[{"taxonomy":"product_brand","embeddable":true,"href":"https:\/\/roveyayinevi.com.tr\/index.php\/wp-json\/wp\/v2\/product_brand?post=727038"},{"taxonomy":"product_cat","embeddable":true,"href":"https:\/\/roveyayinevi.com.tr\/index.php\/wp-json\/wp\/v2\/product_cat?post=727038"},{"taxonomy":"product_tag","embeddable":true,"href":"https:\/\/roveyayinevi.com.tr\/index.php\/wp-json\/wp\/v2\/product_tag?post=727038"}],"curies":[{"name":"wp","href":"https:\/\/api.w.org\/{rel}","templated":true}]}}