{"id":727036,"date":"2025-08-27T20:16:16","date_gmt":"2025-08-27T17:16:16","guid":{"rendered":"https:\/\/roveyayinevi.com.tr\/index.php\/urun\/camlari-kirin-kuslar-kurtulsun\/"},"modified":"2026-04-16T02:34:51","modified_gmt":"2026-04-15T23:34:51","slug":"camlari-kirin-kuslar-kurtulsun","status":"publish","type":"product","link":"https:\/\/roveyayinevi.com.tr\/index.php\/urun\/camlari-kirin-kuslar-kurtulsun\/","title":{"rendered":"Camlar\u0131 K\u0131r\u0131n Ku\u015flar Kurtulsun"},"content":{"rendered":"<p>Y\u0131lmaz G\u00fcney ve Fato\u015f G\u00fcney a\u015fk\u0131 farkl\u0131 ba\u011flamlarda pek \u00e7ok tart\u0131\u015fman\u0131n konusu oldu. Nice zorluklara g\u00f6\u011f\u00fcs gererek serpilen, cezaevi, s\u00fcrg\u00fcn, ayr\u0131l\u0131k gibi \u00e7etin s\u00fcre\u00e7lerle daha da g\u00fc\u00e7lenip b\u00fcy\u00fcyen bu destans\u0131 sevgi ilk kez t\u00fcm detaylar\u0131, t\u00fcm \u00e7\u0131plakl\u0131\u011f\u0131yla k\u00e2\u011f\u0131da d\u00f6k\u00fcld\u00fc, bizzat Fato\u015f G\u00fcney taraf\u0131ndan.   Moda\u2019da do\u011fup b\u00fcy\u00fcm\u00fc\u015f, burjuva k\u00fclt\u00fcr\u00fcyle yeti\u015fmi\u015f ve kendi kozas\u0131ndan \u00e7\u0131kmam\u0131\u015f bir gen\u00e7 k\u0131z\u0131n hayat\u0131n\u0131n alt\u00fcst olu\u015f hik\u00e2yesiyle ba\u015fl\u0131yor Camlar\u0131 K\u0131r\u0131n Ku\u015flar Kurtulsun. Bu bireysel de\u011fi\u015fim \u00fclkenin siyasi tarihi ve politik sars\u0131nt\u0131larla, Y\u0131lmaz G\u00fcney\u2019in kendi yolunu bulma ser\u00fcveniyle harmanlanarak e\u015fsiz bir anlat\u0131 olu\u015fturuyor. Fato\u015f G\u00fcney bu kitapta bizlere birlikte m\u00fccadele etmenin, birlikte olgunla\u015fman\u0131n, birlikte direnmenin hik\u00e2yesini sunuyor.Camlar\u0131 K\u0131r\u0131n Ku\u015flar Kurtulsun Y\u0131lmaz G\u00fcney ve Fato\u015f G\u00fcney\u2019in dillere pelesenk olan b\u00fcy\u00fck a\u015fk\u0131na, T\u00fcrkiye politik sinemas\u0131na ve onun en \u00f6zg\u00fcn, \u00f6nc\u00fc fig\u00fcr\u00fc olan Y\u0131lmaz G\u00fcney\u2019in hayat\u0131na, darbeler tarihine; direnmeye, de\u011fi\u015ftirmeye inanm\u0131\u015f bir ku\u015fa\u011f\u0131n anlam d\u00fcnyas\u0131na \u0131\u015f\u0131k tutuyor. \u201c\u2026Fakat y\u0131lmamal\u0131yd\u0131m, s\u00fcrd\u00fcrmeliydim yazmay\u0131 \u00e7\u00fcnk\u00fc biliyordum, hi\u00e7bir \u015fey sonsuzlukta yok olup gitmek kadar ac\u0131 olamazd\u0131. Yazmak, \u00f6l\u00fcmden bir \u015fey koparmakt\u0131! (\u2026) Ge\u00e7mi\u015fin t\u00fcm birikimi, \u015fimdiki zaman\u0131n ger\u00e7ekli\u011fiyle birle\u015fecekti nihayet. Bu kez yeniden hat\u0131rlaman\u0131n, yeniden de\u011ferlendirmenin s\u00fczgecinden ge\u00e7erek\u2026\u201d <\/p>\n","protected":false},"excerpt":{"rendered":"<p>Y\u0131lmaz G\u00fcney ve Fato\u015f G\u00fcney a\u015fk\u0131 farkl\u0131 ba\u011flamlarda pek \u00e7ok tart\u0131\u015fman\u0131n konusu oldu. Nice zorluklara g\u00f6\u011f\u00fcs gererek serpilen, cezaevi, s\u00fcrg\u00fcn, ayr\u0131l\u0131k gibi \u00e7etin s\u00fcre\u00e7lerle daha da<span class=\"excerpt-hellip\"> [\u2026]<\/span><\/p>\n","protected":false},"featured_media":0,"template":"","meta":{"_monsterinsights_skip_tracking":false,"_monsterinsights_sitenote_active":false,"_monsterinsights_sitenote_note":"","_monsterinsights_sitenote_category":0},"product_brand":[],"product_cat":[12291,12292],"product_tag":[],"class_list":{"0":"post-727036","1":"product","2":"type-product","3":"status-publish","5":"product_cat-edebiyat","6":"product_cat-turk-edebiyati","7":"pa_cilt-ciltsiz","8":"pa_tur-kitap","9":"pa_yayinevi-ithaki-yayinlari","10":"pa_yazar-fatos-guney","12":"first","13":"instock","14":"sale","15":"shipping-taxable","16":"purchasable","17":"product-type-simple"},"_links":{"self":[{"href":"https:\/\/roveyayinevi.com.tr\/index.php\/wp-json\/wp\/v2\/product\/727036","targetHints":{"allow":["GET"]}}],"collection":[{"href":"https:\/\/roveyayinevi.com.tr\/index.php\/wp-json\/wp\/v2\/product"}],"about":[{"href":"https:\/\/roveyayinevi.com.tr\/index.php\/wp-json\/wp\/v2\/types\/product"}],"wp:attachment":[{"href":"https:\/\/roveyayinevi.com.tr\/index.php\/wp-json\/wp\/v2\/media?parent=727036"}],"wp:term":[{"taxonomy":"product_brand","embeddable":true,"href":"https:\/\/roveyayinevi.com.tr\/index.php\/wp-json\/wp\/v2\/product_brand?post=727036"},{"taxonomy":"product_cat","embeddable":true,"href":"https:\/\/roveyayinevi.com.tr\/index.php\/wp-json\/wp\/v2\/product_cat?post=727036"},{"taxonomy":"product_tag","embeddable":true,"href":"https:\/\/roveyayinevi.com.tr\/index.php\/wp-json\/wp\/v2\/product_tag?post=727036"}],"curies":[{"name":"wp","href":"https:\/\/api.w.org\/{rel}","templated":true}]}}