{"id":727020,"date":"2025-08-27T20:15:27","date_gmt":"2025-08-27T17:15:27","guid":{"rendered":"https:\/\/roveyayinevi.com.tr\/index.php\/urun\/kedi-dili\/"},"modified":"2026-04-16T02:34:50","modified_gmt":"2026-04-15T23:34:50","slug":"kedi-dili","status":"publish","type":"product","link":"https:\/\/roveyayinevi.com.tr\/index.php\/urun\/kedi-dili\/","title":{"rendered":"Kedi Dili"},"content":{"rendered":"<p>Bir m\u0131r\u0131lt\u0131yla ba\u015fl\u0131yor her \u015fey, t\u00fcyler \u00fczerinde gezinen \u015fefkatli bir elle. Bir oluyor, hemhal bu hik\u00e2yede ba\u015fka d\u00fcnyalara uyuyan kediler ve birbirlerinin r\u00fcyas\u0131na uyanan insanlar; Sarmankarman\u00e7orman miyavlar, Nezahat ve Birsen han\u0131mlar; bah\u00e7eler, evler, sokaklar, eski ve yeni zamanlar; her an s\u00fcren sava\u015flar ve az\u0131c\u0131k bir \u00e7abayla kurulabilecek i\u00e7 bar\u0131\u015flar; hakikat olan masallar ve \u015fer def eden hay\u0131rlar\u2026 \u00d6zlem Anar\u2019\u0131n tecr\u00fcbeli kalemi keskin \u00e7izgiler de\u011fil, ruhu sar\u0131p sarmalayan daireler \u00e7iziyor; zorlu \u00e7\u0131k\u0131\u015flar\u0131 kadar ferahlat\u0131c\u0131 ini\u015fleri de olan o seyri, hayat dedi\u011fimiz oyunbaz deveran\u0131 resmediyor Kedi Dili. Siz de duyabilirsiniz kedinin dilinden b\u00f6ylece,  s\u0131\u011fan bir g\u00f6z \u00e2leme, bin \u00e2leminin hik\u00e2yesini!<\/p>\n","protected":false},"excerpt":{"rendered":"<p>Bir m\u0131r\u0131lt\u0131yla ba\u015fl\u0131yor her \u015fey, t\u00fcyler \u00fczerinde gezinen \u015fefkatli bir elle. Bir oluyor, hemhal bu hik\u00e2yede ba\u015fka d\u00fcnyalara uyuyan kediler ve birbirlerinin r\u00fcyas\u0131na uyanan insanlar; Sarmankarman\u00e7orman<span class=\"excerpt-hellip\"> [\u2026]<\/span><\/p>\n","protected":false},"featured_media":0,"template":"","meta":{"_monsterinsights_skip_tracking":false,"_monsterinsights_sitenote_active":false,"_monsterinsights_sitenote_note":"","_monsterinsights_sitenote_category":0},"product_brand":[],"product_cat":[12291,12711],"product_tag":[],"class_list":{"0":"post-727020","1":"product","2":"type-product","3":"status-publish","5":"product_cat-edebiyat","6":"product_cat-roman-oyku","7":"pa_cilt-ciltsiz","8":"pa_tur-kitap","9":"pa_yayinevi-alfa-yayinlari","10":"pa_yazar-ozlem-anar","12":"first","13":"instock","14":"sale","15":"shipping-taxable","16":"purchasable","17":"product-type-simple"},"_links":{"self":[{"href":"https:\/\/roveyayinevi.com.tr\/index.php\/wp-json\/wp\/v2\/product\/727020","targetHints":{"allow":["GET"]}}],"collection":[{"href":"https:\/\/roveyayinevi.com.tr\/index.php\/wp-json\/wp\/v2\/product"}],"about":[{"href":"https:\/\/roveyayinevi.com.tr\/index.php\/wp-json\/wp\/v2\/types\/product"}],"wp:attachment":[{"href":"https:\/\/roveyayinevi.com.tr\/index.php\/wp-json\/wp\/v2\/media?parent=727020"}],"wp:term":[{"taxonomy":"product_brand","embeddable":true,"href":"https:\/\/roveyayinevi.com.tr\/index.php\/wp-json\/wp\/v2\/product_brand?post=727020"},{"taxonomy":"product_cat","embeddable":true,"href":"https:\/\/roveyayinevi.com.tr\/index.php\/wp-json\/wp\/v2\/product_cat?post=727020"},{"taxonomy":"product_tag","embeddable":true,"href":"https:\/\/roveyayinevi.com.tr\/index.php\/wp-json\/wp\/v2\/product_tag?post=727020"}],"curies":[{"name":"wp","href":"https:\/\/api.w.org\/{rel}","templated":true}]}}