{"id":727018,"date":"2025-08-27T20:15:25","date_gmt":"2025-08-27T17:15:25","guid":{"rendered":"https:\/\/roveyayinevi.com.tr\/index.php\/urun\/ken-loach-filmlerinde-mucadelenin-arkeolojisi\/"},"modified":"2026-01-29T03:03:10","modified_gmt":"2026-01-29T00:03:10","slug":"ken-loach-filmlerinde-mucadelenin-arkeolojisi","status":"publish","type":"product","link":"https:\/\/roveyayinevi.com.tr\/index.php\/urun\/ken-loach-filmlerinde-mucadelenin-arkeolojisi\/","title":{"rendered":"Ken Loach Filmlerinde M\u00fccadelenin Arkeolojisi"},"content":{"rendered":"<p>Politik bir tercih olarak melez sinematik imajlar \u00fcreten Ken Loach d\u00fcnya \u00e7ap\u0131ndaki kay\u0131p toplumu in\u015fa etmeye \u00e7al\u0131\u015f\u0131yor. Loach min\u00f6rl\u00fc\u011f\u00fc t\u00fcm d\u00fcnya ba\u011flam\u0131nda d\u00fc\u015f\u00fcn\u00fcr; \u00e7\u00fcnk\u00fc d\u00fcnyan\u0131n neresinde olursa olsun asl\u0131nda say\u0131lar\u0131 fazla olan kalabal\u0131k say\u0131lar\u0131 az olan maj\u00f6r g\u00fc\u00e7lerce tahakk\u00fcm alt\u0131nda tutulmaktad\u0131r. Sorun tahakk\u00fcm alt\u0131ndaki kalabal\u0131klara seslenerek asl\u0131nda onlara g\u00fc\u00e7lerini hat\u0131rlatmak, onlar\u0131 ar\u0131zalatmak; maj\u00f6r kar\u015f\u0131s\u0131ndaki potansiyellerinin fark\u0131na varmalar\u0131n\u0131 sa\u011flamakt\u0131r. O halde Ken Loach\u2019da s\u00f6z konusu olan \u00e7ift tarafl\u0131 bir kekeletmedir: bir tarafta maj\u00f6r\u00fc kekeletme, di\u011fer tarafta kay\u0131p olan tahakk\u00fcm alt\u0131ndakileri kekeletme.Elinizdeki derleme Loach filmlerindeki maj\u00f6r ve min\u00f6r aras\u0131ndaki bu ili\u015fkinin \u00f6zel alandaki, kentteki ve cephedeki m\u00fccadelesine yo\u011funla\u015fmakta. Ken Loach filmlerinde iktidar ile tahakk\u00fcm alt\u0131nda yer alanlar aras\u0131nda zamansal ve mek\u00e2nsal boyutlardaki m\u00fccadelenin izini s\u00fcren \u00e7al\u0131\u015fma bu anlam\u0131yla ilk olma \u00f6zelli\u011fine sahip.<\/p>\n","protected":false},"excerpt":{"rendered":"<p>Politik bir tercih olarak melez sinematik imajlar \u00fcreten Ken Loach d\u00fcnya \u00e7ap\u0131ndaki kay\u0131p toplumu in\u015fa etmeye \u00e7al\u0131\u015f\u0131yor. Loach min\u00f6rl\u00fc\u011f\u00fc t\u00fcm d\u00fcnya ba\u011flam\u0131nda d\u00fc\u015f\u00fcn\u00fcr; \u00e7\u00fcnk\u00fc d\u00fcnyan\u0131n neresinde<span class=\"excerpt-hellip\"> [\u2026]<\/span><\/p>\n","protected":false},"featured_media":0,"template":"","meta":{"_monsterinsights_skip_tracking":false,"_monsterinsights_sitenote_active":false,"_monsterinsights_sitenote_note":"","_monsterinsights_sitenote_category":0},"product_brand":[],"product_cat":[44608,12408],"product_tag":[],"class_list":{"0":"post-727018","1":"product","2":"type-product","3":"status-publish","5":"product_cat-diger-sanat","6":"product_cat-sanat","7":"pa_cilt-ciltsiz","8":"pa_tur-kitap","9":"pa_yayinevi-utopya-yayinevi","10":"pa_yazar-utopya-yayinevi-kolektif","12":"first","13":"instock","14":"sale","15":"shipping-taxable","16":"purchasable","17":"product-type-simple"},"_links":{"self":[{"href":"https:\/\/roveyayinevi.com.tr\/index.php\/wp-json\/wp\/v2\/product\/727018","targetHints":{"allow":["GET"]}}],"collection":[{"href":"https:\/\/roveyayinevi.com.tr\/index.php\/wp-json\/wp\/v2\/product"}],"about":[{"href":"https:\/\/roveyayinevi.com.tr\/index.php\/wp-json\/wp\/v2\/types\/product"}],"wp:attachment":[{"href":"https:\/\/roveyayinevi.com.tr\/index.php\/wp-json\/wp\/v2\/media?parent=727018"}],"wp:term":[{"taxonomy":"product_brand","embeddable":true,"href":"https:\/\/roveyayinevi.com.tr\/index.php\/wp-json\/wp\/v2\/product_brand?post=727018"},{"taxonomy":"product_cat","embeddable":true,"href":"https:\/\/roveyayinevi.com.tr\/index.php\/wp-json\/wp\/v2\/product_cat?post=727018"},{"taxonomy":"product_tag","embeddable":true,"href":"https:\/\/roveyayinevi.com.tr\/index.php\/wp-json\/wp\/v2\/product_tag?post=727018"}],"curies":[{"name":"wp","href":"https:\/\/api.w.org\/{rel}","templated":true}]}}