{"id":727017,"date":"2025-08-27T20:15:25","date_gmt":"2025-08-27T17:15:25","guid":{"rendered":"https:\/\/roveyayinevi.com.tr\/index.php\/urun\/aidiyet-gocmen-ve-toplumsal-cesitlilik\/"},"modified":"2026-01-29T03:03:10","modified_gmt":"2026-01-29T00:03:10","slug":"aidiyet-gocmen-ve-toplumsal-cesitlilik","status":"publish","type":"product","link":"https:\/\/roveyayinevi.com.tr\/index.php\/urun\/aidiyet-gocmen-ve-toplumsal-cesitlilik\/","title":{"rendered":"Aidiyet, G\u00f6\u00e7men Ve Toplumsal \u00c7e\u015fitlilik"},"content":{"rendered":"<p>Geleneksel yap\u0131n\u0131n korudu\u011fu, bi\u00e7imlendirdi\u011fi ve y\u00f6nlendirdi\u011fi bireyler, bu yap\u0131n\u0131n da\u011f\u0131lmas\u0131yla birlikte kendilerini \u201csahipsiz\u201d ve terkedilmi\u015f bir alanda, bir anlam ve aidiyet aray\u0131\u015f\u0131 i\u00e7erisinde buldular. Eski sosyal ili\u015fkilerin ve aidiyet ba\u011flar\u0131n\u0131n \u00e7\u00f6z\u00fclmesine kar\u015f\u0131n, yeni ve insanlar\u0131 mobilize eden ba\u015fka toplumsall\u0131k bi\u00e7imleri h\u00e2l\u00e2 s\u00fcrece damgas\u0131n\u0131 vuramad\u0131. Kentselle\u015fmi\u015f ve giderek \u00e7e\u015fitlenen bir d\u00fcnyada, yeni toplumsall\u0131klar ve dayan\u0131\u015fma dinamikleri aray\u0131\u015f\u0131 modern insan\u0131n en \u00f6nemli kavgas\u0131 olarak \u00f6n\u00fcm\u00fczde durmaktad\u0131r. Bu kitab\u0131n amac\u0131, k\u00fcresel \u00f6l\u00e7ekte h\u0131zlanan g\u00f6\u00e7\u00fcn, de\u011fi\u015fik k\u00fclt\u00fcrleri bir araya getiren hareketliliklerin, farkl\u0131lar\u0131n etkile\u015fiminden do\u011fan yeni ya\u015fam pratiklerinin, ortaya \u00e7\u0131kan yeni toplumsal sorunlar\u0131n ve s\u0131n\u0131fsal pozisyonlar\u0131n do\u011furdu\u011fu yeni toplumsall\u0131klar olu\u015fturma e\u011filimlerini tart\u0131\u015fmakt\u0131r. Kendine bir var olma alan\u0131 arayan g\u00f6\u00e7menlerin, geleneksel, dinsel ve milliyet\u00e7i yakla\u015f\u0131mlar\u0131 \u00f6ne \u00e7\u0131karma e\u011filimine girmeleri ve bunun yaratt\u0131\u011f\u0131 g\u00fcnl\u00fck pratikler de tart\u0131\u015fma alanlar\u0131ndan birisidir. D\u00fcnyan\u0131n ba\u015fka yerlerinde g\u00f6zlemlenen bu durum, T\u00fcrkiye\u2019deki g\u00f6\u00e7men topluluklar\u0131n\u0131 da yak\u0131ndan ilgilendirmektedir. Katk\u0131da bulunanlar: Ahmet Korkut Tuna, Ayhan Kaya, \u015e\u00fckr\u00fc Aslan, Ahu Pak\u00f6z T\u00fcrkeli, \u0130brahim Soys\u00fcren, Mahir Konuk, Jan Spurk, Julie Alev Dilma\u00e7, Loic Gandais, M. Ertan Karde\u015f, Mustafa Poyraz, Vasoodeven Vuddamalay.<\/p>\n","protected":false},"excerpt":{"rendered":"<p>Geleneksel yap\u0131n\u0131n korudu\u011fu, bi\u00e7imlendirdi\u011fi ve y\u00f6nlendirdi\u011fi bireyler, bu yap\u0131n\u0131n da\u011f\u0131lmas\u0131yla birlikte kendilerini \u201csahipsiz\u201d ve terkedilmi\u015f bir alanda, bir anlam ve aidiyet aray\u0131\u015f\u0131 i\u00e7erisinde buldular. Eski sosyal<span class=\"excerpt-hellip\"> [\u2026]<\/span><\/p>\n","protected":false},"featured_media":0,"template":"","meta":{"_monsterinsights_skip_tracking":false,"_monsterinsights_sitenote_active":false,"_monsterinsights_sitenote_note":"","_monsterinsights_sitenote_category":0},"product_brand":[],"product_cat":[12325,12324],"product_tag":[],"class_list":{"0":"post-727017","1":"product","2":"type-product","3":"status-publish","5":"product_cat-diger-sosyoloji","6":"product_cat-sosyoloji","7":"pa_cilt-ciltsiz","8":"pa_tur-kitap","9":"pa_yayinevi-utopya-yayinevi","10":"pa_yazar-utopya-yayinevi-kolektif","12":"first","13":"instock","14":"sale","15":"shipping-taxable","16":"purchasable","17":"product-type-simple"},"_links":{"self":[{"href":"https:\/\/roveyayinevi.com.tr\/index.php\/wp-json\/wp\/v2\/product\/727017","targetHints":{"allow":["GET"]}}],"collection":[{"href":"https:\/\/roveyayinevi.com.tr\/index.php\/wp-json\/wp\/v2\/product"}],"about":[{"href":"https:\/\/roveyayinevi.com.tr\/index.php\/wp-json\/wp\/v2\/types\/product"}],"wp:attachment":[{"href":"https:\/\/roveyayinevi.com.tr\/index.php\/wp-json\/wp\/v2\/media?parent=727017"}],"wp:term":[{"taxonomy":"product_brand","embeddable":true,"href":"https:\/\/roveyayinevi.com.tr\/index.php\/wp-json\/wp\/v2\/product_brand?post=727017"},{"taxonomy":"product_cat","embeddable":true,"href":"https:\/\/roveyayinevi.com.tr\/index.php\/wp-json\/wp\/v2\/product_cat?post=727017"},{"taxonomy":"product_tag","embeddable":true,"href":"https:\/\/roveyayinevi.com.tr\/index.php\/wp-json\/wp\/v2\/product_tag?post=727017"}],"curies":[{"name":"wp","href":"https:\/\/api.w.org\/{rel}","templated":true}]}}