{"id":727013,"date":"2025-08-27T20:15:22","date_gmt":"2025-08-27T17:15:22","guid":{"rendered":"https:\/\/roveyayinevi.com.tr\/index.php\/urun\/yunancada-sifatlar\/"},"modified":"2026-04-16T02:34:50","modified_gmt":"2026-04-15T23:34:50","slug":"yunancada-sifatlar","status":"publish","type":"product","link":"https:\/\/roveyayinevi.com.tr\/index.php\/urun\/yunancada-sifatlar\/","title":{"rendered":"Yunancada S\u0131fatlar"},"content":{"rendered":"<p>Hasan Kaili, 1974 y\u0131l\u0131nda Rodos\u2019ta do\u011fdu. Lisans ve Y\u00fcksek Lisans e\u011fitimini Ege \u00dcniversitesi, \u0130ngiliz Dili ve Edebiyat\u0131 B\u00f6l\u00fcm\u00fc\u2019nde tamamlad\u0131. Doktora e\u011fitimini ise Yunanca ve T\u00fcrk\u00e7ede ad i\u015flevli yant\u00fcmcelerin kar\u015f\u0131la\u015ft\u0131r\u0131lmal\u0131 \u00e7\u00f6z\u00fcmlemesi ve yabanc\u0131 dil olarak T\u00fcrk\u00e7e ad i\u015flevli yant\u00fcmcelerin Yunanca konu\u015fucular\u0131na \u00f6\u011fretimi ile Yunanca konu\u015fucular taraf\u0131ndan \u00f6\u011frenimi adl\u0131 teziyle Atina     \u00dcniversitesi, Yunan Dili, Dilbilim Anabilim Dal\u0131\u2019nda tamamlad\u0131.            2001-2013 y\u0131llar\u0131 aras\u0131nda Yunanistan\u2019daki Aegean (Ege) \u00dcniversitesi\u2019nde, 2004-2006 y\u0131llar\u0131 aras\u0131nda paralel olarak Atina \u00dcniversitesi\u2019nde ve 2014-2019 y\u0131llar\u0131 aras\u0131nda Ankara \u00dcniversitesi, \u00c7a\u011fda\u015f Yunan Dili ve Edebiyat\u0131 B\u00f6l\u00fcm\u00fc\u2019nde \u00f6\u011fretim g\u00f6revlisi olarak \u00e7al\u0131\u015ft\u0131. Halen Yunanistan\u2019daki Aegean (Ege) \u00dcniversitesi\u2019nde Anadil ve \u0130kinci \/ Yabanc\u0131 Dil Analizi ve \u00d6\u011fretimi adl\u0131 y\u00fcksek lisans program\u0131nda ders vermektedir. Yazar\u0131n T\u00fcrk\u00e7enin ko\u015ful t\u00fcmceleri ile ilgili Farazi (2016) ve Yunancada S\u0131fatlar (2020) adl\u0131 kitaplar\u0131 yay\u0131mlanm\u0131\u015ft\u0131r. Ayr\u0131ca dil \u00f6\u011fretimi ve Rodos\u2019taki T\u00fcrk\u00e7e ve Yunancada iki dilli toplulukla ilgili \u00e7e\u015fitli bilimsel dergilerde ve konferans bildiri kitaplar\u0131nda makaleleri bulunmaktad\u0131r.<\/p>\n","protected":false},"excerpt":{"rendered":"<p>Hasan Kaili, 1974 y\u0131l\u0131nda Rodos\u2019ta do\u011fdu. Lisans ve Y\u00fcksek Lisans e\u011fitimini Ege \u00dcniversitesi, \u0130ngiliz Dili ve Edebiyat\u0131 B\u00f6l\u00fcm\u00fc\u2019nde tamamlad\u0131. Doktora e\u011fitimini ise Yunanca ve T\u00fcrk\u00e7ede ad<span class=\"excerpt-hellip\"> [\u2026]<\/span><\/p>\n","protected":false},"featured_media":0,"template":"","meta":{"_monsterinsights_skip_tracking":false,"_monsterinsights_sitenote_active":false,"_monsterinsights_sitenote_note":"","_monsterinsights_sitenote_category":0},"product_brand":[],"product_cat":[25522,14597,12566],"product_tag":[],"class_list":{"0":"post-727013","1":"product","2":"type-product","3":"status-publish","5":"product_cat-diger-diller","6":"product_cat-dil-ogrenimi","7":"product_cat-egitim","8":"pa_cilt-ciltsiz","9":"pa_tur-kitap","10":"pa_yayinevi-delta-kultur-yayinevi","11":"pa_yazar-hasan-kaili","13":"first","14":"instock","15":"sale","16":"shipping-taxable","17":"purchasable","18":"product-type-simple"},"_links":{"self":[{"href":"https:\/\/roveyayinevi.com.tr\/index.php\/wp-json\/wp\/v2\/product\/727013","targetHints":{"allow":["GET"]}}],"collection":[{"href":"https:\/\/roveyayinevi.com.tr\/index.php\/wp-json\/wp\/v2\/product"}],"about":[{"href":"https:\/\/roveyayinevi.com.tr\/index.php\/wp-json\/wp\/v2\/types\/product"}],"wp:attachment":[{"href":"https:\/\/roveyayinevi.com.tr\/index.php\/wp-json\/wp\/v2\/media?parent=727013"}],"wp:term":[{"taxonomy":"product_brand","embeddable":true,"href":"https:\/\/roveyayinevi.com.tr\/index.php\/wp-json\/wp\/v2\/product_brand?post=727013"},{"taxonomy":"product_cat","embeddable":true,"href":"https:\/\/roveyayinevi.com.tr\/index.php\/wp-json\/wp\/v2\/product_cat?post=727013"},{"taxonomy":"product_tag","embeddable":true,"href":"https:\/\/roveyayinevi.com.tr\/index.php\/wp-json\/wp\/v2\/product_tag?post=727013"}],"curies":[{"name":"wp","href":"https:\/\/api.w.org\/{rel}","templated":true}]}}