{"id":726997,"date":"2025-08-27T20:15:08","date_gmt":"2025-08-27T17:15:08","guid":{"rendered":"https:\/\/roveyayinevi.com.tr\/index.php\/urun\/yabancilar-icin-turkce-ogrenme-kitabi-a2\/"},"modified":"2026-04-16T02:34:50","modified_gmt":"2026-04-15T23:34:50","slug":"yabancilar-icin-turkce-ogrenme-kitabi-a2","status":"publish","type":"product","link":"https:\/\/roveyayinevi.com.tr\/index.php\/urun\/yabancilar-icin-turkce-ogrenme-kitabi-a2\/","title":{"rendered":"Yabanc\u0131lar \u0130\u00e7in T\u00fcrk\u00e7e \u00d6\u011frenme Kitab\u0131 A2"},"content":{"rendered":"<p>Bu kitab\u0131n temel amac\u0131; T\u00fcrkiye ve yurtd\u0131\u015f\u0131nda T\u00fcrk\u00e7eyi yabanc\u0131 dil olarak \u00f6\u011frenmek isteyen yeti\u015fkinlerin T\u00fcrk dili ve k\u00fclt\u00fcr\u00fc hakk\u0131nda bilgi edinmelerine yard\u0131mc\u0131 olmakt\u0131r. Kitap, \u00f6\u011frenenlerin T\u00fcrk\u00e7eyi kendi kendilerine \u00f6\u011frenmelerini kolayla\u015ft\u0131rmak amac\u0131yla, ara dil olarak \u0130ngilizce a\u00e7\u0131klamalarla desteklenmi\u015ftir.<\/p>\n","protected":false},"excerpt":{"rendered":"<p>Bu kitab\u0131n temel amac\u0131; T\u00fcrkiye ve yurtd\u0131\u015f\u0131nda T\u00fcrk\u00e7eyi yabanc\u0131 dil olarak \u00f6\u011frenmek isteyen yeti\u015fkinlerin T\u00fcrk dili ve k\u00fclt\u00fcr\u00fc hakk\u0131nda bilgi edinmelerine yard\u0131mc\u0131 olmakt\u0131r. Kitap, \u00f6\u011frenenlerin T\u00fcrk\u00e7eyi<span class=\"excerpt-hellip\"> [\u2026]<\/span><\/p>\n","protected":false},"featured_media":0,"template":"","meta":{"_monsterinsights_skip_tracking":false,"_monsterinsights_sitenote_active":false,"_monsterinsights_sitenote_note":"","_monsterinsights_sitenote_category":0},"product_brand":[],"product_cat":[14597,12566,32356],"product_tag":[],"class_list":{"0":"post-726997","1":"product","2":"type-product","3":"status-publish","5":"product_cat-dil-ogrenimi","6":"product_cat-egitim","7":"product_cat-turkce","8":"pa_cilt-ciltsiz","9":"pa_tur-kitap","10":"pa_yayinevi-ani-yayincilik","11":"pa_yazar-ani-yayincilik-kolektif","13":"first","14":"instock","15":"sale","16":"shipping-taxable","17":"purchasable","18":"product-type-simple"},"_links":{"self":[{"href":"https:\/\/roveyayinevi.com.tr\/index.php\/wp-json\/wp\/v2\/product\/726997","targetHints":{"allow":["GET"]}}],"collection":[{"href":"https:\/\/roveyayinevi.com.tr\/index.php\/wp-json\/wp\/v2\/product"}],"about":[{"href":"https:\/\/roveyayinevi.com.tr\/index.php\/wp-json\/wp\/v2\/types\/product"}],"wp:attachment":[{"href":"https:\/\/roveyayinevi.com.tr\/index.php\/wp-json\/wp\/v2\/media?parent=726997"}],"wp:term":[{"taxonomy":"product_brand","embeddable":true,"href":"https:\/\/roveyayinevi.com.tr\/index.php\/wp-json\/wp\/v2\/product_brand?post=726997"},{"taxonomy":"product_cat","embeddable":true,"href":"https:\/\/roveyayinevi.com.tr\/index.php\/wp-json\/wp\/v2\/product_cat?post=726997"},{"taxonomy":"product_tag","embeddable":true,"href":"https:\/\/roveyayinevi.com.tr\/index.php\/wp-json\/wp\/v2\/product_tag?post=726997"}],"curies":[{"name":"wp","href":"https:\/\/api.w.org\/{rel}","templated":true}]}}