{"id":726982,"date":"2025-08-27T20:14:54","date_gmt":"2025-08-27T17:14:54","guid":{"rendered":"https:\/\/roveyayinevi.com.tr\/index.php\/urun\/kotu-soz-soylemeyi-kim-ister-ki-ertugrul\/"},"modified":"2026-04-16T02:34:49","modified_gmt":"2026-04-15T23:34:49","slug":"kotu-soz-soylemeyi-kim-ister-ki-ertugrul","status":"publish","type":"product","link":"https:\/\/roveyayinevi.com.tr\/index.php\/urun\/kotu-soz-soylemeyi-kim-ister-ki-ertugrul\/","title":{"rendered":"K\u00f6t\u00fc S\u00f6z S\u00f6ylemeyi Kim \u0130ster ki? &#8211; Ertu\u011frul"},"content":{"rendered":"<p>Dostum, sen de g\u00fczel \u015feyler s\u00f6yledi\u011finde kendini iyi hissediyor musun? Ben hissediyorum. Hatta \u00f6yle ki bazen etraf\u0131mda \u00e7i\u00e7ekler a\u00e7\u0131yor, kelebekler u\u00e7u\u015fuyor gibi oluyor.Tabii bir de bunun tam tersi durum var. K\u00f6t\u00fc s\u00f6z s\u00f6yledi\u011fimizde olanlar\u2026Ama merak etme. Ben bu sorunu da hallettim her zamanki gibi.\u00c7ok kolay asl\u0131nda. Nas\u0131l m\u0131?Haydi \u00e7evir sayfalar\u0131, \u00f6\u011fren s\u0131rr\u0131m\u0131.<\/p>\n","protected":false},"excerpt":{"rendered":"<p>Dostum, sen de g\u00fczel \u015feyler s\u00f6yledi\u011finde kendini iyi hissediyor musun? Ben hissediyorum. Hatta \u00f6yle ki bazen etraf\u0131mda \u00e7i\u00e7ekler a\u00e7\u0131yor, kelebekler u\u00e7u\u015fuyor gibi oluyor.Tabii bir de bunun<span class=\"excerpt-hellip\"> [\u2026]<\/span><\/p>\n","protected":false},"featured_media":0,"template":"","meta":{"_monsterinsights_skip_tracking":false,"_monsterinsights_sitenote_active":false,"_monsterinsights_sitenote_note":"","_monsterinsights_sitenote_category":0},"product_brand":[],"product_cat":[12275,12274],"product_tag":[],"class_list":{"0":"post-726982","1":"product","2":"type-product","3":"status-publish","5":"product_cat-6-12-yas-kitaplari","6":"product_cat-cocuk-ve-genclik-kitaplari","7":"pa_cilt-ciltsiz","8":"pa_tur-kitap","9":"pa_yayinevi-acayip-kitaplar","10":"pa_yazar-oznur-colakoglu-cam","12":"first","13":"instock","14":"sale","15":"shipping-taxable","16":"purchasable","17":"product-type-simple"},"_links":{"self":[{"href":"https:\/\/roveyayinevi.com.tr\/index.php\/wp-json\/wp\/v2\/product\/726982","targetHints":{"allow":["GET"]}}],"collection":[{"href":"https:\/\/roveyayinevi.com.tr\/index.php\/wp-json\/wp\/v2\/product"}],"about":[{"href":"https:\/\/roveyayinevi.com.tr\/index.php\/wp-json\/wp\/v2\/types\/product"}],"wp:attachment":[{"href":"https:\/\/roveyayinevi.com.tr\/index.php\/wp-json\/wp\/v2\/media?parent=726982"}],"wp:term":[{"taxonomy":"product_brand","embeddable":true,"href":"https:\/\/roveyayinevi.com.tr\/index.php\/wp-json\/wp\/v2\/product_brand?post=726982"},{"taxonomy":"product_cat","embeddable":true,"href":"https:\/\/roveyayinevi.com.tr\/index.php\/wp-json\/wp\/v2\/product_cat?post=726982"},{"taxonomy":"product_tag","embeddable":true,"href":"https:\/\/roveyayinevi.com.tr\/index.php\/wp-json\/wp\/v2\/product_tag?post=726982"}],"curies":[{"name":"wp","href":"https:\/\/api.w.org\/{rel}","templated":true}]}}