{"id":726978,"date":"2025-08-27T20:14:51","date_gmt":"2025-08-27T17:14:51","guid":{"rendered":"https:\/\/roveyayinevi.com.tr\/index.php\/urun\/dusunmenin-alfabesi\/"},"modified":"2026-02-03T02:49:55","modified_gmt":"2026-02-02T23:49:55","slug":"dusunmenin-alfabesi","status":"publish","type":"product","link":"https:\/\/roveyayinevi.com.tr\/index.php\/urun\/dusunmenin-alfabesi\/","title":{"rendered":"D\u00fc\u015f\u00fcnmenin Alfabesi"},"content":{"rendered":"<p>Ya\u015fad\u0131\u011f\u0131m\u0131z \u00e7a\u011f bize emsalsiz miktarda bilgi, bir o kadar da karma\u015fa getiriyor. D\u00fc\u015f\u00fcncelerimizi sa\u011fl\u0131kl\u0131 bi\u00e7imde kurmak, safsatalara d\u00fc\u015fmekten ka\u00e7\u0131nmak hi\u00e7 olmad\u0131\u011f\u0131 kadar zor. Ele\u015ftirel d\u00fc\u015f\u00fcnce ba\u015fl\u0131 ba\u015f\u0131na bir disipline d\u00f6n\u00fc\u015fm\u00fc\u015f durumda. Yasin Ramazan, t\u00fcm bu ke\u015fmeke\u015f i\u00e7inde yolunu kaybetmeden tutarl\u0131 d\u00fc\u015f\u00fcnceler \u00fcretmeye \u00e7al\u0131\u015fan okura rehberlik etmeyi hedefliyor. D\u00fc\u015f\u00fcnmenin Alfabesi nas\u0131l mant\u0131kl\u0131 d\u00fc\u015f\u00fcnece\u011finizi \u00f6\u011fretmeyi hedeflese de bir mant\u0131k kitab\u0131 de\u011fil. Teorikten ziyade pratik, anlayarak yola koyulmay\u0131 te\u015fvik eden bir metin. Sadece ba\u015fkalar\u0131n\u0131n d\u00fc\u015f\u00fcncelerini kritik etmeyi de\u011fil, kendi \u00f6\u011frenme ve d\u00fc\u015f\u00fcnme ser\u00fcvenimizi de takip etmeyi ve gerekli iyile\u015ftirmeleri yaparak zenginle\u015ftirmeyi sal\u0131k veriyor. Tutarl\u0131 d\u00fc\u015f\u00fcncelerin yan\u0131 s\u0131ra sa\u011flam inan\u00e7lar elde etmemizin de yolu yine ele\u015ftirel d\u00fc\u015f\u00fcnceden ge\u00e7iyor.\u201cBu kitap, size ele\u015ftirel d\u00fc\u015f\u00fcnmeyi sevdirmeyi hedeflemiyor. Zaten, kitab\u0131 elinize al\u0131p kar\u0131\u015ft\u0131rd\u0131\u011f\u0131n\u0131za veya internet kitap\u00e7\u0131s\u0131nda sepete ekledi\u011finize g\u00f6re sistematik ve disiplinli d\u00fc\u015f\u00fcnme eksikli\u011fini hissediyor veya bildi\u011finiz halde bu alandaki geli\u015fmeleri merak ediyorsunuz demektir. Buradaki amac\u0131m\u0131z, g\u00fcnl\u00fck hayatta al\u0131\u015fkanl\u0131kla yapt\u0131\u011f\u0131m\u0131z ve zaman zaman ba\u015far\u0131l\u0131 oldu\u011fumuz d\u00fc\u015f\u00fcnme faaliyetini, profesyonel veya akademik hayata nas\u0131l ta\u015f\u0131yabilece\u011fimizi g\u00f6rmekten ibaret. Bu kitab\u0131 bir rehberden \u00e7ok bir tecr\u00fcbe aktar\u0131m\u0131 gibi d\u00fc\u015f\u00fcn\u00fcrseniz, kendi d\u00fc\u015f\u00fcnme ser\u00fcveninizde size e\u015flik etmesine izin verebilirsiniz.\u201d<\/p>\n","protected":false},"excerpt":{"rendered":"<p>Ya\u015fad\u0131\u011f\u0131m\u0131z \u00e7a\u011f bize emsalsiz miktarda bilgi, bir o kadar da karma\u015fa getiriyor. D\u00fc\u015f\u00fcncelerimizi sa\u011fl\u0131kl\u0131 bi\u00e7imde kurmak, safsatalara d\u00fc\u015fmekten ka\u00e7\u0131nmak hi\u00e7 olmad\u0131\u011f\u0131 kadar zor. Ele\u015ftirel d\u00fc\u015f\u00fcnce ba\u015fl\u0131<span class=\"excerpt-hellip\"> [\u2026]<\/span><\/p>\n","protected":false},"featured_media":0,"template":"","meta":{"_monsterinsights_skip_tracking":false,"_monsterinsights_sitenote_active":false,"_monsterinsights_sitenote_note":"","_monsterinsights_sitenote_category":0},"product_brand":[],"product_cat":[20351,12388],"product_tag":[],"class_list":{"0":"post-726978","1":"product","2":"type-product","3":"status-publish","5":"product_cat-dusunce","6":"product_cat-felsefe","7":"pa_cilt-ciltsiz","8":"pa_tur-kitap","9":"pa_yayinevi-babil-kitap","10":"pa_yazar-yasin-ramazan","12":"first","13":"instock","14":"sale","15":"shipping-taxable","16":"purchasable","17":"product-type-simple"},"_links":{"self":[{"href":"https:\/\/roveyayinevi.com.tr\/index.php\/wp-json\/wp\/v2\/product\/726978","targetHints":{"allow":["GET"]}}],"collection":[{"href":"https:\/\/roveyayinevi.com.tr\/index.php\/wp-json\/wp\/v2\/product"}],"about":[{"href":"https:\/\/roveyayinevi.com.tr\/index.php\/wp-json\/wp\/v2\/types\/product"}],"wp:attachment":[{"href":"https:\/\/roveyayinevi.com.tr\/index.php\/wp-json\/wp\/v2\/media?parent=726978"}],"wp:term":[{"taxonomy":"product_brand","embeddable":true,"href":"https:\/\/roveyayinevi.com.tr\/index.php\/wp-json\/wp\/v2\/product_brand?post=726978"},{"taxonomy":"product_cat","embeddable":true,"href":"https:\/\/roveyayinevi.com.tr\/index.php\/wp-json\/wp\/v2\/product_cat?post=726978"},{"taxonomy":"product_tag","embeddable":true,"href":"https:\/\/roveyayinevi.com.tr\/index.php\/wp-json\/wp\/v2\/product_tag?post=726978"}],"curies":[{"name":"wp","href":"https:\/\/api.w.org\/{rel}","templated":true}]}}