{"id":726975,"date":"2025-08-27T20:14:48","date_gmt":"2025-08-27T17:14:48","guid":{"rendered":"https:\/\/roveyayinevi.com.tr\/index.php\/urun\/ehveniser\/"},"modified":"2026-04-15T02:45:40","modified_gmt":"2026-04-14T23:45:40","slug":"ehveniser","status":"publish","type":"product","link":"https:\/\/roveyayinevi.com.tr\/index.php\/urun\/ehveniser\/","title":{"rendered":"Ehveni\u015fer"},"content":{"rendered":"<p>B\u00fcy\u00fck laf etmeyi seven ya\u015fl\u0131 bir kad\u0131n getirin g\u00f6z\u00fcn\u00fcz\u00fcn \u00f6n\u00fcne. K\u0131rk sene sonra, y\u00fcz\u00fcnde \u00e7ocuk g\u00fcl\u00fcmsemesiyle beni. Sakal\u0131 olmayana itibar etmeyenler i\u00e7in ya\u015flanm\u0131\u015f; fakat eksik etekli\u011fine m\u00fcdahalede bulunulamad\u0131\u011f\u0131 i\u00e7in s\u00f6yledi\u011fi hala sorgulanan beni. Hikayeler anlataca\u011f\u0131m size\u2026 Ama siz yine de benden duyduklar\u0131n\u0131za ya da sat\u0131r sat\u0131r, sayfa sayfa okuduklar\u0131n\u0131za de\u011fil; damarlar\u0131n\u0131za damla damla, yudum yudum zerk edilenlere inanacaks\u0131n\u0131z. \u0130nand\u0131klar\u0131n\u0131za raz\u0131 olup, bana burun k\u0131v\u0131racaks\u0131n\u0131z. \u00d6yle ya, \u201cEhveni\u015fer\u201din \u00e7ocuklar\u0131y\u0131z biz; kader daha bize \u00f6\u011fretilmemi\u015fken raz\u0131 olmay\u0131 \u00f6\u011frendik\u2026<\/p>\n","protected":false},"excerpt":{"rendered":"<p>B\u00fcy\u00fck laf etmeyi seven ya\u015fl\u0131 bir kad\u0131n getirin g\u00f6z\u00fcn\u00fcz\u00fcn \u00f6n\u00fcne. K\u0131rk sene sonra, y\u00fcz\u00fcnde \u00e7ocuk g\u00fcl\u00fcmsemesiyle beni. Sakal\u0131 olmayana itibar etmeyenler i\u00e7in ya\u015flanm\u0131\u015f; fakat eksik etekli\u011fine<span class=\"excerpt-hellip\"> [\u2026]<\/span><\/p>\n","protected":false},"featured_media":0,"template":"","meta":{"_monsterinsights_skip_tracking":false,"_monsterinsights_sitenote_active":false,"_monsterinsights_sitenote_note":"","_monsterinsights_sitenote_category":0},"product_brand":[],"product_cat":[12291,12711],"product_tag":[],"class_list":{"0":"post-726975","1":"product","2":"type-product","3":"status-publish","5":"product_cat-edebiyat","6":"product_cat-roman-oyku","7":"pa_cilt-ciltsiz","8":"pa_tur-kitap","9":"pa_yayinevi-perseus","10":"pa_yazar-elif-dogan","12":"first","13":"instock","14":"sale","15":"shipping-taxable","16":"purchasable","17":"product-type-simple"},"_links":{"self":[{"href":"https:\/\/roveyayinevi.com.tr\/index.php\/wp-json\/wp\/v2\/product\/726975","targetHints":{"allow":["GET"]}}],"collection":[{"href":"https:\/\/roveyayinevi.com.tr\/index.php\/wp-json\/wp\/v2\/product"}],"about":[{"href":"https:\/\/roveyayinevi.com.tr\/index.php\/wp-json\/wp\/v2\/types\/product"}],"wp:attachment":[{"href":"https:\/\/roveyayinevi.com.tr\/index.php\/wp-json\/wp\/v2\/media?parent=726975"}],"wp:term":[{"taxonomy":"product_brand","embeddable":true,"href":"https:\/\/roveyayinevi.com.tr\/index.php\/wp-json\/wp\/v2\/product_brand?post=726975"},{"taxonomy":"product_cat","embeddable":true,"href":"https:\/\/roveyayinevi.com.tr\/index.php\/wp-json\/wp\/v2\/product_cat?post=726975"},{"taxonomy":"product_tag","embeddable":true,"href":"https:\/\/roveyayinevi.com.tr\/index.php\/wp-json\/wp\/v2\/product_tag?post=726975"}],"curies":[{"name":"wp","href":"https:\/\/api.w.org\/{rel}","templated":true}]}}