{"id":726973,"date":"2025-08-27T20:14:46","date_gmt":"2025-08-27T17:14:46","guid":{"rendered":"https:\/\/roveyayinevi.com.tr\/index.php\/urun\/cok-uzaklardan-bir-hikaye\/"},"modified":"2026-04-03T02:42:18","modified_gmt":"2026-04-02T23:42:18","slug":"cok-uzaklardan-bir-hikaye","status":"publish","type":"product","link":"https:\/\/roveyayinevi.com.tr\/index.php\/urun\/cok-uzaklardan-bir-hikaye\/","title":{"rendered":"\u00c7ok Uzaklardan Bir Hikaye"},"content":{"rendered":"<p>Kimi verilen bir s\u00f6z u\u011fruna \u00f6lene dek bekler, kimi umutsuzdur, hemen pes eder. Bir mektupla ba\u015flad\u0131 her \u015fey. Eski, silik, okunaks\u0131z yaz\u0131lar\u0131 okunur hale getirdi\u011finde \u00fc\u015f\u00fc\u015ft\u00fc kafas\u0131na sorular. Gazeteci Mauri\u2019nin Avustralya\u2019dan \u00c7anakkale\u2019ye uzanan ve duygular\u0131 alt \u00fcst eden yolculu\u011funda umudun, inanman\u0131n ve ba\u011fl\u0131l\u0131\u011f\u0131n g\u00fcc\u00fcn\u00fc okuyacak, Mauri ile birlikte siz de dostlu\u011fun, sevginin ve vefan\u0131n ger\u00e7ek anlam\u0131n\u0131 \u00f6\u011freneceksiniz.<\/p>\n","protected":false},"excerpt":{"rendered":"<p>Kimi verilen bir s\u00f6z u\u011fruna \u00f6lene dek bekler, kimi umutsuzdur, hemen pes eder. Bir mektupla ba\u015flad\u0131 her \u015fey. Eski, silik, okunaks\u0131z yaz\u0131lar\u0131 okunur hale getirdi\u011finde \u00fc\u015f\u00fc\u015ft\u00fc<span class=\"excerpt-hellip\"> [\u2026]<\/span><\/p>\n","protected":false},"featured_media":0,"template":"","meta":{"_monsterinsights_skip_tracking":false,"_monsterinsights_sitenote_active":false,"_monsterinsights_sitenote_note":"","_monsterinsights_sitenote_category":0},"product_brand":[],"product_cat":[12291,12711],"product_tag":[],"class_list":{"0":"post-726973","1":"product","2":"type-product","3":"status-publish","5":"product_cat-edebiyat","6":"product_cat-roman-oyku","7":"pa_cilt-ciltsiz","8":"pa_tur-kitap","9":"pa_yayinevi-elpis-yayinlari","10":"pa_yazar-sahistan-sen","12":"first","13":"instock","14":"sale","15":"shipping-taxable","16":"purchasable","17":"product-type-simple"},"_links":{"self":[{"href":"https:\/\/roveyayinevi.com.tr\/index.php\/wp-json\/wp\/v2\/product\/726973","targetHints":{"allow":["GET"]}}],"collection":[{"href":"https:\/\/roveyayinevi.com.tr\/index.php\/wp-json\/wp\/v2\/product"}],"about":[{"href":"https:\/\/roveyayinevi.com.tr\/index.php\/wp-json\/wp\/v2\/types\/product"}],"wp:attachment":[{"href":"https:\/\/roveyayinevi.com.tr\/index.php\/wp-json\/wp\/v2\/media?parent=726973"}],"wp:term":[{"taxonomy":"product_brand","embeddable":true,"href":"https:\/\/roveyayinevi.com.tr\/index.php\/wp-json\/wp\/v2\/product_brand?post=726973"},{"taxonomy":"product_cat","embeddable":true,"href":"https:\/\/roveyayinevi.com.tr\/index.php\/wp-json\/wp\/v2\/product_cat?post=726973"},{"taxonomy":"product_tag","embeddable":true,"href":"https:\/\/roveyayinevi.com.tr\/index.php\/wp-json\/wp\/v2\/product_tag?post=726973"}],"curies":[{"name":"wp","href":"https:\/\/api.w.org\/{rel}","templated":true}]}}