{"id":726968,"date":"2025-08-27T20:14:42","date_gmt":"2025-08-27T17:14:42","guid":{"rendered":"https:\/\/roveyayinevi.com.tr\/index.php\/urun\/sonsuz-arti-bir\/"},"modified":"2026-04-16T02:34:49","modified_gmt":"2026-04-15T23:34:49","slug":"sonsuz-arti-bir","status":"publish","type":"product","link":"https:\/\/roveyayinevi.com.tr\/index.php\/urun\/sonsuz-arti-bir\/","title":{"rendered":"Sonsuz Art\u0131 Bir"},"content":{"rendered":"<p>\u201c\u0130\u00e7in \u00f6yle yaral\u0131 ki evreni ke\u015ffe \u00e7\u0131km\u0131\u015f bir astronot gibi i\u00e7 ac\u0131lar\u0131n\u0131n \u00e7ekimine kar\u015f\u0131 koya koya geziyorum ruhunun topra\u011f\u0131nda.\u201dNe \u00e7ok incitenin varm\u0131\u015f, ne \u00e7ok \u00f6ld\u00fcrm\u00fc\u015fler seni.Nas\u0131l oluyor, demeyin bana; \u00f6ld\u00fcrenler iyi bilir!Avu\u00e7lar\u0131mda hen\u00fcz s\u0131cak bir cinayetin faili me\u00e7hul kalp at\u0131\u015flar\u0131. Dilimde ezber etti\u011fim dualar, yan\u0131 ba\u015f\u0131mda daha \u00f6nce hi\u00e7 tan\u0131mad\u0131\u011f\u0131m korkular.Ruhumun duvarlar\u0131nda yank\u0131lanan ses sonra,Hesap sor onlardan! Ben giderken sana \u201ckendimi\u201d emanet ettim.\u201cKa\u00e7mak m\u00fcmk\u00fcn de\u011fildi.Yine ayn\u0131 senaryonun ba\u015frol\u00fcnde olacakt\u0131k belki.Sadece al\u00fcminyum folyolara sar\u0131lm\u0131\u015f kahraman sand\u0131\u011f\u0131m\u0131z karakterler de\u011fi\u015fecekti!\u201dBirbirimizi kaybederek arad\u0131k, yitirerek tamamlad\u0131k.\u0130yi mi yapt\u0131k, k\u00f6t\u00fc m\u00fc; bilemedik.Akl\u0131 ba\u015f\u0131nda sevmeyi hi\u00e7 beceremedik!G\u00fczel \u015feyler dahi yaz\u0131lm\u0131\u015f olsa kadere, betimlemelere tak\u0131l\u0131p, d\u00fc\u015f\u00fcp kavgaya tutu\u015ftuk, yang\u0131n\u0131 ba\u015flatan saman \u00e7\u00f6p\u00fcn\u00fc ba\u011f\u0131ms\u0131zla\u015ft\u0131r\u0131p hakem tuttuk. Aln\u0131m\u0131za yaz\u0131lan\u0131 \u015feytan bile okuyup anlad\u0131 da biz anlamak i\u00e7in hatim indirdik.<\/p>\n","protected":false},"excerpt":{"rendered":"<p>\u201c\u0130\u00e7in \u00f6yle yaral\u0131 ki evreni ke\u015ffe \u00e7\u0131km\u0131\u015f bir astronot gibi i\u00e7 ac\u0131lar\u0131n\u0131n \u00e7ekimine kar\u015f\u0131 koya koya geziyorum ruhunun topra\u011f\u0131nda.\u201dNe \u00e7ok incitenin varm\u0131\u015f, ne \u00e7ok \u00f6ld\u00fcrm\u00fc\u015fler seni.Nas\u0131l<span class=\"excerpt-hellip\"> [\u2026]<\/span><\/p>\n","protected":false},"featured_media":0,"template":"","meta":{"_monsterinsights_skip_tracking":false,"_monsterinsights_sitenote_active":false,"_monsterinsights_sitenote_note":"","_monsterinsights_sitenote_category":0},"product_brand":[],"product_cat":[75065,12291],"product_tag":[],"class_list":{"0":"post-726968","1":"product","2":"type-product","3":"status-publish","5":"product_cat-aforizmalar","6":"product_cat-edebiyat","7":"pa_cilt-ciltsiz","8":"pa_tur-kitap","9":"pa_yayinevi-vaveyla-yayincilik","10":"pa_yazar-secil-tekin","12":"first","13":"instock","14":"sale","15":"shipping-taxable","16":"purchasable","17":"product-type-simple"},"_links":{"self":[{"href":"https:\/\/roveyayinevi.com.tr\/index.php\/wp-json\/wp\/v2\/product\/726968","targetHints":{"allow":["GET"]}}],"collection":[{"href":"https:\/\/roveyayinevi.com.tr\/index.php\/wp-json\/wp\/v2\/product"}],"about":[{"href":"https:\/\/roveyayinevi.com.tr\/index.php\/wp-json\/wp\/v2\/types\/product"}],"wp:attachment":[{"href":"https:\/\/roveyayinevi.com.tr\/index.php\/wp-json\/wp\/v2\/media?parent=726968"}],"wp:term":[{"taxonomy":"product_brand","embeddable":true,"href":"https:\/\/roveyayinevi.com.tr\/index.php\/wp-json\/wp\/v2\/product_brand?post=726968"},{"taxonomy":"product_cat","embeddable":true,"href":"https:\/\/roveyayinevi.com.tr\/index.php\/wp-json\/wp\/v2\/product_cat?post=726968"},{"taxonomy":"product_tag","embeddable":true,"href":"https:\/\/roveyayinevi.com.tr\/index.php\/wp-json\/wp\/v2\/product_tag?post=726968"}],"curies":[{"name":"wp","href":"https:\/\/api.w.org\/{rel}","templated":true}]}}