{"id":726960,"date":"2025-08-27T20:14:36","date_gmt":"2025-08-27T17:14:36","guid":{"rendered":"https:\/\/roveyayinevi.com.tr\/index.php\/urun\/efil-ekonomi-arastirmalari-dergisi-cilt-3-sayi-10-11\/"},"modified":"2026-04-16T02:34:49","modified_gmt":"2026-04-15T23:34:49","slug":"efil-ekonomi-arastirmalari-dergisi-cilt-3-sayi-10-11","status":"publish","type":"product","link":"https:\/\/roveyayinevi.com.tr\/index.php\/urun\/efil-ekonomi-arastirmalari-dergisi-cilt-3-sayi-10-11\/","title":{"rendered":"Efil Ekonomi Ara\u015ft\u0131rmalar\u0131 Dergisi Cilt: 3 Say\u0131  10-11"},"content":{"rendered":"<p>Bu say\u0131m\u0131zda: Is Women\u2019s Political Empowerment Affecting COVID-19 Mortality? Arzu Akkoyunlu Wigley, Simon Wigley Acil Servis Departman\u0131n\u0131n Ajan Bazl\u0131 Modelleme ile Optimizasyonu Ercan Eren, Demet Topal Ko\u00e7 Demografik Unsurlar ile Mali Bask\u0131nl\u0131k Etkile\u015fim Analizi: BRICT \u00dclkeleri Deneyimi Salih Bar\u0131\u015f\u0131k, Ebru Karkac\u0131er Contribution of Foreign Direct Investment to Mexico\u2019s Economic Growth during NAFTA Years (1994 -2019) Julen Berasaluce, Jose Antonio Romero Book Review: Turkey in Turmoil, Social Change and Political Radicalization during the 1960s Fikret \u015eenses<\/p>\n","protected":false},"excerpt":{"rendered":"<p>Bu say\u0131m\u0131zda: Is Women\u2019s Political Empowerment Affecting COVID-19 Mortality? Arzu Akkoyunlu Wigley, Simon Wigley Acil Servis Departman\u0131n\u0131n Ajan Bazl\u0131 Modelleme ile Optimizasyonu Ercan Eren, Demet Topal<span class=\"excerpt-hellip\"> [\u2026]<\/span><\/p>\n","protected":false},"featured_media":0,"template":"","meta":{"_monsterinsights_skip_tracking":false,"_monsterinsights_sitenote_active":false,"_monsterinsights_sitenote_note":"","_monsterinsights_sitenote_category":0},"product_brand":[],"product_cat":[13527],"product_tag":[],"class_list":{"0":"post-726960","1":"product","2":"type-product","3":"status-publish","5":"product_cat-sureli-yayinlar","6":"pa_cilt-ciltsiz","7":"pa_tur-dergi","8":"pa_yayinevi-efil-yayinevi-dergi","9":"pa_yazar-efil-yayinevi-kolektif","11":"first","12":"instock","13":"sale","14":"shipping-taxable","15":"purchasable","16":"product-type-simple"},"_links":{"self":[{"href":"https:\/\/roveyayinevi.com.tr\/index.php\/wp-json\/wp\/v2\/product\/726960","targetHints":{"allow":["GET"]}}],"collection":[{"href":"https:\/\/roveyayinevi.com.tr\/index.php\/wp-json\/wp\/v2\/product"}],"about":[{"href":"https:\/\/roveyayinevi.com.tr\/index.php\/wp-json\/wp\/v2\/types\/product"}],"wp:attachment":[{"href":"https:\/\/roveyayinevi.com.tr\/index.php\/wp-json\/wp\/v2\/media?parent=726960"}],"wp:term":[{"taxonomy":"product_brand","embeddable":true,"href":"https:\/\/roveyayinevi.com.tr\/index.php\/wp-json\/wp\/v2\/product_brand?post=726960"},{"taxonomy":"product_cat","embeddable":true,"href":"https:\/\/roveyayinevi.com.tr\/index.php\/wp-json\/wp\/v2\/product_cat?post=726960"},{"taxonomy":"product_tag","embeddable":true,"href":"https:\/\/roveyayinevi.com.tr\/index.php\/wp-json\/wp\/v2\/product_tag?post=726960"}],"curies":[{"name":"wp","href":"https:\/\/api.w.org\/{rel}","templated":true}]}}